CRAN Package Check Results for Package lmSupport

Last updated on 2014-04-24 23:48:06.

Flavor Version Tinstall Tcheck Ttotal Status Flags
r-devel-linux-x86_64-debian-clang 1.07.1 1.16 18.20 19.35 OK
r-devel-linux-x86_64-debian-gcc 1.07.1 1.25 18.21 19.46 OK
r-devel-linux-x86_64-fedora-clang 1.07.1 34.63 OK
r-devel-linux-x86_64-fedora-gcc 1.07.1 32.91 OK
r-devel-osx-x86_64-clang 1.07.1 35.90 OK
r-devel-osx-x86_64-gcc 1.07.1 ERROR
r-devel-windows-ix86+x86_64 1.07.1 5.00 30.00 35.00 OK
r-patched-linux-x86_64 1.07.1 1.13 18.10 19.23 OK
r-patched-solaris-sparc 1.07.1 196.60 OK
r-patched-solaris-x86 1.07.1 48.20 OK
r-release-linux-ix86 1.07.1 2.00 33.00 35.00 OK
r-release-linux-x86_64 1.07.1 1.14 18.53 19.67 OK
r-release-osx-x86_64-mavericks 1.07.1 WARN
r-release-osx-x86_64-snowleopard 1.07.1 ERROR
r-release-windows-ix86+x86_64 1.07.1 5.00 30.00 35.00 OK
r-oldrel-windows-ix86+x86_64 1.07.1 5.00 33.00 38.00 OK

Check Details

Version: 1.07.1
Check: package dependencies
Result: ERROR
    Package required but not available: ‘car’
    
    See the information on DESCRIPTION files in the chapter ‘Creating R
    packages’ of the ‘Writing R Extensions’ manual.
Flavor: r-devel-osx-x86_64-gcc

Version: 1.07.1
Check: PDF version of manual
Result: WARNING
    LaTeX errors when creating PDF version.
    This typically indicates Rd problems.
    LaTeX errors found:
    ! LaTeX Error: File `upquote.sty' not found.
    
    Type X to quit or <RETURN> to proceed,
    or enter new name. (Default extension: sty)
    
    94729e0/Rd2.tex:8: ==> Fatal error occurred, no output PDF file produced!
Flavor: r-release-osx-x86_64-mavericks

Version: 1.07.1
Check: whether package can be installed
Result: ERROR
    Installation failed.
    See ‘/Volumes/XT3/Builds/R-dev-web/QA/Simon/packages/snowleopard-x86_64/results/3.1/lmSupport.Rcheck/00install.out’ for details.
Flavor: r-release-osx-x86_64-snowleopard