CRAN Package Check Results for Package lmSupport

Last updated on 2014-08-02 03:50:55.

Flavor Version Tinstall Tcheck Ttotal Status Flags
r-devel-linux-x86_64-debian-clang 1.07.1 1.07 17.02 18.09 OK
r-devel-linux-x86_64-debian-gcc 1.07.1 1.05 16.73 17.78 OK
r-devel-linux-x86_64-fedora-clang 1.07.1 35.87 OK
r-devel-linux-x86_64-fedora-gcc 1.07.1 32.48 OK
r-devel-osx-x86_64-clang 1.07.1 35.68 OK
r-devel-windows-ix86+x86_64 1.07.1 4.00 29.00 33.00 OK
r-patched-linux-x86_64 1.07.1 1.08 16.80 17.88 OK
r-patched-solaris-sparc 1.07.1 257.90 OK
r-patched-solaris-x86 1.07.1 48.00 OK
r-release-linux-ix86 1.07.1 1.53 25.09 26.62 OK
r-release-linux-x86_64 1.07.1 1.09 17.21 18.30 OK
r-release-osx-x86_64-mavericks 1.07.1 OK
r-release-osx-x86_64-snowleopard 1.07.1 ERROR
r-release-windows-ix86+x86_64 1.07.1 9.00 43.00 52.00 OK
r-oldrel-windows-ix86+x86_64 1.07.1 9.00 46.00 55.00 OK

Check Details

Version: 1.07.1
Check: whether package can be installed
Result: ERROR
    Installation failed.
Flavor: r-release-osx-x86_64-snowleopard