CRAN Package Check Results for Package lmSupport

Last updated on 2015-07-07 17:47:40.

Flavor Version Tinstall Tcheck Ttotal Status Flags
r-devel-linux-x86_64-debian-clang 2.9.2 5.26 48.01 53.26 NOTE
r-devel-linux-x86_64-debian-gcc 2.9.2 4.40 48.67 53.07 NOTE
r-devel-linux-x86_64-fedora-clang 2.9.2 111.41 NOTE
r-devel-linux-x86_64-fedora-gcc 2.9.2 106.88 NOTE
r-devel-osx-x86_64-clang 2.9.2 93.57 OK
r-devel-windows-ix86+x86_64 2.9.2 15.00 78.00 93.00 NOTE
r-patched-linux-x86_64 2.9.2 4.63 48.88 53.50 OK
r-patched-solaris-sparc 2.9.2 632.80 OK
r-patched-solaris-x86 2.9.2 154.40 OK
r-release-linux-x86_64 2.9.2 4.38 48.09 52.47 OK
r-release-osx-x86_64-mavericks 2.9.2 OK
r-release-windows-ix86+x86_64 2.9.2 18.00 73.00 91.00 OK
r-oldrel-windows-ix86+x86_64 2.9.2 21.00 108.00 129.00 OK

Check Details

Version: 2.9.2
Check: R code for possible problems
Result: NOTE
    dfReadDat: no visible global function definition for ‘read.table’
    dfWriteDat: no visible global function definition for ‘write.table’
    figConfidenceBand: no visible global function definition for ‘col2rgb’
    figConfidenceBand: no visible global function definition for ‘polygon’
    figStripChart: no visible global function definition for ‘par’
    figStripChart: no visible global function definition for ‘stripchart’
    modelAssumptions: no visible global function definition for ‘dev.new’
    modelAssumptions: no visible global function definition for ‘par’
    modelAssumptions: no visible global function definition for ‘plot’
    modelAssumptions: no visible global function definition for ‘density’
    modelAssumptions: no visible global function definition for ‘rstudent’
    modelAssumptions: no visible global function definition for ‘lines’
    modelAssumptions: no visible global function definition for ‘dnorm’
    modelAssumptions: no visible global function definition for ‘sd’
    modelAssumptions: no visible global function definition for ‘abline’
    modelBoxCox: no visible global function definition for ‘pchisq’
    modelCaseAnalysis: no visible global function definition for ‘par’
    modelCaseAnalysis: no visible global function definition for ‘plot’
    modelCaseAnalysis: no visible global function definition for ‘hist’
    modelCaseAnalysis: no visible global function definition for ‘points’
    modelCaseAnalysis: no visible global function definition for ‘abline’
    modelCaseAnalysis: no visible global function definition for ‘sd’
    modelCaseAnalysis: no visible global function definition for ‘IQR’
    modelCaseAnalysis: no visible global function definition for ‘median’
    modelCaseAnalysis: no visible global function definition for ‘identify’
    modelCaseAnalysis: no visible global function definition for
     ‘hatvalues’
    modelCaseAnalysis: no visible global function definition for ‘rstudent’
    modelCaseAnalysis: no visible global function definition for ‘coef’
    modelCaseAnalysis: no visible global function definition for ‘qt’
    modelCaseAnalysis: no visible global function definition for
     ‘cooks.distance’
    modelCaseAnalysis: no visible global function definition for ‘qf’
    modelCaseAnalysis: no visible global function definition for ‘dfbetas’
    modelCaseAnalysis: no visible global function definition for ‘covratio’
    modelCompare: no visible global function definition for ‘residuals’
    modelCompare: no visible global function definition for ‘coef’
    modelCompare: no visible global function definition for ‘terms’
    modelCompare: no visible global function definition for ‘pf’
    modelCorrectSE: no visible global function definition for ‘pt’
    modelEffectSizes: no visible global function definition for ‘residuals’
    modelErrors: no visible global function definition for ‘residuals’
    modelPredictions: no visible global function definition for
     ‘fitted.values’
    modelPredictions: no visible global function definition for ‘pt’
    modelPredictions: no visible global function definition for ‘predict’
    modelR2: no visible global function definition for ‘pf’
    modelSummary: no visible global function definition for ‘printCoefmat’
    modelSummary: no visible global function definition for ‘nobs’
    modelSummary: no visible global function definition for ‘AIC’
    modelSummary: no visible global function definition for ‘BIC’
    modelSummary: no visible global function definition for ‘logLik’
    modelSummary: no visible global function definition for ‘deviance’
    varContrasts: no visible global function definition for
     ‘contr.treatment’
    varContrasts: no visible global function definition for ‘contr.sum’
    varContrasts: no visible global function definition for ‘contr.helmert’
    varPlot: no visible global function definition for ‘par’
    varPlot: no visible global function definition for ‘hist’
    varPlot: no visible global function definition for ‘rug’
    varPlot: no visible global function definition for ‘density’
    varPlot: no visible global function definition for ‘lines’
    varPlot: no visible global function definition for ‘identify’
    varRegressors: no visible global function definition for ‘model.matrix’
    varRegressors: no visible global function definition for ‘as.formula’
    Undefined global functions or variables:
     AIC BIC IQR abline as.formula coef col2rgb contr.helmert contr.sum
     contr.treatment cooks.distance covratio density dev.new deviance
     dfbetas dnorm fitted.values hatvalues hist identify lines logLik
     median model.matrix nobs par pchisq pf plot points polygon predict
     printCoefmat pt qf qt read.table residuals rstudent rug sd stripchart
     terms write.table
Flavors: r-devel-linux-x86_64-debian-clang, r-devel-linux-x86_64-debian-gcc, r-devel-linux-x86_64-fedora-clang, r-devel-linux-x86_64-fedora-gcc, r-devel-windows-ix86+x86_64