CRAN Package Check Results for Package lmSupport

Last updated on 2014-07-26 08:50:51.

Flavor Version Tinstall Tcheck Ttotal Status Flags
r-devel-linux-x86_64-debian-clang 1.07.1 1.07 16.80 17.87 OK
r-devel-linux-x86_64-debian-gcc 1.07.1 1.12 16.62 17.74 OK
r-devel-linux-x86_64-fedora-clang 1.07.1 35.87 OK
r-devel-linux-x86_64-fedora-gcc 1.07.1 32.48 OK
r-devel-osx-x86_64-clang 1.07.1 35.36 OK
r-devel-windows-ix86+x86_64 1.07.1 6.00 30.00 36.00 OK
r-patched-linux-x86_64 1.07.1 1.05 16.74 17.79 OK
r-patched-solaris-sparc 1.07.1 196.60 OK
r-patched-solaris-x86 1.07.1 48.90 OK
r-release-linux-ix86 1.07.1 1.78 23.19 24.97 OK
r-release-linux-x86_64 1.07.1 1.10 16.96 18.06 OK
r-release-osx-x86_64-mavericks 1.07.1 OK
r-release-osx-x86_64-snowleopard 1.07.1 ERROR
r-release-windows-ix86+x86_64 1.07.1 5.00 30.00 35.00 OK
r-oldrel-windows-ix86+x86_64 1.07.1 6.00 33.00 39.00 OK

Check Details

Version: 1.07.1
Check: whether package can be installed
Result: ERROR
    Installation failed.
    See ‘/Volumes/XT3/Builds/R-dev-web/QA/Simon/packages/snowleopard-x86_64/results/3.1/lmSupport.Rcheck/00install.out’ for details.
Flavor: r-release-osx-x86_64-snowleopard