CRAN Package Check Results for Package lme4

Last updated on 2020-01-17 13:20:47 CET.

Flavor Version Tinstall Tcheck Ttotal Status Flags
r-devel-linux-x86_64-debian-clang 1.1-21 99.43 730.00 829.43 OK
r-devel-linux-x86_64-debian-gcc 1.1-21 74.13 541.13 615.26 OK
r-devel-linux-x86_64-fedora-clang 1.1-21 990.08 NOTE
r-devel-linux-x86_64-fedora-gcc 1.1-21 987.21 OK
r-devel-windows-ix86+x86_64 1.1-21 229.00 1735.00 1964.00 NOTE
r-devel-windows-ix86+x86_64-gcc8 1.1-21 188.00 1777.00 1965.00 NOTE
r-patched-linux-x86_64 1.1-21 89.91 653.84 743.75 OK
r-patched-solaris-x86 1.1-21 1234.80 NOTE
r-release-linux-x86_64 1.1-21 82.01 656.40 738.41 OK
r-release-windows-ix86+x86_64 1.1-21 232.00 1602.00 1834.00 NOTE
r-release-osx-x86_64 1.1-21 NOTE
r-oldrel-windows-ix86+x86_64 1.1-21 200.00 1226.00 1426.00 NOTE
r-oldrel-osx-x86_64 1.1-21 NOTE

Additional issues

gcc-UBSAN

Check Details

Version: 1.1-21
Check: installed package size
Result: NOTE
     installed size is 26.4Mb
     sub-directories of 1Mb or more:
     R 1.5Mb
     doc 2.4Mb
     libs 19.9Mb
     testdata 1.6Mb
Flavors: r-devel-linux-x86_64-fedora-clang, r-devel-windows-ix86+x86_64, r-devel-windows-ix86+x86_64-gcc8, r-patched-solaris-x86, r-release-windows-ix86+x86_64, r-release-osx-x86_64, r-oldrel-windows-ix86+x86_64, r-oldrel-osx-x86_64