CRAN Package Check Results for Package lme4

Last updated on 2017-10-17 23:48:34.

Flavor Version Tinstall Tcheck Ttotal Status Flags
r-devel-linux-x86_64-debian-clang 1.1-14 56.99 537.02 594.02 OK
r-devel-linux-x86_64-debian-gcc 1.1-14 58.96 552.34 611.29 OK
r-devel-linux-x86_64-fedora-clang 1.1-14 1174.14 NOTE
r-devel-linux-x86_64-fedora-gcc 1.1-14 1181.78 NOTE
r-devel-windows-ix86+x86_64 1.1-14 151.00 1375.00 1526.00 NOTE
r-patched-linux-x86_64 1.1-14 56.14 534.90 591.05 OK
r-patched-solaris-x86 1.1-14 1350.40 NOTE
r-release-linux-x86_64 1.1-14 56.24 528.37 584.61 OK
r-release-windows-ix86+x86_64 1.1-14 207.00 0.00 207.00 NOTE
r-release-osx-x86_64 1.1-14 NOTE
r-oldrel-windows-ix86+x86_64 1.1-14 190.00 1530.00 1720.00 NOTE
r-oldrel-osx-x86_64 1.1-14 NOTE

Check Details

Version: 1.1-14
Check: installed package size
Result: NOTE
     installed size is 27.0Mb
     sub-directories of 1Mb or more:
     doc 1.5Mb
     libs 21.9Mb
     testdata 1.5Mb
Flavors: r-devel-linux-x86_64-fedora-clang, r-devel-linux-x86_64-fedora-gcc, r-devel-windows-ix86+x86_64, r-patched-solaris-x86, r-release-windows-ix86+x86_64, r-release-osx-x86_64, r-oldrel-windows-ix86+x86_64, r-oldrel-osx-x86_64

Version: 1.1-14
Check: re-building of vignette outputs
Result: NOTE
    Error in re-building vignettes:
     ...
    Warning in test_latex_pkg("framed", system.file("misc", "framed.sty", package = "knitr")) :
     unable to find LaTeX package 'framed'; will use a copy from knitr
    Loading required package: Matrix
    Computing profile confidence intervals ...
    Warning in if (parm == "theta_") { :
     the condition has length > 1 and only the first element will be used
    Warning in if (parm == "beta_") { :
     the condition has length > 1 and only the first element will be used
    Computing bootstrap confidence intervals ...
    Error in texi2dvi(file = file, pdf = TRUE, clean = clean, quiet = quiet, :
     Running 'texi2dvi' on 'lmer.tex' failed.
    LaTeX errors:
    ! LaTeX Error: File `blkarray.sty' not found.
    
    Type X to quit or <RETURN> to proceed,
    or enter new name. (Default extension: sty)
    
    ! Emergency stop.
    <read *>
    
    l.62 \usepackage
     {array}^^M
    ! ==> Fatal error occurred, no output PDF file produced!
    Calls: buildVignettes -> texi2pdf -> texi2dvi
    Execution halted
Flavor: r-release-osx-x86_64

Version: 1.1-14
Check: re-building of vignette outputs
Result: NOTE
    Error in re-building vignettes:
     ...
     input string 785 is invalid in this locale
    Error in texi2dvi(file = file, pdf = TRUE, clean = clean, quiet = quiet, :
     Running 'texi2dvi' on 'lmer.tex' failed.
    LaTeX errors:
    ! Undefined control sequence.
    l.15 x<9c><ed>\Mh
     ^^TK^^P<ae><97>(q$<ee>؈!.L6^^L/($oYX^^Hx^^H<eb>!<a0>'o<de><<eb>ٓ^^A/<a2>O<f0>]ċ^^G<f5>^^]<84><e7>A...
    The control sequence at the end of the top line
    of your error message was never \def'ed. If you have
    ! LaTeX Error: Missing \begin{document}.
    
    See the LaTeX manual or LaTeX Companion for explanation.
    Type H <return> for immediate help.
     ...
    ! Missing $ inserted.
    <inserted text>
     $
    l.16 ...F<a0><ba>v<ed>Zggg<ad>V{<fd><fa>5^^Q9<8e>388866<a6><94><8a><e3>^^X<fd>^^]<c7><c1><83><ae>^
     <bd><9a>J<a5>l<db>v^^\^^G<9f>J<a9><87>^^O^^_<c6>q|...
    ! Extra }, or forgotten $.
    l.17 Ԓ<da>[}
     <b8>ӄ<f6><a0><9c>0^^L<89>(<9b><cd><e2>^^A<98><ce>0^^L<0b><85>^^BOm<b9>\^^^^^Z^^Z<8a><a2><88><a7>?<9b><cd>"@a<ce>0<8e>eYP{<a1>P<c0>O<<c8><e3>...
    I've deleted a group-closing
    Calls: buildVignettes -> texi2pdf -> texi2dvi
    Execution halted
Flavor: r-oldrel-osx-x86_64