CRAN Package Check Results for Package lme4

Last updated on 2016-08-26 09:53:47.

Flavor Version Tinstall Tcheck Ttotal Status Flags
r-devel-linux-x86_64-debian-clang 1.1-12 48.86 491.61 540.47 NOTE
r-devel-linux-x86_64-debian-gcc 1.1-12 62.44 597.92 660.36 NOTE
r-devel-linux-x86_64-fedora-clang 1.1-12 988.21 NOTE
r-devel-linux-x86_64-fedora-gcc 1.1-12 952.63 NOTE
r-devel-osx-x86_64-clang 1.1-12 649.28 NOTE
r-devel-windows-ix86+x86_64 1.1-12 180.00 1062.00 1242.00 ERROR
r-patched-linux-x86_64 1.1-12 41.67 490.67 532.35 NOTE
r-patched-solaris-sparc 1.1-12 5719.10 NOTE
r-patched-solaris-x86 1.1-12 1051.30 NOTE
r-release-linux-x86_64 1.1-12 41.99 501.78 543.77 NOTE
r-release-osx-x86_64-mavericks 1.1-12 NOTE
r-release-windows-ix86+x86_64 1.1-12 127.00 1065.00 1192.00 NOTE
r-oldrel-windows-ix86+x86_64 1.1-12 121.00 1215.00 1336.00 NOTE

Memtest notes: clang-UBSAN clang-UBSAN gcc6-UBSAN gcc6-UBSAN gcc7-UBSAN gcc7-UBSAN

Check Details

Version: 1.1-12
Check: installed package size
Result: NOTE
     installed size is 24.4Mb
     sub-directories of 1Mb or more:
     doc 1.8Mb
     libs 19.1Mb
     testdata 1.5Mb
Flavors: r-devel-linux-x86_64-debian-clang, r-devel-linux-x86_64-debian-gcc, r-devel-linux-x86_64-fedora-clang, r-devel-linux-x86_64-fedora-gcc, r-devel-osx-x86_64-clang, r-devel-windows-ix86+x86_64, r-patched-linux-x86_64, r-patched-solaris-sparc, r-patched-solaris-x86, r-release-linux-x86_64, r-release-osx-x86_64-mavericks, r-release-windows-ix86+x86_64, r-oldrel-windows-ix86+x86_64

Version: 1.1-12
Check: running tests for arch ‘i386’
Result: ERROR
    Running the tests in 'tests/AAAtest-all.R' failed.
    Last 13 lines of output:
     "214", "215", "216", "217", "218", "219", "220", "221", "222", "223", "224", "225",
     "226", "227", "228", "229", "230", "231", "232", "233", "234", "235", "236", "237",
     "238", "239", "240", "241", "242", "243", "244", "245", "246", "247", "248", "249",
     "250", "251", "252", "253", "254", "255", "256", "257", "258", "259", "260", "261",
     "262", "263", "264", "265", "266", "267", "268", "269", "270")))
     9: dimnamesGets(x, value)
     10: stop(gettextf("invalid dimnames given for %s object", dQuote(class(x))), domain = NA)
    
     testthat results ================================================================
     OK: 673 SKIPPED: 0 FAILED: 2
     1. Failure: other_NA (@test-NAhandling.R#129)
     2. Error: other_NA (@test-NAhandling.R#131)
    
     Error: testthat unit tests failed
     Execution halted
Flavor: r-devel-windows-ix86+x86_64

Version: 1.1-12
Check: running tests for arch ‘x64’
Result: ERROR
    Running the tests in 'tests/AAAtest-all.R' failed.
    Last 13 lines of output:
     "214", "215", "216", "217", "218", "219", "220", "221", "222", "223", "224", "225",
     "226", "227", "228", "229", "230", "231", "232", "233", "234", "235", "236", "237",
     "238", "239", "240", "241", "242", "243", "244", "245", "246", "247", "248", "249",
     "250", "251", "252", "253", "254", "255", "256", "257", "258", "259", "260", "261",
     "262", "263", "264", "265", "266", "267", "268", "269", "270")))
     9: dimnamesGets(x, value)
     10: stop(gettextf("invalid dimnames given for %s object", dQuote(class(x))), domain = NA)
    
     testthat results ================================================================
     OK: 673 SKIPPED: 0 FAILED: 2
     1. Failure: other_NA (@test-NAhandling.R#129)
     2. Error: other_NA (@test-NAhandling.R#131)
    
     Error: testthat unit tests failed
     Execution halted
Flavor: r-devel-windows-ix86+x86_64

Version: 1.1-12
Check: re-building of vignette outputs
Result: NOTE
    Error in re-building vignettes:
     ...
     input string 785 is invalid in this locale
    Error in texi2dvi(file = file, pdf = TRUE, clean = clean, quiet = quiet, :
     Running 'texi2dvi' on 'lmer.tex' failed.
    LaTeX errors:
    ! Undefined control sequence.
    l.15 x<9c><ed>\Mh
     ^^TK^^P<ae><97>(q$<ee>؈!.L6^^L/($oYX^^Hx^^H<eb>!<a0>'o<de><<eb>ٓ^^A/<a2>O<f0>]ċ^^G<f5>^^]<84><e7>A...
    The control sequence at the end of the top line
    of your error message was never \def'ed. If you have
    ! LaTeX Error: Missing \begin{document}.
    
    See the LaTeX manual or LaTeX Companion for explanation.
    Type H <return> for immediate help.
     ...
    ! Missing $ inserted.
    <inserted text>
     $
    l.16 ...F<a0><ba>v<ed>Zggg<ad>V{<fd><fa>5^^Q9<8e>388866<a6><94><8a><e3>^^X<fd>^^]<c7><c1><83><ae>^
     <bd><9a>J<a5>l<db>v^^\^^G<9f>J<a9><87>^^O^^_<c6>q|...
    ! Extra }, or forgotten $.
    l.17 Ԓ<da>[}
     <b8>ӄ<f6><a0><9c>0^^L<89>(<9b><cd><e2>^^A<98><ce>0^^L<0b><85>^^BOm<b9>\^^^^^Z^^Z<8a><a2><88><a7>?<9b><cd>"@a<ce>0<8e>eYP{<a1>P<c0>O<<c8><e3>...
    I've deleted a group-closing
    Calls: buildVignettes -> texi2pdf -> texi2dvi
    Execution halted
Flavor: r-release-osx-x86_64-mavericks