CRAN Package Check Results for Package lme4

Last updated on 2020-10-25 10:47:21 CET.

Flavor Version Tinstall Tcheck Ttotal Status Flags
r-devel-linux-x86_64-debian-clang 1.1-25 112.56 538.57 651.13 OK
r-devel-linux-x86_64-debian-gcc 1.1-25 86.90 390.10 477.00 OK
r-devel-linux-x86_64-fedora-clang 1.1-25 790.39 NOTE
r-devel-linux-x86_64-fedora-gcc 1.1-25 557.32 OK
r-devel-windows-ix86+x86_64 1.1-25 211.00 920.00 1131.00 NOTE
r-patched-linux-x86_64 1.1-23 99.56 723.74 823.30 OK
r-patched-solaris-x86 1.1-25 950.50 NOTE
r-release-linux-x86_64 1.1-23 104.54 720.09 824.63 OK
r-release-macos-x86_64 1.1-23 ERROR
r-release-windows-ix86+x86_64 1.1-23 169.00 1274.00 1443.00 NOTE
r-oldrel-macos-x86_64 1.1-25 NOTE
r-oldrel-windows-ix86+x86_64 1.1-25 140.00 723.00 863.00 NOTE

Check Details

Version: 1.1-25
Check: installed package size
Result: NOTE
     installed size is 26.0Mb
     sub-directories of 1Mb or more:
     R 1.5Mb
     doc 2.0Mb
     libs 20.5Mb
     testdata 1.3Mb
Flavors: r-devel-linux-x86_64-fedora-clang, r-devel-windows-ix86+x86_64, r-patched-solaris-x86, r-oldrel-macos-x86_64, r-oldrel-windows-ix86+x86_64

Version: 1.1-23
Check: installed package size
Result: NOTE
     installed size is 28.5Mb
     sub-directories of 1Mb or more:
     R 1.5Mb
     doc 2.4Mb
     libs 22.0Mb
     testdata 1.6Mb
Flavors: r-release-macos-x86_64, r-release-windows-ix86+x86_64

Version: 1.1-23
Check: tests
Result: ERROR
     Running ‘AAAtest-all.R’ [83s/122s]
    Running the tests in ‘tests/AAAtest-all.R’ failed.
    Last 13 lines of output:
     + test_check(pkg)
     + ##======== ^^^
     + print(warnings()) # TODO? catch most of these by expect_warning(..)
     + } else {
     + cat( "package 'testthat' not available, cannot run unit tests\n" )
     + }
     ── 1. Failure: missDataFun (@test-formulaEval.R#218) ──────────────────────────
     t2[["elapsed"]] is not less than 1/4 * t1[["elapsed"]]. Difference: 0.0375
    
     ══ testthat results ═══════════════════════════════════════════════════════════
     [ OK: 790 | SKIPPED: 0 | WARNINGS: 0 | FAILED: 1 ]
     1. Failure: missDataFun (@test-formulaEval.R#218)
    
     Error: testthat unit tests failed
     Execution halted
Flavor: r-release-macos-x86_64