CRAN Package Check Results for Package lme4

Last updated on 2021-10-22 22:56:36 CEST.

Flavor Version Tinstall Tcheck Ttotal Status Flags
r-devel-linux-x86_64-debian-clang 1.1-27.1 101.22 524.47 625.69 OK
r-devel-linux-x86_64-debian-gcc 1.1-27.1 77.58 390.10 467.68 OK
r-devel-linux-x86_64-fedora-clang 1.1-27.1 821.91 NOTE
r-devel-linux-x86_64-fedora-gcc 1.1-27.1 795.23 OK
r-devel-windows-x86_64 1.1-27.1 133.00 478.00 611.00 NOTE
r-devel-windows-x86_64-gcc10-UCRT 1.1-27.1 OK
r-patched-linux-x86_64 1.1-27.1 93.46 510.55 604.01 OK
r-patched-solaris-x86 1.1-27.1 940.60 NOTE
r-release-linux-x86_64 1.1-27.1 93.34 510.07 603.41 OK
r-release-macos-arm64 1.1-27.1 NOTE
r-release-macos-x86_64 1.1-27.1 NOTE
r-release-windows-ix86+x86_64 1.1-27.1 180.00 984.00 1164.00 NOTE
r-oldrel-macos-x86_64 1.1-27.1 NOTE
r-oldrel-windows-ix86+x86_64 1.1-27.1 229.00 724.00 953.00 NOTE

Check Details

Version: 1.1-27.1
Check: installed package size
Result: NOTE
     installed size is 24.9Mb
     sub-directories of 1Mb or more:
     R 1.5Mb
     doc 2.0Mb
     libs 19.3Mb
     testdata 1.3Mb
Flavors: r-devel-linux-x86_64-fedora-clang, r-devel-windows-x86_64, r-patched-solaris-x86, r-release-macos-arm64, r-release-macos-x86_64, r-release-windows-ix86+x86_64, r-oldrel-macos-x86_64, r-oldrel-windows-ix86+x86_64