CRAN Package Check Results for Package lme4

Last updated on 2021-01-17 21:46:39 CET.

Flavor Version Tinstall Tcheck Ttotal Status Flags
r-devel-linux-x86_64-debian-clang 1.1-26 125.33 525.20 650.53 OK
r-devel-linux-x86_64-debian-gcc 1.1-26 79.95 384.82 464.77 OK
r-devel-linux-x86_64-fedora-clang 1.1-26 771.95 NOTE
r-devel-linux-x86_64-fedora-gcc 1.1-26 764.15 OK
r-devel-windows-ix86+x86_64 1.1-26 169.00 554.00 723.00 NOTE
r-patched-linux-x86_64 1.1-26 91.57 484.94 576.51 OK
r-patched-solaris-x86 1.1-26 868.50 NOTE
r-release-linux-x86_64 1.1-26 93.22 486.16 579.38 OK
r-release-macos-x86_64 1.1-26 NOTE
r-release-windows-ix86+x86_64 1.1-26 189.00 502.00 691.00 NOTE
r-oldrel-macos-x86_64 1.1-26 NOTE
r-oldrel-windows-ix86+x86_64 1.1-26 195.00 602.00 797.00 NOTE

Check Details

Version: 1.1-26
Check: installed package size
Result: NOTE
     installed size is 26.1Mb
     sub-directories of 1Mb or more:
     R 1.5Mb
     doc 2.0Mb
     libs 20.5Mb
     testdata 1.3Mb
Flavors: r-devel-linux-x86_64-fedora-clang, r-devel-windows-ix86+x86_64, r-patched-solaris-x86, r-release-macos-x86_64, r-release-windows-ix86+x86_64, r-oldrel-macos-x86_64, r-oldrel-windows-ix86+x86_64