CRAN Package Check Results for Package lme4

Last updated on 2019-09-21 04:47:42 CEST.

Flavor Version Tinstall Tcheck Ttotal Status Flags
r-devel-linux-x86_64-debian-clang 1.1-21 94.49 668.45 762.94 OK
r-devel-linux-x86_64-debian-gcc 1.1-21 78.05 504.45 582.50 OK
r-devel-linux-x86_64-fedora-clang 1.1-21 901.84 NOTE
r-devel-linux-x86_64-fedora-gcc 1.1-21 900.24 OK
r-devel-windows-ix86+x86_64 1.1-21 198.00 1219.00 1417.00 FAIL
r-patched-linux-x86_64 1.1-21 82.48 653.46 735.94 OK
r-patched-solaris-x86 1.1-21 1225.30 NOTE
r-release-linux-x86_64 1.1-21 84.09 654.20 738.29 OK
r-release-windows-ix86+x86_64 1.1-21 152.00 1195.00 1347.00 NOTE
r-release-osx-x86_64 1.1-21 NOTE
r-oldrel-windows-ix86+x86_64 1.1-21 152.00 1225.00 1377.00 NOTE
r-oldrel-osx-x86_64 1.1-21 NOTE

Additional issues

gcc-UBSAN

Check Details

Version: 1.1-21
Check: installed package size
Result: NOTE
     installed size is 26.3Mb
     sub-directories of 1Mb or more:
     R 1.4Mb
     doc 2.4Mb
     libs 19.9Mb
     testdata 1.6Mb
Flavors: r-devel-linux-x86_64-fedora-clang, r-devel-windows-ix86+x86_64, r-patched-solaris-x86, r-release-windows-ix86+x86_64, r-release-osx-x86_64, r-oldrel-windows-ix86+x86_64, r-oldrel-osx-x86_64

Version: 1.1-21
Check: running tests for arch ‘x64’
Result: ERROR
     Running 'AAAtest-all.R' [175s]
     Running 'HSAURtrees.R' [2s]
     Running 'REMLdev.R' [3s]
     Running 'ST.R' [0s]
     Running 'agridat_gotway.R' [0s]
     Running 'bootMer.R' [0s]
     Running 'boundary.R' [0s]
     Running 'confint.R' [0s]
     Running 'devCritFun.R' [0s]
     Running 'devfunQ.R' [0s]
     Running 'drop.R' [0s]
     Running 'drop1contrasts.R' [0s]
     Running 'dynload.R' [0s]
     Running 'elston.R' [0s]
     Running 'evalCall.R' [0s]
     Running 'extras.R' [0s]
     Running 'falsezero_dorie.R' [0s]
     Running 'fewlevels.R' [0s]
     Running 'getME.R' [0s]
     Running 'glmer-1.R' [0s]
     Running 'glmerControlPass.R' [0s]
     Running 'glmerWarn.R' [0s]
     Running 'glmmExt.R' [0s]
     Running 'glmmWeights.R' [0s]
     Running 'hatvalues.R' [0s]
     Running 'is.R' [0s]
     Running 'lmList-tst.R' [0s]
     Running 'lme4_nlme.R' [0s]
     Running 'lmer-0.R' [0s]
     Running 'lmer-1.R' [0s]
     Running 'lmer-conv.R' [0s]
     Running 'lmer2_ex.R' [0s]
     Running 'methods.R' [0s]
     Running 'minval.R' [0s]
     Running 'modFormula.R' [0s]
     Running 'nbinom.R' [0s]
     Running 'nlmer-conv.R' [0s]
     Running 'nlmer.R' [0s]
     Running 'offset.R' [0s]
     Running 'optimizer.R' [0s]
     Running 'polytomous.R' [0s]
     Running 'prLogistic.R' [0s]
     Running 'predict_basis.R' [0s]
     Running 'predsim.R' [0s]
     Running 'priorWeights.R' [0s]
     Running 'priorWeightsModComp.R' [0s]
     Running 'profile-tst.R' [0s]
     Running 'refit.R' [0s]
     Running 'resids.R' [0s]
     Running 'respiratory.R' [0s]
     Running 'simulate.R' [0s]
     Running 'testOptControl.R' [0s]
     Running 'test_times.R' [0s]
     Running 'testcolonizer.R' [0s]
     Running 'testcrab.R' [0s]
     Running 'throw.R' [0s]
     Running 'utils.R' [0s]
     Running 'varcorr.R' [0s]
     Running 'vcov-etc.R' [0s]
Flavor: r-devel-windows-ix86+x86_64

Version: 1.1-21
Check: for unstated dependencies in vignettes
Result: FAIL
    
Flavor: r-devel-windows-ix86+x86_64