CRAN Package Check Results for Package lmeSplines

Last updated on 2017-03-30 09:47:53.

Flavor Version Tinstall Tcheck Ttotal Status Flags
r-devel-linux-x86_64-debian-clang 1.1-10 0.77 13.70 14.47 NOTE
r-devel-linux-x86_64-debian-gcc 1.1-10 0.81 13.88 14.69 NOTE
r-devel-linux-x86_64-fedora-clang 1.1-10 22.86 NOTE --no-stop-on-test-error
r-devel-linux-x86_64-fedora-gcc 1.1-10 22.00 NOTE --no-stop-on-test-error
r-devel-macos-x86_64-clang 1.1-10 20.29 NOTE --no-stop-on-test-error
r-devel-windows-ix86+x86_64 1.1-10 2.00 31.00 33.00 NOTE
r-patched-linux-x86_64 1.1-10 0.89 14.34 15.23 NOTE
r-patched-solaris-sparc 1.1-10 142.70 NOTE
r-patched-solaris-x86 1.1-10 37.50 NOTE
r-release-linux-x86_64 1.1-10 0.69 10.74 11.43 NOTE
r-release-osx-x86_64-mavericks 1.1-10 NOTE
r-release-windows-ix86+x86_64 1.1-10 7.00 28.00 35.00 NOTE
r-oldrel-windows-ix86+x86_64 1.1-10 7.00 67.00 74.00 NOTE

Check Details

Version: 1.1-10
Check: DESCRIPTION meta-information
Result: NOTE
    Malformed Title field: should not end in a period.
    Malformed Description field: should contain one or more complete sentences.
Flavors: r-devel-linux-x86_64-debian-clang, r-devel-linux-x86_64-debian-gcc, r-devel-windows-ix86+x86_64, r-patched-linux-x86_64, r-patched-solaris-sparc, r-patched-solaris-x86, r-release-linux-x86_64, r-release-osx-x86_64-mavericks, r-release-windows-ix86+x86_64, r-oldrel-windows-ix86+x86_64

Version: 1.1-10
Check: dependencies in R code
Result: NOTE
    Package in Depends field not imported from: ‘nlme’
     These packages need to be imported from (in the NAMESPACE file)
     for when this namespace is loaded but not attached.
Flavors: r-devel-linux-x86_64-debian-clang, r-devel-linux-x86_64-debian-gcc, r-devel-windows-ix86+x86_64, r-patched-linux-x86_64, r-patched-solaris-sparc, r-patched-solaris-x86, r-release-linux-x86_64, r-release-osx-x86_64-mavericks, r-release-windows-ix86+x86_64, r-oldrel-windows-ix86+x86_64

Version: 1.1-10
Check: R code for possible problems
Result: NOTE
    approx.Z : <anonymous>: no visible global function definition for
     ‘approx’
    smspline: no visible global function definition for ‘model.frame’
    Undefined global functions or variables:
     approx model.frame
    Consider adding
     importFrom("stats", "approx", "model.frame")
    to your NAMESPACE file.
Flavors: r-devel-linux-x86_64-debian-clang, r-devel-linux-x86_64-debian-gcc, r-devel-windows-ix86+x86_64, r-patched-linux-x86_64, r-patched-solaris-sparc, r-patched-solaris-x86, r-release-linux-x86_64, r-release-osx-x86_64-mavericks, r-release-windows-ix86+x86_64

Version: 1.1-10
Flags: --no-stop-on-test-error
Check: DESCRIPTION meta-information
Result: NOTE
    Malformed Title field: should not end in a period.
    Malformed Description field: should contain one or more complete sentences.
Flavors: r-devel-linux-x86_64-fedora-clang, r-devel-linux-x86_64-fedora-gcc, r-devel-macos-x86_64-clang

Version: 1.1-10
Flags: --no-stop-on-test-error
Check: dependencies in R code
Result: NOTE
    Package in Depends field not imported from: ‘nlme’
     These packages need to be imported from (in the NAMESPACE file)
     for when this namespace is loaded but not attached.
Flavors: r-devel-linux-x86_64-fedora-clang, r-devel-linux-x86_64-fedora-gcc, r-devel-macos-x86_64-clang

Version: 1.1-10
Flags: --no-stop-on-test-error
Check: R code for possible problems
Result: NOTE
    approx.Z : <anonymous>: no visible global function definition for
     ‘approx’
    smspline: no visible global function definition for ‘model.frame’
    Undefined global functions or variables:
     approx model.frame
    Consider adding
     importFrom("stats", "approx", "model.frame")
    to your NAMESPACE file.
Flavors: r-devel-linux-x86_64-fedora-clang, r-devel-linux-x86_64-fedora-gcc, r-devel-macos-x86_64-clang