CRAN Package Check Results for Package lmeSplines

Last updated on 2014-11-24 12:47:48.

Flavor Version Tinstall Tcheck Ttotal Status Flags
r-devel-linux-x86_64-debian-clang 1.1-10 0.73 12.34 13.07 NOTE
r-devel-linux-x86_64-debian-gcc 1.1-10 0.70 12.82 13.52 NOTE
r-devel-linux-x86_64-fedora-clang 1.1-10 26.72 NOTE
r-devel-linux-x86_64-fedora-gcc 1.1-10 25.97 NOTE
r-devel-osx-x86_64-clang 1.1-10 27.99 NOTE
r-devel-windows-ix86+x86_64 1.1-10 3.00 21.00 24.00 NOTE
r-patched-linux-x86_64 1.1-10 0.77 12.55 13.32 NOTE
r-patched-solaris-sparc 1.1-10 186.10 NOTE
r-patched-solaris-x86 1.1-10 38.90 NOTE
r-release-linux-ix86 1.1-10 0.98 18.50 19.48 NOTE
r-release-linux-x86_64 1.1-10 0.74 12.40 13.14 NOTE
r-release-osx-x86_64-mavericks 1.1-10 NOTE
r-release-osx-x86_64-snowleopard 1.1-10 OK
r-release-windows-ix86+x86_64 1.1-10 3.00 22.00 25.00 NOTE
r-oldrel-windows-ix86+x86_64 1.1-10 3.00 21.00 24.00 NOTE

Check Details

Version: 1.1-10
Check: dependencies in R code
Result: NOTE
    Package in Depends field not imported from: ‘nlme’
     These packages need to be imported from (in the NAMESPACE file)
     for when this namespace is loaded but not attached.
    See the information on DESCRIPTION files in the chapter ‘Creating R
    packages’ of the ‘Writing R Extensions’ manual.
Flavors: r-devel-linux-x86_64-debian-clang, r-devel-linux-x86_64-debian-gcc, r-devel-linux-x86_64-fedora-clang, r-devel-linux-x86_64-fedora-gcc, r-devel-osx-x86_64-clang, r-devel-windows-ix86+x86_64, r-patched-linux-x86_64, r-patched-solaris-sparc, r-patched-solaris-x86, r-release-linux-ix86, r-release-linux-x86_64, r-release-osx-x86_64-mavericks, r-release-windows-ix86+x86_64, r-oldrel-windows-ix86+x86_64