CRAN Package Check Results for Package lmeSplines

Last updated on 2015-05-23 06:46:48.

Flavor Version Tinstall Tcheck Ttotal Status Flags
r-devel-linux-x86_64-debian-clang 1.1-10 0.85 11.14 11.99 NOTE
r-devel-linux-x86_64-debian-gcc 1.1-10 0.62 10.86 11.48 NOTE
r-devel-linux-x86_64-fedora-clang 1.1-10 22.61 NOTE
r-devel-linux-x86_64-fedora-gcc 1.1-10 21.56 NOTE
r-devel-osx-x86_64-clang 1.1-10 25.86 NOTE
r-devel-windows-ix86+x86_64 1.1-10 2.00 21.00 23.00 NOTE
r-patched-linux-x86_64 1.1-10 0.63 11.63 12.26 NOTE
r-patched-solaris-sparc 1.1-10 141.40 NOTE
r-patched-solaris-x86 1.1-10 33.60 NOTE
r-release-linux-x86_64 1.1-10 0.62 11.00 11.63 NOTE
r-release-osx-x86_64-mavericks 1.1-10 NOTE
r-release-osx-x86_64-snowleopard 1.1-10 NOTE
r-release-windows-ix86+x86_64 1.1-10 3.00 21.00 24.00 NOTE
r-oldrel-windows-ix86+x86_64 1.1-10 3.00 23.00 26.00 NOTE

Check Details

Version: 1.1-10
Check: DESCRIPTION meta-information
Result: NOTE
    Malformed Title field: should not end in a period.
    Malformed Description field: should contain one or more complete sentences.
Flavors: r-devel-linux-x86_64-debian-clang, r-devel-linux-x86_64-debian-gcc, r-devel-linux-x86_64-fedora-clang, r-devel-linux-x86_64-fedora-gcc, r-devel-osx-x86_64-clang, r-devel-windows-ix86+x86_64, r-patched-linux-x86_64, r-patched-solaris-sparc, r-patched-solaris-x86, r-release-linux-x86_64, r-release-osx-x86_64-mavericks, r-release-osx-x86_64-snowleopard, r-release-windows-ix86+x86_64

Version: 1.1-10
Check: dependencies in R code
Result: NOTE
    Package in Depends field not imported from: ‘nlme’
     These packages need to be imported from (in the NAMESPACE file)
     for when this namespace is loaded but not attached.
Flavors: r-devel-linux-x86_64-debian-clang, r-devel-linux-x86_64-debian-gcc, r-devel-linux-x86_64-fedora-clang, r-devel-linux-x86_64-fedora-gcc, r-devel-osx-x86_64-clang, r-devel-windows-ix86+x86_64, r-patched-linux-x86_64, r-patched-solaris-sparc, r-patched-solaris-x86, r-release-linux-x86_64, r-release-osx-x86_64-mavericks, r-release-osx-x86_64-snowleopard, r-release-windows-ix86+x86_64, r-oldrel-windows-ix86+x86_64