CRAN Package Check Results for Package lmeSplines

Last updated on 2017-09-23 17:47:56.

Flavor Version Tinstall Tcheck Ttotal Status Flags
r-devel-linux-x86_64-debian-clang 1.1-10 0.81 14.26 15.07 NOTE
r-devel-linux-x86_64-debian-gcc 1.1-10 0.80 14.48 15.29 NOTE
r-devel-linux-x86_64-fedora-clang 1.1-10 23.74 NOTE
r-devel-linux-x86_64-fedora-gcc 1.1-10 22.47 NOTE
r-devel-windows-ix86+x86_64 1.1-10 3.00 30.00 33.00 NOTE
r-patched-linux-x86_64 1.1-10 0.89 14.24 15.13 NOTE
r-patched-solaris-x86 1.1-10 34.70 NOTE
r-release-linux-x86_64 1.1-10 0.78 14.60 15.38 NOTE
r-release-windows-ix86+x86_64 1.1-10 2.00 31.00 33.00 NOTE
r-release-osx-x86_64 1.1-10 NOTE
r-oldrel-windows-ix86+x86_64 1.1-10 2.00 31.00 33.00 NOTE
r-oldrel-osx-x86_64 1.1-10 NOTE

Check Details

Version: 1.1-10
Check: DESCRIPTION meta-information
Result: NOTE
    Malformed Title field: should not end in a period.
    Malformed Description field: should contain one or more complete sentences.
Flavors: r-devel-linux-x86_64-debian-clang, r-devel-linux-x86_64-debian-gcc, r-devel-linux-x86_64-fedora-clang, r-devel-linux-x86_64-fedora-gcc, r-devel-windows-ix86+x86_64, r-patched-linux-x86_64, r-patched-solaris-x86, r-release-linux-x86_64, r-release-windows-ix86+x86_64, r-release-osx-x86_64, r-oldrel-windows-ix86+x86_64, r-oldrel-osx-x86_64

Version: 1.1-10
Check: dependencies in R code
Result: NOTE
    Package in Depends field not imported from: ‘nlme’
     These packages need to be imported from (in the NAMESPACE file)
     for when this namespace is loaded but not attached.
Flavors: r-devel-linux-x86_64-debian-clang, r-devel-linux-x86_64-debian-gcc, r-devel-linux-x86_64-fedora-clang, r-devel-linux-x86_64-fedora-gcc, r-devel-windows-ix86+x86_64, r-patched-linux-x86_64, r-patched-solaris-x86, r-release-linux-x86_64, r-release-windows-ix86+x86_64, r-release-osx-x86_64, r-oldrel-windows-ix86+x86_64, r-oldrel-osx-x86_64

Version: 1.1-10
Check: R code for possible problems
Result: NOTE
    approx.Z : <anonymous>: no visible global function definition for
     ‘approx’
    smspline: no visible global function definition for ‘model.frame’
    Undefined global functions or variables:
     approx model.frame
    Consider adding
     importFrom("stats", "approx", "model.frame")
    to your NAMESPACE file.
Flavors: r-devel-linux-x86_64-debian-clang, r-devel-linux-x86_64-debian-gcc, r-devel-linux-x86_64-fedora-clang, r-devel-linux-x86_64-fedora-gcc, r-devel-windows-ix86+x86_64, r-patched-linux-x86_64, r-patched-solaris-x86, r-release-linux-x86_64, r-release-windows-ix86+x86_64, r-release-osx-x86_64, r-oldrel-windows-ix86+x86_64, r-oldrel-osx-x86_64