CRAN Package Check Results for Package lmeSplines

Last updated on 2014-10-20 10:50:33.

Flavor Version Tinstall Tcheck Ttotal Status Flags
r-devel-linux-x86_64-debian-clang 1.1-10 0.78 12.28 13.06 NOTE
r-devel-linux-x86_64-debian-gcc 1.1-10 0.73 12.25 12.98 NOTE
r-devel-linux-x86_64-fedora-clang 1.1-10 25.56 NOTE
r-devel-linux-x86_64-fedora-gcc 1.1-10 24.01 NOTE
r-devel-osx-x86_64-clang 1.1-10 28.15 NOTE
r-devel-windows-ix86+x86_64 1.1-10 3.00 20.00 23.00 NOTE
r-patched-linux-x86_64 1.1-10 0.75 12.38 13.14 NOTE
r-patched-solaris-sparc 1.1-10 186.10 NOTE
r-patched-solaris-x86 1.1-10 39.00 NOTE
r-release-linux-ix86 1.1-10 1.02 18.97 19.99 NOTE
r-release-linux-x86_64 1.1-10 0.80 12.77 13.56 NOTE
r-release-osx-x86_64-mavericks 1.1-10 NOTE
r-release-osx-x86_64-snowleopard 1.1-10 OK
r-release-windows-ix86+x86_64 1.1-10 3.00 22.00 25.00 NOTE
r-oldrel-windows-ix86+x86_64 1.1-10 3.00 23.00 26.00 NOTE

Check Details

Version: 1.1-10
Check: dependencies in R code
Result: NOTE
    Package in Depends field not imported from: ‘nlme’
     These packages need to be imported from (in the NAMESPACE file)
     for when this namespace is loaded but not attached.
    See the information on DESCRIPTION files in the chapter ‘Creating R
    packages’ of the ‘Writing R Extensions’ manual.
Flavors: r-devel-linux-x86_64-debian-clang, r-devel-linux-x86_64-debian-gcc, r-devel-linux-x86_64-fedora-clang, r-devel-linux-x86_64-fedora-gcc, r-devel-osx-x86_64-clang, r-devel-windows-ix86+x86_64, r-patched-linux-x86_64, r-patched-solaris-sparc, r-patched-solaris-x86, r-release-linux-ix86, r-release-linux-x86_64, r-release-osx-x86_64-mavericks, r-release-windows-ix86+x86_64, r-oldrel-windows-ix86+x86_64