CRAN Package Check Results for Package lmeSplines

Last updated on 2016-05-01 05:47:33.

Flavor Version Tinstall Tcheck Ttotal Status Flags
r-devel-linux-x86_64-debian-gcc 1.1-10 0.66 11.29 11.95 NOTE
r-devel-linux-x86_64-fedora-clang 1.1-10 19.53 NOTE
r-devel-linux-x86_64-fedora-gcc 1.1-10 19.71 NOTE
r-devel-osx-x86_64-clang 1.1-10 22.93 NOTE
r-devel-windows-ix86+x86_64 1.1-10 2.00 29.00 31.00 NOTE
r-patched-linux-x86_64 1.1-10 0.60 11.17 11.78 NOTE
r-patched-solaris-sparc 1.1-10 122.30 NOTE
r-patched-solaris-x86 1.1-10 27.60 NOTE
r-release-linux-x86_64 1.1-10 0.72 12.03 12.75 NOTE
r-release-osx-x86_64-mavericks 1.1-10 NOTE
r-release-windows-ix86+x86_64 1.1-10 5.00 33.00 38.00 NOTE
r-oldrel-windows-ix86+x86_64 1.1-10 7.00 38.00 45.00 NOTE

Check Details

Version: 1.1-10
Check: DESCRIPTION meta-information
Result: NOTE
    Malformed Title field: should not end in a period.
    Malformed Description field: should contain one or more complete sentences.
Flavors: r-devel-linux-x86_64-debian-gcc, r-devel-linux-x86_64-fedora-clang, r-devel-linux-x86_64-fedora-gcc, r-devel-osx-x86_64-clang, r-devel-windows-ix86+x86_64, r-patched-linux-x86_64, r-patched-solaris-sparc, r-patched-solaris-x86, r-release-linux-x86_64, r-release-osx-x86_64-mavericks, r-release-windows-ix86+x86_64

Version: 1.1-10
Check: dependencies in R code
Result: NOTE
    Package in Depends field not imported from: ‘nlme’
     These packages need to be imported from (in the NAMESPACE file)
     for when this namespace is loaded but not attached.
Flavors: r-devel-linux-x86_64-debian-gcc, r-devel-linux-x86_64-fedora-clang, r-devel-linux-x86_64-fedora-gcc, r-devel-osx-x86_64-clang, r-devel-windows-ix86+x86_64, r-patched-linux-x86_64, r-patched-solaris-sparc, r-patched-solaris-x86, r-release-linux-x86_64, r-release-osx-x86_64-mavericks, r-release-windows-ix86+x86_64, r-oldrel-windows-ix86+x86_64

Version: 1.1-10
Check: R code for possible problems
Result: NOTE
    approx.Z : <anonymous>: no visible global function definition for
     ‘approx’
    smspline: no visible global function definition for ‘model.frame’
    Undefined global functions or variables:
     approx model.frame
    Consider adding
     importFrom("stats", "approx", "model.frame")
    to your NAMESPACE file.
Flavors: r-devel-linux-x86_64-debian-gcc, r-devel-linux-x86_64-fedora-clang, r-devel-linux-x86_64-fedora-gcc, r-devel-osx-x86_64-clang, r-devel-windows-ix86+x86_64, r-patched-linux-x86_64, r-patched-solaris-sparc, r-patched-solaris-x86