CRAN Package Check Results for Package lmeSplines

Last updated on 2014-07-24 17:49:03.

Flavor Version Tinstall Tcheck Ttotal Status Flags
r-devel-linux-x86_64-debian-clang 1.1-10 0.72 12.24 12.96 NOTE
r-devel-linux-x86_64-debian-gcc 1.1-10 0.69 11.84 12.53 NOTE
r-devel-linux-x86_64-fedora-clang 1.1-10 26.05 NOTE
r-devel-linux-x86_64-fedora-gcc 1.1-10 24.39 NOTE
r-devel-osx-x86_64-clang 1.1-10 27.11 NOTE
r-devel-windows-ix86+x86_64 1.1-10 3.00 20.00 23.00 NOTE
r-patched-linux-x86_64 1.1-10 0.72 12.41 13.12 NOTE
r-patched-solaris-sparc 1.1-10 151.00 NOTE
r-patched-solaris-x86 1.1-10 38.40 NOTE
r-release-linux-ix86 1.1-10 1.00 18.85 19.85 NOTE
r-release-linux-x86_64 1.1-10 0.75 12.60 13.35 NOTE
r-release-osx-x86_64-mavericks 1.1-10 NOTE
r-release-osx-x86_64-snowleopard 1.1-10 OK
r-release-windows-ix86+x86_64 1.1-10 3.00 23.00 26.00 NOTE
r-oldrel-windows-ix86+x86_64 1.1-10 3.00 23.00 26.00 NOTE

Check Details

Version: 1.1-10
Check: dependencies in R code
Result: NOTE
    Package in Depends field not imported from: ‘nlme’
     These packages need to be imported from (in the NAMESPACE file)
     for when this namespace is loaded but not attached.
    See the information on DESCRIPTION files in the chapter ‘Creating R
    packages’ of the ‘Writing R Extensions’ manual.
Flavors: r-devel-linux-x86_64-debian-clang, r-devel-linux-x86_64-debian-gcc, r-devel-linux-x86_64-fedora-clang, r-devel-linux-x86_64-fedora-gcc, r-devel-osx-x86_64-clang, r-devel-windows-ix86+x86_64, r-patched-linux-x86_64, r-patched-solaris-sparc, r-patched-solaris-x86, r-release-linux-ix86, r-release-linux-x86_64, r-release-osx-x86_64-mavericks, r-release-windows-ix86+x86_64, r-oldrel-windows-ix86+x86_64