CRAN Package Check Results for Package lmeSplines

Last updated on 2015-03-06 03:46:38.

Flavor Version Tinstall Tcheck Ttotal Status Flags
r-devel-linux-x86_64-debian-clang 1.1-10 0.74 11.21 11.95 NOTE
r-devel-linux-x86_64-debian-gcc 1.1-10 0.63 10.99 11.62 NOTE
r-devel-linux-x86_64-fedora-clang 1.1-10 22.73 NOTE
r-devel-linux-x86_64-fedora-gcc 1.1-10 21.96 NOTE
r-devel-osx-x86_64-clang 1.1-10 25.93 NOTE
r-devel-windows-ix86+x86_64 1.1-10 3.00 21.00 24.00 NOTE
r-patched-linux-x86_64 1.1-10 0.79 12.59 13.38 NOTE
r-patched-solaris-sparc 1.1-10 201.10 NOTE
r-patched-solaris-x86 1.1-10 38.70 NOTE
r-release-linux-ix86 1.1-10 1.18 18.82 20.01 NOTE
r-release-linux-x86_64 1.1-10 0.94 12.82 13.76 NOTE
r-release-osx-x86_64-mavericks 1.1-10 NOTE
r-release-osx-x86_64-snowleopard 1.1-10 OK
r-release-windows-ix86+x86_64 1.1-10 4.00 23.00 27.00 NOTE
r-oldrel-windows-ix86+x86_64 1.1-10 4.00 26.00 30.00 NOTE

Check Details

Version: 1.1-10
Check: DESCRIPTION meta-information
Result: NOTE
    Malformed Title field: should not end in a period.
    Malformed Description field: should contain one or more complete sentences.
Flavors: r-devel-linux-x86_64-debian-clang, r-devel-linux-x86_64-debian-gcc, r-devel-linux-x86_64-fedora-clang, r-devel-linux-x86_64-fedora-gcc, r-devel-osx-x86_64-clang, r-devel-windows-ix86+x86_64

Version: 1.1-10
Check: dependencies in R code
Result: NOTE
    Package in Depends field not imported from: ‘nlme’
     These packages need to be imported from (in the NAMESPACE file)
     for when this namespace is loaded but not attached.
Flavors: r-devel-linux-x86_64-debian-clang, r-devel-linux-x86_64-debian-gcc, r-devel-linux-x86_64-fedora-clang, r-devel-linux-x86_64-fedora-gcc, r-devel-osx-x86_64-clang, r-devel-windows-ix86+x86_64, r-patched-linux-x86_64, r-patched-solaris-sparc, r-patched-solaris-x86

Version: 1.1-10
Check: dependencies in R code
Result: NOTE
    Package in Depends field not imported from: ‘nlme’
     These packages need to be imported from (in the NAMESPACE file)
     for when this namespace is loaded but not attached.
    See the information on DESCRIPTION files in the chapter ‘Creating R
    packages’ of the ‘Writing R Extensions’ manual.
Flavors: r-release-linux-ix86, r-release-linux-x86_64, r-release-osx-x86_64-mavericks, r-release-windows-ix86+x86_64, r-oldrel-windows-ix86+x86_64