CRAN Package Check Results for Package lmeSplines

Last updated on 2019-11-15 23:52:04 CET.

Flavor Version Tinstall Tcheck Ttotal Status Flags
r-devel-linux-x86_64-debian-clang 1.1-10 1.97 21.81 23.78 NOTE
r-devel-linux-x86_64-debian-gcc 1.1-10 1.75 16.86 18.61 NOTE
r-devel-linux-x86_64-fedora-clang 1.1-10 30.05 NOTE
r-devel-linux-x86_64-fedora-gcc 1.1-10 28.75 NOTE
r-devel-windows-ix86+x86_64 1.1-10 7.00 53.00 60.00 NOTE
r-patched-linux-x86_64 1.1-10 1.77 20.61 22.38 NOTE
r-patched-solaris-x86 1.1-10 43.90 NOTE
r-release-linux-x86_64 1.1-10 1.91 20.44 22.35 NOTE
r-release-windows-ix86+x86_64 1.1-10 3.00 34.00 37.00 NOTE
r-release-osx-x86_64 1.1-10 NOTE
r-oldrel-windows-ix86+x86_64 1.1-10 3.00 45.00 48.00 NOTE
r-oldrel-osx-x86_64 1.1-10 NOTE

Check Details

Version: 1.1-10
Check: DESCRIPTION meta-information
Result: NOTE
    Malformed Title field: should not end in a period.
    Malformed Description field: should contain one or more complete sentences.
Flavors: r-devel-linux-x86_64-debian-clang, r-devel-linux-x86_64-debian-gcc, r-devel-linux-x86_64-fedora-clang, r-devel-linux-x86_64-fedora-gcc, r-devel-windows-ix86+x86_64, r-patched-linux-x86_64, r-patched-solaris-x86, r-release-linux-x86_64, r-release-windows-ix86+x86_64, r-release-osx-x86_64, r-oldrel-windows-ix86+x86_64, r-oldrel-osx-x86_64

Version: 1.1-10
Check: dependencies in R code
Result: NOTE
    Package in Depends field not imported from: 'nlme'
     These packages need to be imported from (in the NAMESPACE file)
     for when this namespace is loaded but not attached.
Flavors: r-devel-linux-x86_64-debian-clang, r-devel-linux-x86_64-debian-gcc, r-devel-linux-x86_64-fedora-clang, r-devel-linux-x86_64-fedora-gcc, r-devel-windows-ix86+x86_64, r-patched-linux-x86_64, r-patched-solaris-x86, r-release-linux-x86_64, r-release-windows-ix86+x86_64, r-release-osx-x86_64, r-oldrel-windows-ix86+x86_64, r-oldrel-osx-x86_64

Version: 1.1-10
Check: R code for possible problems
Result: NOTE
    approx.Z : <anonymous>: no visible global function definition for
     'approx'
    smspline: no visible global function definition for 'model.frame'
    Undefined global functions or variables:
     approx model.frame
    Consider adding
     importFrom("stats", "approx", "model.frame")
    to your NAMESPACE file.
Flavors: r-devel-linux-x86_64-debian-clang, r-devel-linux-x86_64-debian-gcc, r-devel-linux-x86_64-fedora-clang, r-devel-linux-x86_64-fedora-gcc, r-devel-windows-ix86+x86_64, r-patched-linux-x86_64, r-patched-solaris-x86, r-release-linux-x86_64, r-release-windows-ix86+x86_64, r-release-osx-x86_64, r-oldrel-windows-ix86+x86_64, r-oldrel-osx-x86_64