CRAN Package Check Results for Package lmeSplines

Last updated on 2014-04-16 11:47:21.

Flavor Version Tinstall Tcheck Ttotal Status Flags
r-devel-linux-x86_64-debian-clang 1.1-10 0.80 12.18 12.98 NOTE
r-devel-linux-x86_64-debian-gcc 1.1-10 0.77 12.30 13.07 NOTE
r-devel-linux-x86_64-fedora-clang 1.1-10 25.47 NOTE
r-devel-linux-x86_64-fedora-gcc 1.1-10 24.62 NOTE
r-devel-macosx-x86_64-clang 1.1-10 28.20 NOTE
r-devel-macosx-x86_64-gcc 1.1-10 NOTE
r-devel-windows-ix86+x86_64 1.1-10 3.00 20.00 23.00 NOTE
r-patched-linux-x86_64 1.1-10 0.76 12.42 13.19 NOTE
r-patched-solaris-sparc 1.1-10 151.00 NOTE
r-patched-solaris-x86 1.1-10 38.20 NOTE
r-release-linux-ix86 1.1-10 2.00 26.00 28.00 NOTE
r-release-linux-x86_64 1.1-10 0.76 12.57 13.32 NOTE
r-release-macosx-x86_64 1.1-10 OK
r-release-windows-ix86+x86_64 1.1-10 3.00 22.00 25.00 NOTE
r-oldrel-windows-ix86+x86_64 1.1-10 3.00 22.00 25.00 NOTE

Check Details

Version: 1.1-10
Check: dependencies in R code
Result: NOTE
    Package in Depends field not imported from: ‘nlme’
     These packages need to be imported from (in the NAMESPACE file)
     for when this namespace is loaded but not attached.
    See the information on DESCRIPTION files in the chapter ‘Creating R
    packages’ of the ‘Writing R Extensions’ manual.
Flavors: r-devel-linux-x86_64-debian-clang, r-devel-linux-x86_64-debian-gcc, r-devel-linux-x86_64-fedora-clang, r-devel-linux-x86_64-fedora-gcc, r-devel-macosx-x86_64-clang, r-devel-macosx-x86_64-gcc, r-devel-windows-ix86+x86_64, r-patched-linux-x86_64, r-patched-solaris-sparc, r-patched-solaris-x86, r-release-linux-ix86, r-release-linux-x86_64, r-release-windows-ix86+x86_64, r-oldrel-windows-ix86+x86_64