CRAN Package Check Results for Package lmeSplines

Last updated on 2014-12-21 18:52:08.

Flavor Version Tinstall Tcheck Ttotal Status Flags
r-devel-linux-x86_64-debian-clang 1.1-10 0.77 12.02 12.79 NOTE
r-devel-linux-x86_64-debian-gcc 1.1-10 0.76 12.66 13.42 NOTE
r-devel-linux-x86_64-fedora-clang 1.1-10 27.19 NOTE
r-devel-linux-x86_64-fedora-gcc 1.1-10 25.75 NOTE
r-devel-osx-x86_64-clang 1.1-10 27.53 NOTE
r-devel-windows-ix86+x86_64 1.1-10 3.00 23.00 26.00 NOTE
r-patched-linux-x86_64 1.1-10 0.75 12.86 13.61 NOTE
r-patched-solaris-sparc 1.1-10 186.10 NOTE
r-patched-solaris-x86 1.1-10 40.30 NOTE
r-release-linux-ix86 1.1-10 1.06 18.31 19.37 NOTE
r-release-linux-x86_64 1.1-10 0.95 12.26 13.20 NOTE
r-release-osx-x86_64-mavericks 1.1-10 NOTE
r-release-osx-x86_64-snowleopard 1.1-10 OK
r-release-windows-ix86+x86_64 1.1-10 4.00 22.00 26.00 NOTE
r-oldrel-windows-ix86+x86_64 1.1-10 4.00 23.00 27.00 NOTE

Check Details

Version: 1.1-10
Check: dependencies in R code
Result: NOTE
    Package in Depends field not imported from: ‘nlme’
     These packages need to be imported from (in the NAMESPACE file)
     for when this namespace is loaded but not attached.
    See the information on DESCRIPTION files in the chapter ‘Creating R
    packages’ of the ‘Writing R Extensions’ manual.
Flavors: r-devel-linux-x86_64-debian-clang, r-devel-linux-x86_64-debian-gcc, r-devel-linux-x86_64-fedora-clang, r-devel-linux-x86_64-fedora-gcc, r-devel-osx-x86_64-clang, r-devel-windows-ix86+x86_64, r-patched-linux-x86_64, r-patched-solaris-sparc, r-patched-solaris-x86, r-release-linux-ix86, r-release-linux-x86_64, r-release-osx-x86_64-mavericks, r-release-windows-ix86+x86_64, r-oldrel-windows-ix86+x86_64