CRAN Package Check Results for Package lmec

Last updated on 2015-07-29 21:46:52.

Flavor Version Tinstall Tcheck Ttotal Status Flags
r-devel-linux-x86_64-debian-clang 1.0 0.51 14.18 14.69 NOTE
r-devel-linux-x86_64-debian-gcc 1.0 0.52 13.53 14.04 NOTE
r-devel-linux-x86_64-fedora-clang 1.0 27.71 NOTE
r-devel-linux-x86_64-fedora-gcc 1.0 25.99 NOTE
r-devel-osx-x86_64-clang 1.0 24.47 NOTE
r-devel-windows-ix86+x86_64 1.0 2.00 37.00 39.00 NOTE
r-patched-linux-x86_64 1.0 0.56 14.64 15.20 NOTE
r-patched-solaris-sparc 1.0 176.50 NOTE
r-patched-solaris-x86 1.0 39.10 NOTE
r-release-linux-x86_64 1.0 0.53 14.22 14.76 NOTE
r-release-osx-x86_64-mavericks 1.0 NOTE
r-release-windows-ix86+x86_64 1.0 4.00 23.00 27.00 NOTE
r-oldrel-windows-ix86+x86_64 1.0 5.00 26.00 31.00 NOTE

Check Details

Version: 1.0
Check: dependencies in R code
Result: NOTE
    'library' or 'require' call to ‘mvtnorm’ which was already attached by Depends.
     Please remove these calls from your code.
Flavors: r-devel-linux-x86_64-debian-clang, r-devel-linux-x86_64-debian-gcc, r-devel-linux-x86_64-fedora-clang, r-devel-linux-x86_64-fedora-gcc, r-devel-osx-x86_64-clang, r-devel-windows-ix86+x86_64, r-patched-linux-x86_64, r-patched-solaris-sparc, r-patched-solaris-x86, r-release-linux-x86_64, r-release-osx-x86_64-mavericks, r-release-windows-ix86+x86_64, r-oldrel-windows-ix86+x86_64

Version: 1.0
Check: R code for possible problems
Result: NOTE
    lmec: warning in qr.Q(qrZ, compl = TRUE): partial argument match of
     ‘compl’ to ‘complete’
    lmec: warning in qr.Q(qra, compl = TRUE): partial argument match of
     ‘compl’ to ‘complete’
    lmec: no visible global function definition for ‘lm’
    lmec: no visible global function definition for ‘pnorm’
    lmec: no visible global function definition for ‘dnorm’
    lmec : vtrnorm2: no visible global function definition for ‘runif’
    lmec : vtrnorm2: no visible global function definition for ‘qnorm’
    lmec : vtrnorm2: no visible global function definition for ‘pnorm’
    lmec: no visible global function definition for ‘rnorm’
    lmec: no visible global function definition for ‘ar’
    Undefined global functions or variables:
     ar dnorm lm pnorm qnorm rnorm runif
    Consider adding
     importFrom("stats", "ar", "dnorm", "lm", "pnorm", "qnorm", "rnorm",
     "runif")
    to your NAMESPACE.
Flavors: r-devel-linux-x86_64-debian-clang, r-devel-linux-x86_64-debian-gcc, r-devel-linux-x86_64-fedora-clang, r-devel-linux-x86_64-fedora-gcc, r-devel-windows-ix86+x86_64

Version: 1.0
Check: Rd line widths
Result: NOTE
    Rd file 'lmec-package.Rd':
     \examples lines wider than 100 characters:
     X<- cbind((UTIdata$Fup==0)+0, (UTIdata$Fup==1)+0, (UTIdata$Fup==3)+0, (UTIdata$Fup==6)+0, (UTIdata$Fup==9)+0, (UTIdata$Fup==12)+0, (UTI ... [TRUNCATED]
    
    Rd file 'lmec.Rd':
     \usage lines wider than 90 characters:
     lmec(yL, cens, X, Z, cluster, maxstep = 200, varstruct = "unstructured", init, method = "ML", epsstop = 0.001, abspmv = 0.001, mcmc0 = ... [TRUNCATED]
     \examples lines wider than 100 characters:
     X = cbind((UTIdata$Fup==0)+0, (UTIdata$Fup==1)+0, (UTIdata$Fup==3)+0, (UTIdata$Fup==6)+0, (UTIdata$Fup==9)+0, (UTIdata$Fup==12)+0, (UTI ... [TRUNCATED]
    
    These lines will be truncated in the PDF manual.
Flavors: r-devel-linux-x86_64-debian-clang, r-devel-linux-x86_64-debian-gcc, r-devel-linux-x86_64-fedora-clang, r-devel-linux-x86_64-fedora-gcc, r-patched-linux-x86_64, r-release-linux-x86_64

Version: 1.0
Check: R code for possible problems
Result: NOTE
    lmec: warning in qr.Q(qrZ, compl = TRUE): partial argument match of
     'compl' to 'complete'
    lmec: warning in qr.Q(qra, compl = TRUE): partial argument match of
     'compl' to 'complete'
Flavors: r-devel-osx-x86_64-clang, r-patched-linux-x86_64, r-patched-solaris-sparc, r-patched-solaris-x86, r-release-linux-x86_64, r-release-osx-x86_64-mavericks, r-release-windows-ix86+x86_64, r-oldrel-windows-ix86+x86_64