CRAN Package Check Results for Package lmec

Last updated on 2014-04-18 17:48:05.

Flavor Version Tinstall Tcheck Ttotal Status Flags
r-devel-linux-x86_64-debian-clang 1.0 0.57 15.14 15.71 NOTE
r-devel-linux-x86_64-debian-gcc NOTE
r-devel-linux-x86_64-fedora-clang 1.0 31.04 NOTE
r-devel-linux-x86_64-fedora-gcc 1.0 27.89 NOTE
r-devel-macosx-x86_64-clang 1.0 30.74 NOTE
r-devel-macosx-x86_64-gcc 1.0 NOTE
r-devel-windows-ix86+x86_64 1.0 2.00 24.00 26.00 NOTE
r-patched-linux-x86_64 1.0 0.57 15.38 15.96 NOTE
r-patched-solaris-sparc 1.0 167.60 NOTE
r-patched-solaris-x86 1.0 41.00 NOTE
r-release-linux-ix86 1.0 2.00 30.00 32.00 NOTE
r-release-linux-x86_64 1.0 0.57 14.55 15.12 NOTE
r-release-macosx-x86_64 1.0 NOTE
r-release-windows-ix86+x86_64 1.0 5.00 32.00 37.00 NOTE
r-oldrel-windows-ix86+x86_64 1.0 3.00 24.00 27.00 NOTE

Check Details

Version: 1.0
Check: dependencies in R code
Result: NOTE
    'library' or 'require' call to ‘mvtnorm’ which was already attached by Depends.
     Please remove these calls from your code.
    See the information on DESCRIPTION files in the chapter ‘Creating R
    packages’ of the ‘Writing R Extensions’ manual.
Flavors: r-devel-linux-x86_64-debian-clang, r-devel-linux-x86_64-debian-gcc, r-devel-linux-x86_64-fedora-clang, r-devel-linux-x86_64-fedora-gcc, r-devel-macosx-x86_64-clang, r-devel-macosx-x86_64-gcc, r-devel-windows-ix86+x86_64, r-patched-linux-x86_64, r-patched-solaris-sparc, r-patched-solaris-x86, r-release-linux-ix86, r-release-linux-x86_64, r-release-macosx-x86_64, r-release-windows-ix86+x86_64, r-oldrel-windows-ix86+x86_64

Version: 1.0
Check: R code for possible problems
Result: NOTE
    lmec: warning in qr.Q(qrZ, compl = TRUE): partial argument match of
     'compl' to 'complete'
    lmec: warning in qr.Q(qra, compl = TRUE): partial argument match of
     'compl' to 'complete'
Flavors: r-devel-linux-x86_64-debian-clang, r-devel-linux-x86_64-debian-gcc, r-devel-linux-x86_64-fedora-clang, r-devel-linux-x86_64-fedora-gcc, r-devel-macosx-x86_64-clang, r-devel-macosx-x86_64-gcc, r-devel-windows-ix86+x86_64, r-patched-linux-x86_64, r-patched-solaris-sparc, r-patched-solaris-x86, r-release-linux-ix86, r-release-linux-x86_64, r-release-macosx-x86_64, r-release-windows-ix86+x86_64, r-oldrel-windows-ix86+x86_64

Version: 1.0
Check: Rd line widths
Result: NOTE
    Rd file 'lmec-package.Rd':
     \examples lines wider than 100 characters:
     X<- cbind((UTIdata$Fup==0)+0, (UTIdata$Fup==1)+0, (UTIdata$Fup==3)+0, (UTIdata$Fup==6)+0, (UTIdata$Fup==9)+0, (UTIdata$Fup==12)+0, (UTI ... [TRUNCATED]
    
    Rd file 'lmec.Rd':
     \usage lines wider than 90 characters:
     lmec(yL, cens, X, Z, cluster, maxstep = 200, varstruct = "unstructured", init, method = "ML", epsstop = 0.001, abspmv = 0.001, mcmc0 = ... [TRUNCATED]
     \examples lines wider than 100 characters:
     X = cbind((UTIdata$Fup==0)+0, (UTIdata$Fup==1)+0, (UTIdata$Fup==3)+0, (UTIdata$Fup==6)+0, (UTIdata$Fup==9)+0, (UTIdata$Fup==12)+0, (UTI ... [TRUNCATED]
    
    These lines will be truncated in the PDF manual.
Flavors: r-devel-linux-x86_64-fedora-clang, r-devel-linux-x86_64-fedora-gcc