CRAN Package Check Results for Package lmerTest

Last updated on 2016-12-03 23:47:45.

Flavor Version Tinstall Tcheck Ttotal Status Flags
r-devel-linux-x86_64-debian-clang 2.0-32 4.25 358.42 362.67 OK
r-devel-linux-x86_64-debian-gcc 2.0-33 4.05 374.93 378.98 OK
r-devel-linux-x86_64-fedora-clang 2.0-32 723.64 OK
r-devel-linux-x86_64-fedora-gcc 2.0-33 793.00 OK --no-stop-on-test-error
r-devel-macos-x86_64-clang 2.0-33 289.78 OK --no-stop-on-test-error
r-devel-windows-ix86+x86_64 2.0-32 12.00 111.00 123.00 OK --no-examples --no-tests --no-vignettes
r-patched-linux-x86_64 2.0-32 3.80 296.91 300.71 OK
r-patched-solaris-sparc 2.0-33 4233.20 OK
r-patched-solaris-x86 2.0-33 745.10 OK
r-release-linux-x86_64 2.0-32 3.94 296.81 300.75 OK
r-release-osx-x86_64-mavericks 2.0-32 OK
r-release-windows-ix86+x86_64 2.0-32 19.00 78.00 97.00 OK --no-examples --no-tests --no-vignettes
r-oldrel-windows-ix86+x86_64 2.0-33 5.00 2.00 7.00 ERROR --no-examples --no-tests --no-vignettes

Check Details

Version: 2.0-33
Flags: --no-examples --no-tests --no-vignettes
Check: whether package can be installed
Result: ERROR
    Installation failed.
Flavor: r-oldrel-windows-ix86+x86_64