CRAN Package Check Results for Package lmerTest

Last updated on 2014-07-29 01:47:24.

Flavor Version Tinstall Tcheck Ttotal Status Flags
r-devel-linux-x86_64-debian-clang 2.0-11 5.66 87.48 93.14 OK
r-devel-linux-x86_64-debian-gcc 2.0-11 5.34 84.81 90.16 OK
r-devel-linux-x86_64-fedora-clang 2.0-11 214.63 OK
r-devel-linux-x86_64-fedora-gcc 2.0-11 203.15 OK
r-devel-osx-x86_64-clang 2.0-11 110.24 OK
r-devel-windows-ix86+x86_64 2.0-11 16.00 125.00 141.00 OK
r-patched-linux-x86_64 2.0-11 5.54 88.94 94.48 OK
r-patched-solaris-sparc 2.0-11 1064.50 OK
r-patched-solaris-x86 2.0-11 214.50 OK
r-release-linux-ix86 2.0-6 0.38 1.89 2.27 ERROR
r-release-linux-x86_64 2.0-11 5.63 88.45 94.08 OK
r-release-osx-x86_64-mavericks 2.0-6 OK
r-release-osx-x86_64-snowleopard 2.0-11 OK
r-release-windows-ix86+x86_64 2.0-11 15.00 130.00 145.00 OK
r-oldrel-windows-ix86+x86_64 2.0-11 17.00 127.00 144.00 OK

Check Details

Version: 2.0-6
Check: whether package can be installed
Result: ERROR
    Installation failed.
    See /home/hornik/tmp/R.check/r-release-gcc/Work/PKGS/lmerTest.Rcheck/00install.out for details.
Flavor: r-release-linux-ix86