CRAN Package Check Results for Package lmerTest

Last updated on 2014-04-24 03:47:47.

Flavor Version Tinstall Tcheck Ttotal Status Flags
r-devel-linux-x86_64-debian-clang 2.0-6 6.17 101.11 107.28 OK
r-devel-linux-x86_64-debian-gcc 2.0-6 6.02 102.25 108.26 OK
r-devel-linux-x86_64-fedora-clang 2.0-6 240.59 OK
r-devel-linux-x86_64-fedora-gcc 2.0-6 233.05 OK
r-devel-osx-x86_64-clang 2.0-6 170.43 OK
r-devel-osx-x86_64-gcc 2.0-6 ERROR
r-devel-windows-ix86+x86_64 2.0-6 15.00 149.00 164.00 OK
r-patched-linux-x86_64 2.0-6 5.82 102.69 108.51 OK
r-patched-solaris-sparc 2.0-6 1256.00 OK
r-patched-solaris-x86 2.0-6 281.10 OK
r-release-linux-ix86 2.0-6 9.00 155.00 164.00 OK
r-release-linux-x86_64 2.0-6 5.89 100.81 106.70 OK
r-release-osx-x86_64-mavericks 2.0-6 OK
r-release-osx-x86_64-snowleopard 2.0-6 OK
r-release-windows-ix86+x86_64 2.0-6 16.00 148.00 164.00 OK
r-oldrel-windows-ix86+x86_64 2.0-6 16.00 137.00 153.00 OK

Check Details

Version: 2.0-6
Check: package dependencies
Result: ERROR
    Package required but not available: ‘Hmisc’
    
    See the information on DESCRIPTION files in the chapter ‘Creating R
    packages’ of the ‘Writing R Extensions’ manual.
Flavor: r-devel-osx-x86_64-gcc