CRAN Package Check Results for Package lmerTest

Last updated on 2015-05-24 03:48:04.

Flavor Version Tinstall Tcheck Ttotal Status Flags
r-devel-linux-x86_64-debian-clang 2.0-25 4.08 282.94 287.02 OK
r-devel-linux-x86_64-debian-gcc 2.0-25 3.97 286.40 290.37 OK
r-devel-linux-x86_64-fedora-clang 2.0-25 584.91 OK
r-devel-linux-x86_64-fedora-gcc 2.0-25 578.04 OK
r-devel-osx-x86_64-clang 2.0-25 460.55 OK
r-devel-windows-ix86+x86_64 2.0-25 13.00 448.00 461.00 OK
r-patched-linux-x86_64 2.0-25 4.04 286.17 290.22 OK
r-patched-solaris-sparc 2.0-25 3191.80 ERROR
r-patched-solaris-x86 2.0-25 569.60 ERROR
r-release-linux-x86_64 2.0-25 4.02 287.20 291.22 OK
r-release-osx-x86_64-mavericks 2.0-25 OK
r-release-osx-x86_64-snowleopard 2.0-25 ERROR
r-release-windows-ix86+x86_64 2.0-25 13.00 437.00 450.00 OK
r-oldrel-windows-ix86+x86_64 2.0-25 22.00 341.00 363.00 ERROR

Check Details

Version: 2.0-25
Check: tests
Result: ERROR
    Running the tests in ‘tests/testContrasts.R’ failed.
    Last 13 lines of output:
     > modelCarrots.sas <- lme4::lmer(Preference ~
     + sens2*sens1*Homesize*Age
     + + (1 | product) +
     + (1 + sens1 + sens2 | Consumer),
     + data=carrots,
     + contrasts = list(Homesize = "contr.SAS",
     + Age = "contr.SAS"))
     >
     > ## here an error produces
     > tools::assertError(stopifnot(all.equal(logLik(modelCarrots.treat),
     + logLik(modelCarrots.sas))))
     Error: Failed to get error in evaluating stopifnot(all.equal(logLik(mod ...
     Execution halted
Flavors: r-patched-solaris-sparc, r-oldrel-windows-ix86+x86_64

Version: 2.0-25
Check: tests
Result: ERROR
    Running the tests in ‘tests/testContrasts.R’ failed.
    Last 13 lines of output:
     + Product*Information*Gender*Age
     + + (1 | Consumer)
     + + (1 | Product:Consumer)
     + + (1 | Information:Consumer), data=ham,
     + contrasts = list(Product = "contr.treatment",
     + Information = "contr.treatment",
     + Gender = "contr.treatment"))
     >
     > stopifnot(all.equal(logLik(modelHam.sas), logLik(modelHam.treat)))
     > stopifnot(all.equal(VarCorr(modelHam.sas), VarCorr(modelHam.treat),
     + tol = 1e-6))
     Error: all.equal(VarCorr(modelHam.sas), VarCorr(modelHam.treat), tol = 1e-06) is not TRUE
     Execution halted
Flavor: r-patched-solaris-x86

Version: 2.0-25
Check: package dependencies
Result: ERROR
    Packages required but not available: ‘Hmisc’ ‘ggplot2’
    
    See section ‘The DESCRIPTION file’ in the ‘Writing R Extensions’
    manual.
Flavor: r-release-osx-x86_64-snowleopard