CRAN Package Check Results for Package lmerTest

Last updated on 2017-03-25 03:47:55.

Flavor Version Tinstall Tcheck Ttotal Status Flags
r-devel-linux-x86_64-debian-clang 2.0-33 4.22 1056.41 1060.63 OK
r-devel-linux-x86_64-debian-gcc 2.0-33 4.06 1040.54 1044.60 OK
r-devel-linux-x86_64-fedora-clang 2.0-33 1881.34 OK --no-stop-on-test-error
r-devel-linux-x86_64-fedora-gcc 2.0-33 1826.66 OK --no-stop-on-test-error
r-devel-macos-x86_64-clang 2.0-33 1345.80 OK --no-stop-on-test-error
r-patched-linux-x86_64 2.0-33 4.10 963.51 967.61 OK
r-patched-solaris-sparc 2.0-33 5326.80 OK
r-patched-solaris-x86 2.0-33 941.60 ERROR
r-release-linux-x86_64 2.0-33 4.20 974.63 978.82 OK
r-release-osx-x86_64-mavericks 2.0-33 OK
r-release-windows-ix86+x86_64 2.0-33 20.00 133.00 153.00 OK --no-examples --no-tests --no-vignettes
r-oldrel-windows-ix86+x86_64 2.0-33 13.00 103.00 116.00 OK --no-examples --no-tests --no-vignettes

Check Details

Version: 2.0-33
Check: tests
Result: ERROR
     Running ‘DamonData.R’ [12m/13m]
    Running the tests in ‘tests/DamonData.R’ failed.
    Complete output:
     > testSat <- TRUE
     > testKen <- TRUE
     >
     > if(testSat){
     + ## checking on big data sets
     +
     + require(lmerTest)
     +
     + load(system.file("testdata", "ttDamon.RData", package="lmerTest"))
     +
     + testFirstR02.test=lmer(RT2LogR ~ condition*v_matri_plus_n_indef_freq_sq+
     + (1+condition|Subject),ttDamon, REML=TRUE)
     +
     + an.sat <- anova(testFirstR02.test)
     +
     + TOL <- 1e-2 # for the check
     +
     + ## with 4 decimals should agree with SAS output
     + ## numbers before decimals should agree with SAS output
     + stopifnot(
     + all.equal(an.sat[,"DenDF"], c(76.206, 6074.6, 6146.1), tol = TOL),
     + all.equal(an.sat[, "F.value"], c(9.2182, 2.8360, 6.6544), tol = TOL)
     + , TRUE)
     +
     + ## check with calcSatterth function
     + # L <- matrix(0, nrow=3, ncol=8)
     + # L[1,2] <- L[2,3] <- L[3,4] <- 1
     + # system.time(calcSatterth(testFirstR02.test, L))
     + # if(require(pbkrtest))
     + # system.time(KRmodcomp(testFirstR02.test, L))
     +
     + if(testKen){
     + if(require(pbkrtest))
     + an.kenw <- anova(testFirstR02.test, ddf="kenw")
     + stopifnot(ncol(an.kenw) == 6)
     + }
     +
     + }
     Loading required package: lmerTest
     Loading required package: Matrix
     Loading required package: lme4
    
     Attaching package: 'lmerTest'
    
     The following object is masked from 'package:lme4':
    
     lmer
    
     The following object is masked from 'package:stats':
    
     step
    
     Loading required package: pbkrtest
     Note: method with signature 'sparseMatrix#ANY' chosen for function 'kronecker',
     target signature 'dgCMatrix#ngCMatrix'.
     "ANY#sparseMatrix" would also be valid
     anova from lme4 is returned
     some computational error has occurred in lmerTest
     Error: ncol(an.kenw) == 6 is not TRUE
     Execution halted
Flavor: r-patched-solaris-x86