CRAN Package Check Results for Package lmerTest

Last updated on 2015-03-04 21:46:48.

Flavor Version Tinstall Tcheck Ttotal Status Flags
r-devel-linux-x86_64-debian-clang 2.0-20 4.34 350.80 355.13 NOTE
r-devel-linux-x86_64-debian-gcc 2.0-20 4.11 365.78 369.90 NOTE
r-devel-linux-x86_64-fedora-clang 2.0-20 720.30 NOTE
r-devel-linux-x86_64-fedora-gcc 2.0-20 747.09 NOTE
r-devel-osx-x86_64-clang 2.0-20 583.02 NOTE
r-devel-windows-ix86+x86_64 2.0-20 14.00 525.00 539.00 NOTE
r-patched-linux-x86_64 2.0-20 8.70 422.76 431.46 NOTE
r-patched-solaris-sparc 2.0-20 6957.10 NOTE
r-patched-solaris-x86 2.0-20 1286.20 NOTE
r-release-linux-ix86 2.0-20 7.84 559.25 567.09 OK
r-release-linux-x86_64 2.0-20 8.86 454.30 463.15 OK
r-release-osx-x86_64-mavericks 2.0-20 OK
r-release-osx-x86_64-snowleopard 2.0-20 OK
r-release-windows-ix86+x86_64 2.0-20 23.00 637.00 660.00 OK
r-oldrel-windows-ix86+x86_64 2.0-20 21.00 638.00 659.00 OK

Check Details

Version: 2.0-20
Check: DESCRIPTION meta-information
Result: NOTE
    Malformed Description field: should contain one or more complete sentences.
Flavors: r-devel-linux-x86_64-debian-clang, r-devel-linux-x86_64-debian-gcc, r-devel-linux-x86_64-fedora-clang, r-devel-linux-x86_64-fedora-gcc, r-devel-osx-x86_64-clang, r-devel-windows-ix86+x86_64

Version: 2.0-20
Check: dependencies in R code
Result: NOTE
    'library' or 'require' call to ‘pbkrtest’ in package code.
     Please use :: or requireNamespace() instead.
     See section 'Suggested packages' in the 'Writing R Extensions' manual.
Flavors: r-devel-linux-x86_64-debian-clang, r-devel-linux-x86_64-debian-gcc, r-devel-linux-x86_64-fedora-clang, r-devel-linux-x86_64-fedora-gcc, r-devel-osx-x86_64-clang, r-devel-windows-ix86+x86_64, r-patched-linux-x86_64, r-patched-solaris-sparc, r-patched-solaris-x86