CRAN Package Check Results for Package lmerTest

Last updated on 2015-04-26 09:46:30.

Flavor Version Tinstall Tcheck Ttotal Status Flags
r-devel-linux-x86_64-debian-clang 2.0-25 4.14 283.44 287.58 OK
r-devel-linux-x86_64-debian-gcc 2.0-25 3.84 291.73 295.58 OK
r-devel-linux-x86_64-fedora-clang 2.0-25 582.97 OK
r-devel-linux-x86_64-fedora-gcc 2.0-25 579.97 OK
r-devel-osx-x86_64-clang 2.0-25 459.20 OK
r-devel-windows-ix86+x86_64 2.0-25 12.00 460.00 472.00 OK
r-patched-linux-x86_64 2.0-25 4.06 282.02 286.08 OK
r-patched-solaris-sparc 2.0-25 2797.40 ERROR
r-patched-solaris-x86 2.0-25 551.60 ERROR
r-release-linux-x86_64 2.0-25 3.94 285.05 288.99 OK
r-release-osx-x86_64-mavericks 2.0-25 OK
r-release-osx-x86_64-snowleopard 2.0-25 ERROR
r-release-windows-ix86+x86_64 2.0-25 12.00 443.00 455.00 OK
r-oldrel-windows-ix86+x86_64 2.0-25 19.00 315.00 334.00 ERROR

Check Details

Version: 2.0-25
Check: tests
Result: ERROR
    Running the tests in 'tests/testContrasts.R' failed.
    Last 13 lines of output:
     > modelCarrots.sas <- lme4::lmer(Preference ~
     + sens2*sens1*Homesize*Age
     + + (1 | product) +
     + (1 + sens1 + sens2 | Consumer),
     + data=carrots,
     + contrasts = list(Homesize = "contr.SAS",
     + Age = "contr.SAS"))
     >
     > ## here an error produces
     > tools::assertError(stopifnot(all.equal(logLik(modelCarrots.treat),
     + logLik(modelCarrots.sas))))
     Error: Failed to get error in evaluating stopifnot(all.equal(logLik(mod ...
     Execution halted
Flavor: r-oldrel-windows-ix86+x86_64