CRAN Package Check Results for Package lmerTest

Last updated on 2015-08-01 08:51:49.

Flavor Version Tinstall Tcheck Ttotal Status Flags
r-devel-linux-x86_64-debian-clang 2.0-29 4.18 288.04 292.22 OK
r-devel-linux-x86_64-debian-gcc 2.0-29 4.02 294.02 298.04 OK
r-devel-linux-x86_64-fedora-clang 2.0-29 589.76 OK
r-devel-linux-x86_64-fedora-gcc 2.0-29 591.01 OK
r-devel-osx-x86_64-clang 2.0-29 467.85 OK
r-devel-windows-ix86+x86_64 2.0-29 21.00 94.00 115.00 OK --no-examples --no-tests --no-vignettes
r-patched-linux-x86_64 2.0-29 3.98 293.59 297.57 OK
r-patched-solaris-sparc 2.0-29 4743.40 ERROR
r-patched-solaris-x86 2.0-29 858.00 OK
r-release-linux-x86_64 2.0-29 4.06 294.28 298.35 OK
r-release-osx-x86_64-mavericks 2.0-29 OK
r-release-windows-ix86+x86_64 2.0-29 21.00 62.00 83.00 OK --no-examples --no-tests --no-vignettes
r-oldrel-windows-ix86+x86_64 2.0-29 34.00 103.00 137.00 OK --no-examples --no-tests --no-vignettes

Check Details

Version: 2.0-29
Check: tests
Result: ERROR
    Running the tests in ‘tests/testSlopesFactors.R’ failed.
    Last 13 lines of output:
     >
     > ## anova does not work in this case A is not positiv definite - FIXED
     > ## was no a positive definit because of Cv_to_Sv function...?
     > ## SAS seems to work
     > ## still some disagreemants in estimation of deviance, residuals
     > an <- anova(lmer4)
     >
     >
     > TOL <- 1e-3
     > stopifnot(all.equal(an$DenDF, c(61.0403, 36.5587, 67.0312, 68.505,
     + 134.152, 81.2094, 215.628), tol = TOL))
     Error: all.equal(an$DenDF, c(61.0403, 36.5587, 67.0312, 68.505, 134.152, .... is not TRUE
     Execution halted
Flavor: r-patched-solaris-sparc