CRAN Package Check Results for Package lmf

Last updated on 2015-07-04 09:48:03.

Flavor Version Tinstall Tcheck Ttotal Status Flags
r-devel-linux-x86_64-debian-clang 1.2 0.91 38.00 38.91 NOTE
r-devel-linux-x86_64-debian-gcc 1.2 0.68 28.64 29.32 NOTE
r-devel-linux-x86_64-fedora-clang 1.2 60.35 NOTE
r-devel-linux-x86_64-fedora-gcc 1.2 55.19 NOTE
r-devel-osx-x86_64-clang 1.2 51.81 OK
r-devel-windows-ix86+x86_64 1.2 6.00 71.00 77.00 OK
r-patched-linux-x86_64 1.2 0.72 30.68 31.40 OK
r-patched-solaris-sparc 1.2 395.50 OK
r-patched-solaris-x86 1.2 71.40 OK
r-release-linux-x86_64 1.2 0.72 30.70 31.42 OK
r-release-osx-x86_64-mavericks 1.2 OK
r-release-windows-ix86+x86_64 1.2 3.00 50.00 53.00 OK
r-oldrel-windows-ix86+x86_64 1.2 5.00 58.00 63.00 OK

Check Details

Version: 1.2
Check: R code for possible problems
Result: NOTE
    boot.lmf : <anonymous>: no visible global function definition for
     ‘rgamma’
    boot.lmf : <anonymous>: no visible global function definition for ‘var’
    ci.boot.lmf : qfn: no visible global function definition for ‘quantile’
    fs: no visible global function definition for ‘optim’
    lm.extract: no visible binding for global variable ‘na.exclude’
    lm.extract: no visible global function definition for ‘lm’
    lm.extract: no visible global function definition for ‘residuals’
    lm.extract: no visible global function definition for ‘predict’
    lm.extract: no visible global function definition for ‘df.residual’
    lm.extract: no visible global function definition for ‘deviance’
    lm.extract: no visible global function definition for ‘vcov’
    lm.extract: no visible global function definition for ‘lm.influence’
    lm.extract: no visible global function definition for ‘cooks.distance’
    lmf: no visible binding for global variable ‘na.exclude’
    lmf: no visible global function definition for ‘update.formula’
    lmf: no visible global function definition for ‘terms’
    lmf: no visible global function definition for ‘xtabs’
    lmf: no visible global function definition for ‘var’
    plot.boot.lmf: no visible global function definition for ‘plot’
    plot.boot.lmf: no visible global function definition for ‘density’
    plot.boot.lmf: no visible global function definition for ‘par’
    plot.lmf: no visible global function definition for ‘par’
    plot.lmf: no visible global function definition for ‘dev.interactive’
    plot.lmf: no visible global function definition for ‘devAskNewPage’
    plot.lmf : fip: no visible global function definition for ‘extendrange’
    plot.lmf : fip: no visible global function definition for ‘plot’
    plot.lmf : fip: no visible global function definition for ‘title’
    plot.lmf : fip: no visible global function definition for ‘abline’
    plot.lmf : fip: no visible global function definition for
     ‘panel.smooth’
    plot.lmf : sp: no visible global function definition for ‘qqnorm’
    plot.lmf : sp: no visible global function definition for ‘title’
    plot.lmf : sp: no visible global function definition for ‘qqline’
    plot.lmf : tp: no visible global function definition for ‘plot’
    plot.lmf : tp: no visible global function definition for ‘title’
    plot.lmf : tp: no visible global function definition for ‘abline’
    plot.lmf : tp: no visible global function definition for ‘panel.smooth’
    plot.lmf : fop: no visible global function definition for ‘plot’
    plot.lmf : fop: no visible global function definition for ‘title’
    plot.lmf : fop: no visible global function definition for ‘abline’
    plot.lmf : fop: no visible global function definition for
     ‘panel.smooth’
    plot.lmf : fop: no visible global function definition for ‘par’
    plot.lmf : fop: no visible global function definition for ‘lines’
    plot.lmf : fop: no visible global function definition for ‘legend’
    plot.lmf : fop: no visible global function definition for ‘axis’
    print.summary.boot.lmf: no visible global function definition for
     ‘printCoefmat’
    print.summary.lmf: no visible global function definition for
     ‘printCoefmat’
    rmnorm: no visible global function definition for ‘rnorm’
    se: no visible global function definition for ‘var’
    summary.boot.lmf: no visible binding for global variable ‘sd’
    summary.boot.lmf: no visible global function definition for ‘sd’
    summary.lmf : <anonymous> : <anonymous>: no visible global function
     definition for ‘pt’
    summary.lmf : <anonymous>: no visible global function definition for
     ‘pt’
    summary.lmf: no visible global function definition for ‘pt’
    Undefined global functions or variables:
     abline axis cooks.distance density dev.interactive devAskNewPage
     deviance df.residual extendrange legend lines lm lm.influence
     na.exclude optim panel.smooth par plot predict printCoefmat pt qqline
     qqnorm quantile residuals rgamma rnorm sd terms title update.formula
     var vcov xtabs
Flavors: r-devel-linux-x86_64-debian-clang, r-devel-linux-x86_64-debian-gcc, r-devel-linux-x86_64-fedora-clang, r-devel-linux-x86_64-fedora-gcc