CRAN Package Check Results for Package lmm

Last updated on 2017-03-27 18:49:54.

Flavor Version Tinstall Tcheck Ttotal Status Flags
r-devel-linux-x86_64-debian-clang 1.0 7.25 20.32 27.58 NOTE
r-devel-linux-x86_64-debian-gcc 1.0 7.48 19.52 27.00 NOTE
r-devel-linux-x86_64-fedora-clang 1.0 44.11 NOTE --no-stop-on-test-error
r-devel-linux-x86_64-fedora-gcc 1.0 42.61 NOTE --no-stop-on-test-error
r-devel-macos-x86_64-clang 1.0 29.88 NOTE --no-stop-on-test-error
r-devel-windows-ix86+x86_64 1.0 18.00 45.00 63.00 OK
r-patched-linux-x86_64 1.0 6.97 19.45 26.41 NOTE
r-patched-solaris-sparc 1.0 226.40 OK
r-patched-solaris-x86 1.0 51.70 OK
r-release-linux-x86_64 1.0 6.80 17.67 24.47 OK
r-release-osx-x86_64-mavericks 1.0 OK
r-release-windows-ix86+x86_64 1.0 19.00 38.00 57.00 OK
r-oldrel-windows-ix86+x86_64 1.0 14.00 40.00 54.00 OK

Check Details

Version: 1.0
Check: compiled code
Result: NOTE
    File ‘lmm/libs/lmm.so’:
     Found no calls to: ‘R_registerRoutines’, ‘R_useDynamicSymbols’
    
    It is good practice to register native routines and to disable symbol
    search.
    
    See ‘Writing portable packages’ in the ‘Writing R Extensions’ manual.
Flavors: r-devel-linux-x86_64-debian-clang, r-devel-linux-x86_64-debian-gcc, r-patched-linux-x86_64

Version: 1.0
Flags: --no-stop-on-test-error
Check: compiled code
Result: NOTE
    File ‘lmm/libs/lmm.so’:
     Found no calls to: ‘R_registerRoutines’, ‘R_useDynamicSymbols’
    
    It is good practice to register native routines and to disable symbol
    search.
    
    See ‘Writing portable packages’ in the ‘Writing R Extensions’ manual.
Flavors: r-devel-linux-x86_64-fedora-clang, r-devel-linux-x86_64-fedora-gcc, r-devel-macos-x86_64-clang