CRAN Package Check Results for Package lmm

Last updated on 2014-12-20 01:49:20.

Flavor Version Tinstall Tcheck Ttotal Status Flags
r-devel-linux-x86_64-debian-clang 0.9 6.36 18.30 24.66 OK
r-devel-linux-x86_64-debian-gcc 0.9 6.30 17.49 23.79 OK
r-devel-linux-x86_64-fedora-clang 0.9 44.78 OK
r-devel-linux-x86_64-fedora-gcc 0.9 41.36 OK
r-devel-osx-x86_64-clang 0.9 38.73 OK
r-devel-windows-ix86+x86_64 0.9 16.00 47.00 63.00 OK
r-patched-linux-x86_64 0.9 6.38 18.10 24.48 OK
r-patched-solaris-sparc 0.9 283.10 OK
r-patched-solaris-x86 0.9 52.60 OK
r-release-linux-ix86 0.9 8.58 20.49 29.07 OK
r-release-linux-x86_64 0.9 6.33 17.33 23.66 OK
r-release-osx-x86_64-mavericks 0.9 NOTE
r-release-osx-x86_64-snowleopard 0.9 OK
r-release-windows-ix86+x86_64 0.9 16.00 35.00 51.00 OK
r-oldrel-windows-ix86+x86_64 0.9 15.00 28.00 43.00 OK

Check Details

Version: 0.9
Check: re-building of vignette outputs
Result: NOTE
    Error in re-building vignettes:
     ...
    Error in texi2dvi(file = file, pdf = TRUE, clean = clean, quiet = quiet, :
     Running 'texi2dvi' on 'lmm-tr.tex' failed.
    LaTeX errors:
    ! LaTeX Error: File `a4wide.sty' not found.
    
    Type X to quit or <RETURN> to proceed,
    or enter new name. (Default extension: sty)
    
    t/lmm/vignettes/lmm-tr.tex:9: ==> Fatal error occurred, no output PDF file pro
    duced!
    Calls: buildVignettes -> texi2pdf -> texi2dvi
    Execution halted
Flavor: r-release-osx-x86_64-mavericks