CRAN Package Check Results for Package lmm

Last updated on 2017-10-22 22:48:52.

Flavor Version Tinstall Tcheck Ttotal Status Flags
r-devel-linux-x86_64-debian-clang 1.0 4.67 18.66 23.33 NOTE
r-devel-linux-x86_64-debian-gcc 1.0 5.48 20.10 25.58 NOTE
r-devel-linux-x86_64-fedora-clang 1.0 45.45 NOTE
r-devel-linux-x86_64-fedora-gcc 1.0 44.06 NOTE
r-devel-windows-ix86+x86_64 1.0 26.00 41.00 67.00 OK
r-patched-linux-x86_64 1.0 4.64 18.83 23.48 NOTE
r-patched-solaris-x86 1.0 48.90 OK
r-release-linux-x86_64 1.0 4.68 34.37 39.05 NOTE
r-release-windows-ix86+x86_64 1.0 19.00 39.00 58.00 OK
r-release-osx-x86_64 1.0 WARN
r-oldrel-windows-ix86+x86_64 1.0 19.00 38.00 57.00 OK
r-oldrel-osx-x86_64 1.0 OK

Check Details

Version: 1.0
Check: compiled code
Result: NOTE
    File ‘lmm/libs/lmm.so’:
     Found no calls to: ‘R_registerRoutines’, ‘R_useDynamicSymbols’
    
    It is good practice to register native routines and to disable symbol
    search.
    
    See ‘Writing portable packages’ in the ‘Writing R Extensions’ manual.
Flavors: r-devel-linux-x86_64-debian-clang, r-devel-linux-x86_64-debian-gcc, r-devel-linux-x86_64-fedora-clang, r-devel-linux-x86_64-fedora-gcc, r-patched-linux-x86_64, r-release-linux-x86_64

Version: 1.0
Check: re-building of vignette outputs
Result: WARN
    Error in re-building vignettes:
     ...
    Error in texi2dvi(file = file, pdf = TRUE, clean = clean, quiet = quiet, :
     Running 'texi2dvi' on 'lmm-tr.tex' failed.
    LaTeX errors:
    ! LaTeX Error: File `a4wide.sty' not found.
    
    Type X to quit or <RETURN> to proceed,
    or enter new name. (Default extension: sty)
    
    ! Emergency stop.
    <read *>
    
    l.9 \usepackage
     {amsmath,epsfig}^^M
    ! ==> Fatal error occurred, no output PDF file produced!
    Calls: buildVignettes -> texi2pdf -> texi2dvi
    Execution halted
Flavor: r-release-osx-x86_64