CRAN Package Check Results for Package lmm

Last updated on 2018-05-20 17:49:27 CEST.

Flavor Version Tinstall Tcheck Ttotal Status Flags
r-devel-linux-x86_64-debian-clang 1.0 6.65 31.01 37.66 NOTE
r-devel-linux-x86_64-debian-gcc 1.0 5.83 24.44 30.27 NOTE
r-devel-linux-x86_64-fedora-clang 1.0 47.85 NOTE
r-devel-linux-x86_64-fedora-gcc 1.0 46.97 NOTE
r-devel-windows-ix86+x86_64 1.0 33.00 50.00 83.00 OK
r-patched-linux-x86_64 1.0 6.67 30.03 36.70 NOTE
r-patched-solaris-x86 1.0 56.30 OK
r-release-linux-x86_64 1.0 7.14 29.78 36.92 NOTE
r-release-windows-ix86+x86_64 1.0 34.00 49.00 83.00 OK
r-release-osx-x86_64 1.0 OK
r-oldrel-windows-ix86+x86_64 1.0 19.00 39.00 58.00 OK
r-oldrel-osx-x86_64 1.0 WARN

Check Details

Version: 1.0
Check: compiled code
Result: NOTE
    File ‘lmm/libs/lmm.so’:
     Found no calls to: ‘R_registerRoutines’, ‘R_useDynamicSymbols’
    
    It is good practice to register native routines and to disable symbol
    search.
    
    See ‘Writing portable packages’ in the ‘Writing R Extensions’ manual.
Flavors: r-devel-linux-x86_64-debian-clang, r-devel-linux-x86_64-debian-gcc, r-devel-linux-x86_64-fedora-clang, r-devel-linux-x86_64-fedora-gcc, r-patched-linux-x86_64, r-release-linux-x86_64

Version: 1.0
Check: re-building of vignette outputs
Result: WARN
    Error in re-building vignettes:
     ...
    Error in texi2dvi(file = file, pdf = TRUE, clean = clean, quiet = quiet, :
     Running 'texi2dvi' on 'lmm-tr.tex' failed.
    LaTeX errors:
    ! LaTeX Error: File `a4wide.sty' not found.
    
    Type X to quit or <RETURN> to proceed,
    or enter new name. (Default extension: sty)
    
    ! Emergency stop.
    <read *>
    
    l.9 \usepackage
     {amsmath,epsfig}^^M
    ! ==> Fatal error occurred, no output PDF file produced!
    Calls: buildVignettes -> texi2pdf -> texi2dvi
    Execution halted
Flavor: r-oldrel-osx-x86_64