CRAN Package Check Results for Package lmmen

Last updated on 2018-01-22 02:49:15 CET.

Flavor Version Tinstall Tcheck Ttotal Status Flags
r-devel-linux-x86_64-debian-clang 1.0 4.81 59.11 63.92 NOTE
r-devel-linux-x86_64-debian-gcc 1.0 3.80 52.03 55.83 NOTE
r-devel-linux-x86_64-fedora-clang 1.0 91.85 NOTE
r-devel-linux-x86_64-fedora-gcc 1.0 90.62 NOTE
r-devel-windows-ix86+x86_64 1.0 9.00 79.00 88.00 OK
r-patched-linux-x86_64 1.0 5.09 72.66 77.75 OK
r-patched-solaris-x86 1.0 155.20 OK
r-release-linux-x86_64 1.0 4.75 71.50 76.25 OK
r-release-windows-ix86+x86_64 1.0 14.00 112.00 126.00 OK
r-release-osx-x86_64 1.0 OK
r-oldrel-windows-ix86+x86_64 1.0 11.00 78.00 89.00 OK
r-oldrel-osx-x86_64 1.0 OK

Check Details

Version: 1.0
Check: DESCRIPTION meta-information
Result: NOTE
    Dependence on R version ‘3.3.2’ not with patchlevel 0
Flavors: r-devel-linux-x86_64-debian-clang, r-devel-linux-x86_64-debian-gcc, r-devel-linux-x86_64-fedora-clang, r-devel-linux-x86_64-fedora-gcc