CRAN Package Check Results for Package lmmen

Last updated on 2018-08-17 21:48:12 CEST.

Flavor Version Tinstall Tcheck Ttotal Status Flags
r-devel-linux-x86_64-debian-clang 1.0 7.64 85.28 92.92 OK
r-devel-linux-x86_64-debian-gcc 1.0 6.28 68.44 74.72 OK
r-devel-linux-x86_64-fedora-clang 1.0 108.06 OK
r-devel-linux-x86_64-fedora-gcc 1.0 107.92 OK
r-devel-windows-ix86+x86_64 1.0 16.00 126.00 142.00 OK
r-patched-linux-x86_64 1.0 4.53 71.46 75.99 NOTE
r-patched-solaris-x86 1.0 145.50 OK
r-release-linux-x86_64 1.0 5.90 70.17 76.07 NOTE
r-release-windows-ix86+x86_64 1.0 16.00 107.00 123.00 OK
r-release-osx-x86_64 1.0 OK
r-oldrel-windows-ix86+x86_64 1.0 10.00 111.00 121.00 OK
r-oldrel-osx-x86_64 1.0 OK

Check Details

Version: 1.0
Check: DESCRIPTION meta-information
Result: NOTE
    Dependence on R version ‘3.3.2’ not with patchlevel 0
Flavors: r-patched-linux-x86_64, r-release-linux-x86_64