CRAN Package Check Results for Package lmmen

Last updated on 2018-04-27 05:50:04 CEST.

Flavor Version Tinstall Tcheck Ttotal Status Flags
r-devel-linux-x86_64-debian-clang 1.0 5.88 62.69 68.57 OK
r-devel-linux-x86_64-debian-gcc 1.0 5.16 54.97 60.13 OK
r-devel-linux-x86_64-fedora-clang 1.0 94.16 OK
r-devel-linux-x86_64-fedora-gcc 1.0 92.00 OK
r-devel-windows-ix86+x86_64 1.0 16.00 105.00 121.00 OK
r-patched-linux-x86_64 1.0 5.04 68.75 73.79 NOTE
r-patched-solaris-x86 1.0 140.70 OK
r-release-linux-x86_64 1.0 6.14 68.89 75.03 NOTE
r-release-windows-ix86+x86_64 1.0 16.00 105.00 121.00 OK
r-release-osx-x86_64 1.0 OK
r-oldrel-windows-ix86+x86_64 1.0 10.00 82.00 92.00 OK
r-oldrel-osx-x86_64 1.0 OK

Check Details

Version: 1.0
Check: DESCRIPTION meta-information
Result: NOTE
    Dependence on R version ‘3.3.2’ not with patchlevel 0
Flavors: r-patched-linux-x86_64, r-release-linux-x86_64