CRAN Package Check Results for Package lmmen

Last updated on 2018-11-21 02:48:38 CET.

Flavor Version Tinstall Tcheck Ttotal Status Flags
r-devel-linux-x86_64-debian-clang 1.0 6.08 73.24 79.32 OK
r-devel-linux-x86_64-debian-gcc 1.0 5.26 58.83 64.09 OK
r-devel-linux-x86_64-fedora-clang 1.0 93.08 OK
r-devel-linux-x86_64-fedora-gcc 1.0 89.96 OK
r-devel-windows-ix86+x86_64 1.0 15.00 117.00 132.00 OK
r-patched-linux-x86_64 1.0 5.55 70.46 76.01 NOTE
r-patched-solaris-x86 1.0 145.10 OK
r-release-linux-x86_64 1.0 5.41 70.34 75.75 NOTE
r-release-windows-ix86+x86_64 1.0 11.00 113.00 124.00 OK
r-release-osx-x86_64 1.0 OK
r-oldrel-windows-ix86+x86_64 1.0 13.00 109.00 122.00 OK
r-oldrel-osx-x86_64 1.0 OK

Check Details

Version: 1.0
Check: DESCRIPTION meta-information
Result: NOTE
    Dependence on R version ‘3.3.2’ not with patchlevel 0
Flavors: r-patched-linux-x86_64, r-release-linux-x86_64