CRAN Package Check Results for Package lmmfit

Last updated on 2014-10-25 11:48:39.

Flavor Version Tinstall Tcheck Ttotal Status Flags
r-devel-linux-x86_64-debian-clang 1.0 0.86 17.26 18.12 NOTE
r-devel-linux-x86_64-debian-gcc 1.0 0.84 16.96 17.80 NOTE
r-devel-linux-x86_64-fedora-clang 1.0 34.47 NOTE
r-devel-linux-x86_64-fedora-gcc 1.0 32.00 NOTE
r-devel-osx-x86_64-clang 1.0 35.66 NOTE
r-devel-windows-ix86+x86_64 1.0 4.00 29.00 33.00 NOTE
r-patched-linux-x86_64 1.0 0.92 17.95 18.88 NOTE
r-patched-solaris-sparc 1.0 205.30 NOTE
r-patched-solaris-x86 1.0 46.50 NOTE
r-release-linux-ix86 1.0 1.14 23.96 25.10 NOTE
r-release-linux-x86_64 1.0 0.87 17.01 17.88 NOTE
r-release-osx-x86_64-mavericks 1.0 NOTE
r-release-osx-x86_64-snowleopard 1.0 OK
r-release-windows-ix86+x86_64 1.0 3.00 29.00 32.00 NOTE
r-oldrel-windows-ix86+x86_64 1.0 4.00 28.00 32.00 NOTE

Check Details

Version: 1.0
Check: dependencies in R code
Result: NOTE
    Packages in Depends field not imported from:
     ‘MASS’ ‘nlme’
     These packages need to be imported from (in the NAMESPACE file)
     for when this namespace is loaded but not attached.
    See the information on DESCRIPTION files in the chapter ‘Creating R
    packages’ of the ‘Writing R Extensions’ manual.
Flavors: r-devel-linux-x86_64-debian-clang, r-devel-linux-x86_64-debian-gcc, r-devel-linux-x86_64-fedora-clang, r-devel-linux-x86_64-fedora-gcc, r-devel-osx-x86_64-clang, r-devel-windows-ix86+x86_64, r-patched-linux-x86_64, r-patched-solaris-sparc, r-patched-solaris-x86, r-release-linux-ix86, r-release-linux-x86_64, r-release-osx-x86_64-mavericks, r-release-windows-ix86+x86_64, r-oldrel-windows-ix86+x86_64

Version: 1.0
Check: R code for possible problems
Result: NOTE
    GIC: no visible global function definition for ‘getGroupsFormula’
    GIC: no visible global function definition for ‘fixef’
    lmmCCC: no visible global function definition for ‘getGroupsFormula’
    lmmCCC: no visible global function definition for ‘getResponse’
    lmmCCC: no visible global function definition for ‘getGroups’
    lmmCCC: no visible global function definition for ‘fixef’
    lmmCCC: no visible global function definition for ‘getData’
    lmmCCC: no visible global function definition for ‘ranef’
    lmmPRESS: no visible global function definition for ‘getGroupsFormula’
    lmmPRESS: no visible global function definition for ‘getGroups’
    lmmPRESS: no visible global function definition for ‘getResponse’
    lmmPRESS: no visible global function definition for ‘getData’
    lmmPRESS: no visible global function definition for ‘getVarCov’
    lmmPRESS: no visible global function definition for ‘ginv’
    lmmR2: no visible global function definition for ‘getGroupsFormula’
    lmmR2: no visible global function definition for ‘getResponse’
    lmmR2: no visible global function definition for ‘fixef’
    lmmR2: no visible global function definition for ‘getData’
    lmmR2: no visible global function definition for ‘getGroups’
    lmmR2: no visible global function definition for ‘ranef’
    lmmR2LR: no visible global function definition for ‘getGroupsFormula’
    lmmR2LR: no visible global function definition for ‘getData’
    lmmR2W: no visible global function definition for ‘getGroupsFormula’
    lmmR2W: no visible global function definition for ‘getGroups’
    lmmR2W: no visible global function definition for ‘getResponse’
    lmmR2W: no visible global function definition for ‘getVarCov’
    lmmR2W: no visible global function definition for ‘ginv’
    lmmR2W: no visible global function definition for ‘ranef’
    nxtcor: no visible global function definition for ‘getData’
    nxtcor: no visible global function definition for ‘corCompSymm’
    nxtcor: no visible global function definition for ‘corARMA’
    nxtcor: no visible global function definition for ‘corAR1’
    nxtcor: no visible global function definition for ‘corSymm’
    nxtrand: no visible global function definition for ‘getData’
    nxtrand: no visible global function definition for ‘getGroups’
    nxtrand: no visible global function definition for ‘groupedData’
    nxtrand: no visible global function definition for ‘pdDiag’
    nxtrand: no visible global function definition for ‘pdCompSymm’
    nxtrand: no visible global function definition for ‘pdSymm’
    prvcor: no visible global function definition for ‘getData’
    prvcor: no visible global function definition for ‘corCompSymm’
    prvcor: no visible global function definition for ‘corARMA’
    prvcor: no visible global function definition for ‘corAR1’
    prvrand: no visible global function definition for ‘getData’
    prvrand: no visible global function definition for ‘getGroups’
    prvrand: no visible global function definition for ‘groupedData’
    prvrand: no visible global function definition for ‘pdDiag’
    prvrand: no visible global function definition for ‘pdCompSymm’
    prvrand: no visible global function definition for ‘pdIdent’
    structStep: no visible global function definition for
     ‘getGroupsFormula’
    structStepR2: no visible global function definition for
     ‘getGroupsFormula’
Flavors: r-devel-linux-x86_64-debian-clang, r-devel-linux-x86_64-debian-gcc, r-devel-linux-x86_64-fedora-clang, r-devel-linux-x86_64-fedora-gcc, r-devel-osx-x86_64-clang, r-devel-windows-ix86+x86_64, r-patched-linux-x86_64, r-patched-solaris-sparc, r-patched-solaris-x86

Version: 1.0
Check: Rd line widths
Result: NOTE
    Rd file 'structStep.Rd':
     \usage lines wider than 90 characters:
     structStep(model, k = 2, p = 1, q = 1, structChange = "both", trace = TRUE, type = "marginal")
    
    Rd file 'structStepR2.Rd':
     \usage lines wider than 90 characters:
     structStepR2(model, crit = lmmCCC, type = "marginal", adjust = "none", p = 1, q = 1, structChange = "both", trace = TRUE)
    
    These lines will be truncated in the PDF manual.
Flavors: r-devel-linux-x86_64-debian-clang, r-devel-linux-x86_64-debian-gcc, r-devel-linux-x86_64-fedora-clang, r-devel-linux-x86_64-fedora-gcc, r-patched-linux-x86_64, r-release-linux-x86_64