CRAN Package Check Results for Package lmodel2

Last updated on 2017-01-17 17:47:32.

Flavor Version Tinstall Tcheck Ttotal Status Flags
r-devel-linux-x86_64-debian-clang 1.7-2 0.67 18.99 19.66 NOTE
r-devel-linux-x86_64-debian-gcc 1.7-2 0.67 18.41 19.07 NOTE
r-devel-linux-x86_64-fedora-clang 1.7-2 35.19 NOTE --no-stop-on-test-error
r-devel-linux-x86_64-fedora-gcc 1.7-2 35.28 NOTE --no-stop-on-test-error
r-devel-macos-x86_64-clang 1.7-2 31.31 NOTE --no-stop-on-test-error
r-devel-windows-ix86+x86_64 1.7-2 5.00 45.00 50.00 NOTE
r-patched-linux-x86_64 1.7-2 0.64 16.69 17.34 NOTE
r-patched-solaris-sparc 1.7-2 175.60 NOTE
r-patched-solaris-x86 1.7-2 37.20 NOTE
r-release-linux-x86_64 1.7-2 0.70 16.29 16.99 NOTE
r-release-osx-x86_64-mavericks 1.7-2 NOTE
r-release-windows-ix86+x86_64 1.7-2 2.00 40.00 42.00 NOTE
r-oldrel-windows-ix86+x86_64 1.7-2 3.00 42.00 45.00 OK

Check Details

Version: 1.7-2
Check: R code for possible problems
Result: NOTE
    lines.lmodel2: no visible global function definition for ‘abline’
    lmodel2: no visible global function definition for ‘var’
    lmodel2: no visible global function definition for ‘cov’
    lmodel2: no visible global function definition for ‘cor’
    lmodel2: no visible global function definition for ‘qt’
    lmodel2: no visible global function definition for ‘lm’
    lmodel2: no visible global function definition for ‘confint’
    permutest.lmodel2: no visible global function definition for ‘lm’
    permutest.lmodel2: no visible global function definition for ‘cor’
    plot.lmodel2: no visible global function definition for ‘points’
    plot.lmodel2: no visible global function definition for ‘abline’
    plot.lmodel2: no visible global function definition for ‘title’
    Undefined global functions or variables:
     abline confint cor cov lm points qt title var
    Consider adding
     importFrom("graphics", "abline", "points", "title")
     importFrom("stats", "confint", "cor", "cov", "lm", "qt", "var")
    to your NAMESPACE file.
Flavors: r-devel-linux-x86_64-debian-clang, r-devel-linux-x86_64-debian-gcc, r-devel-windows-ix86+x86_64, r-patched-linux-x86_64, r-patched-solaris-sparc, r-patched-solaris-x86, r-release-linux-x86_64, r-release-osx-x86_64-mavericks, r-release-windows-ix86+x86_64

Version: 1.7-2
Flags: --no-stop-on-test-error
Check: R code for possible problems
Result: NOTE
    lines.lmodel2: no visible global function definition for ‘abline’
    lmodel2: no visible global function definition for ‘var’
    lmodel2: no visible global function definition for ‘cov’
    lmodel2: no visible global function definition for ‘cor’
    lmodel2: no visible global function definition for ‘qt’
    lmodel2: no visible global function definition for ‘lm’
    lmodel2: no visible global function definition for ‘confint’
    permutest.lmodel2: no visible global function definition for ‘lm’
    permutest.lmodel2: no visible global function definition for ‘cor’
    plot.lmodel2: no visible global function definition for ‘points’
    plot.lmodel2: no visible global function definition for ‘abline’
    plot.lmodel2: no visible global function definition for ‘title’
    Undefined global functions or variables:
     abline confint cor cov lm points qt title var
    Consider adding
     importFrom("graphics", "abline", "points", "title")
     importFrom("stats", "confint", "cor", "cov", "lm", "qt", "var")
    to your NAMESPACE file.
Flavors: r-devel-linux-x86_64-fedora-clang, r-devel-linux-x86_64-fedora-gcc, r-devel-macos-x86_64-clang