CRAN Package Check Results for Package lmodel2

Last updated on 2018-02-21 01:47:39 CET.

Flavor Version Tinstall Tcheck Ttotal Status Flags
r-devel-linux-x86_64-debian-clang 1.7-3 1.45 29.02 30.47 OK
r-devel-linux-x86_64-debian-gcc 1.7-3 1.03 22.77 23.80 OK
r-devel-linux-x86_64-fedora-clang 1.7-3 37.58 OK
r-devel-linux-x86_64-fedora-gcc 1.7-3 36.71 OK
r-devel-windows-ix86+x86_64 1.7-3 4.00 43.00 47.00 OK
r-patched-linux-x86_64 1.7-3 0.86 28.86 29.72 OK
r-patched-solaris-x86 1.7-3 45.30 OK
r-release-linux-x86_64 1.7-3 0.71 28.90 29.61 OK
r-release-windows-ix86+x86_64 1.7-3 2.00 45.00 47.00 OK
r-release-osx-x86_64 1.7-3 OK
r-oldrel-windows-ix86+x86_64 1.7-3 2.00 41.00 43.00 OK
r-oldrel-osx-x86_64 1.7-2 NOTE

Check Details

Version: 1.7-2
Check: R code for possible problems
Result: NOTE
    lines.lmodel2: no visible global function definition for ‘abline’
    lmodel2: no visible global function definition for ‘var’
    lmodel2: no visible global function definition for ‘cov’
    lmodel2: no visible global function definition for ‘cor’
    lmodel2: no visible global function definition for ‘qt’
    lmodel2: no visible global function definition for ‘lm’
    lmodel2: no visible global function definition for ‘confint’
    permutest.lmodel2: no visible global function definition for ‘lm’
    permutest.lmodel2: no visible global function definition for ‘cor’
    plot.lmodel2: no visible global function definition for ‘points’
    plot.lmodel2: no visible global function definition for ‘abline’
    plot.lmodel2: no visible global function definition for ‘title’
    Undefined global functions or variables:
     abline confint cor cov lm points qt title var
    Consider adding
     importFrom("graphics", "abline", "points", "title")
     importFrom("stats", "confint", "cor", "cov", "lm", "qt", "var")
    to your NAMESPACE file.
Flavor: r-oldrel-osx-x86_64