CRAN Package Check Results for Package lmodel2

Last updated on 2015-08-30 05:47:55.

Flavor Version Tinstall Tcheck Ttotal Status Flags
r-devel-linux-x86_64-debian-clang 1.7-2 0.56 16.17 16.74 NOTE
r-devel-linux-x86_64-debian-gcc 1.7-2 0.49 16.06 16.54 NOTE
r-devel-linux-x86_64-fedora-clang 1.7-2 33.28 NOTE
r-devel-linux-x86_64-fedora-gcc 1.7-2 31.71 NOTE
r-devel-osx-x86_64-clang 1.7-2 33.35 OK
r-devel-windows-ix86+x86_64 1.7-2 5.00 35.00 40.00 NOTE
r-patched-linux-x86_64 1.7-2 0.55 16.60 17.16 OK
r-patched-solaris-sparc 1.7-2 225.20 OK
r-patched-solaris-x86 1.7-2 45.20 OK
r-release-linux-x86_64 1.7-2 0.56 17.30 17.85 OK
r-release-osx-x86_64-mavericks 1.7-2 OK
r-release-windows-ix86+x86_64 1.7-2 3.00 32.00 35.00 OK
r-oldrel-windows-ix86+x86_64 1.7-2 5.00 31.00 36.00 OK

Check Details

Version: 1.7-2
Check: R code for possible problems
Result: NOTE
    lines.lmodel2: no visible global function definition for ‘abline’
    lmodel2: no visible global function definition for ‘var’
    lmodel2: no visible global function definition for ‘cov’
    lmodel2: no visible global function definition for ‘cor’
    lmodel2: no visible global function definition for ‘qt’
    lmodel2: no visible global function definition for ‘lm’
    lmodel2: no visible global function definition for ‘confint’
    permutest.lmodel2: no visible global function definition for ‘lm’
    permutest.lmodel2: no visible global function definition for ‘cor’
    plot.lmodel2: no visible global function definition for ‘points’
    plot.lmodel2: no visible global function definition for ‘abline’
    plot.lmodel2: no visible global function definition for ‘title’
    Undefined global functions or variables:
     abline confint cor cov lm points qt title var
    Consider adding
     importFrom("graphics", "abline", "points", "title")
     importFrom("stats", "confint", "cor", "cov", "lm", "qt", "var")
    to your NAMESPACE.
Flavors: r-devel-linux-x86_64-debian-clang, r-devel-linux-x86_64-debian-gcc, r-devel-linux-x86_64-fedora-clang, r-devel-linux-x86_64-fedora-gcc, r-devel-windows-ix86+x86_64