CRAN Package Check Results for Package lmodel2

Last updated on 2014-11-23 03:48:02.

Flavor Version Tinstall Tcheck Ttotal Status Flags
r-devel-linux-x86_64-debian-clang 1.7-2 0.60 17.96 18.55 OK
r-devel-linux-x86_64-debian-gcc 1.7-2 0.62 17.38 18.00 OK
r-devel-linux-x86_64-fedora-clang 1.7-2 37.98 OK
r-devel-linux-x86_64-fedora-gcc 1.7-2 35.68 OK
r-devel-osx-x86_64-clang 1.7-2 42.50 OK
r-devel-windows-ix86+x86_64 1.7-2 2.00 28.00 30.00 OK
r-patched-linux-x86_64 1.7-2 0.62 18.75 19.36 OK
r-patched-solaris-sparc 1.7-2 272.30 OK
r-patched-solaris-x86 1.7-2 49.90 OK
r-release-linux-ix86 1.7-2 0.92 24.66 25.57 OK
r-release-linux-x86_64 1.7-2 0.68 18.24 18.92 OK
r-release-osx-x86_64-mavericks 1.7-2 NOTE
r-release-osx-x86_64-snowleopard 1.7-2 OK
r-release-windows-ix86+x86_64 1.7-2 3.00 41.00 44.00 OK
r-oldrel-windows-ix86+x86_64 1.7-2 2.00 30.00 32.00 OK

Check Details

Version: 1.7-2
Check: re-building of vignette outputs
Result: NOTE
    Error in re-building vignettes:
     ...
    Loading required package: lmodel2
    RMA was not requested: it will not be computed.
    
    Error in texi2dvi(file = file, pdf = TRUE, clean = clean, quiet = quiet, :
     Running 'texi2dvi' on 'mod2user.tex' failed.
    LaTeX errors:
    ! LaTeX Error: File `ucs.sty' not found.
    
    Type X to quit or <RETURN> to proceed,
    or enter new name. (Default extension: sty)
    
    _test/lmodel2/vignettes/mod2user.tex:5: ==> Fatal error occurred, no output PD
    F file produced!
    Calls: buildVignettes -> texi2pdf -> texi2dvi
    Execution halted
Flavor: r-release-osx-x86_64-mavericks