CRAN Package Check Results for Package lmodel2

Last updated on 2017-03-23 23:50:51.

Flavor Version Tinstall Tcheck Ttotal Status Flags
r-devel-linux-x86_64-debian-clang 1.7-2 0.75 19.20 19.95 NOTE
r-devel-linux-x86_64-debian-gcc 1.7-2 0.64 18.73 19.37 NOTE
r-devel-linux-x86_64-fedora-clang 1.7-2 36.06 NOTE --no-stop-on-test-error
r-devel-linux-x86_64-fedora-gcc 1.7-2 34.72 NOTE --no-stop-on-test-error
r-devel-macos-x86_64-clang 1.7-2 28.08 NOTE --no-stop-on-test-error
r-devel-windows-ix86+x86_64 1.7-2 3.00 49.00 52.00 NOTE
r-patched-linux-x86_64 1.7-2 0.56 19.47 20.04 NOTE
r-patched-solaris-sparc 1.7-2 204.00 NOTE
r-patched-solaris-x86 1.7-2 48.10 NOTE
r-release-linux-x86_64 1.7-2 0.71 19.67 20.38 NOTE
r-release-osx-x86_64-mavericks 1.7-2 NOTE
r-release-windows-ix86+x86_64 1.7-2 2.00 40.00 42.00 NOTE
r-oldrel-windows-ix86+x86_64 1.7-2 3.00 42.00 45.00 OK

Check Details

Version: 1.7-2
Check: R code for possible problems
Result: NOTE
    lines.lmodel2: no visible global function definition for ‘abline’
    lmodel2: no visible global function definition for ‘var’
    lmodel2: no visible global function definition for ‘cov’
    lmodel2: no visible global function definition for ‘cor’
    lmodel2: no visible global function definition for ‘qt’
    lmodel2: no visible global function definition for ‘lm’
    lmodel2: no visible global function definition for ‘confint’
    permutest.lmodel2: no visible global function definition for ‘lm’
    permutest.lmodel2: no visible global function definition for ‘cor’
    plot.lmodel2: no visible global function definition for ‘points’
    plot.lmodel2: no visible global function definition for ‘abline’
    plot.lmodel2: no visible global function definition for ‘title’
    Undefined global functions or variables:
     abline confint cor cov lm points qt title var
    Consider adding
     importFrom("graphics", "abline", "points", "title")
     importFrom("stats", "confint", "cor", "cov", "lm", "qt", "var")
    to your NAMESPACE file.
Flavors: r-devel-linux-x86_64-debian-clang, r-devel-linux-x86_64-debian-gcc, r-devel-windows-ix86+x86_64, r-patched-linux-x86_64, r-patched-solaris-sparc, r-patched-solaris-x86, r-release-linux-x86_64, r-release-osx-x86_64-mavericks, r-release-windows-ix86+x86_64

Version: 1.7-2
Flags: --no-stop-on-test-error
Check: R code for possible problems
Result: NOTE
    lines.lmodel2: no visible global function definition for ‘abline’
    lmodel2: no visible global function definition for ‘var’
    lmodel2: no visible global function definition for ‘cov’
    lmodel2: no visible global function definition for ‘cor’
    lmodel2: no visible global function definition for ‘qt’
    lmodel2: no visible global function definition for ‘lm’
    lmodel2: no visible global function definition for ‘confint’
    permutest.lmodel2: no visible global function definition for ‘lm’
    permutest.lmodel2: no visible global function definition for ‘cor’
    plot.lmodel2: no visible global function definition for ‘points’
    plot.lmodel2: no visible global function definition for ‘abline’
    plot.lmodel2: no visible global function definition for ‘title’
    Undefined global functions or variables:
     abline confint cor cov lm points qt title var
    Consider adding
     importFrom("graphics", "abline", "points", "title")
     importFrom("stats", "confint", "cor", "cov", "lm", "qt", "var")
    to your NAMESPACE file.
Flavors: r-devel-linux-x86_64-fedora-clang, r-devel-linux-x86_64-fedora-gcc, r-devel-macos-x86_64-clang