CRAN Package Check Results for Package lmodel2

Last updated on 2016-08-28 03:47:12.

Flavor Version Tinstall Tcheck Ttotal Status Flags
r-devel-linux-x86_64-debian-clang 1.7-2 0.62 16.59 17.21 NOTE
r-devel-linux-x86_64-debian-gcc 1.7-2 0.58 16.63 17.21 NOTE
r-devel-linux-x86_64-fedora-clang 1.7-2 31.63 NOTE
r-devel-linux-x86_64-fedora-gcc 1.7-2 29.96 NOTE
r-devel-osx-x86_64-clang 1.7-2 26.36 NOTE
r-devel-windows-ix86+x86_64 1.7-2 4.00 57.00 61.00 NOTE
r-patched-linux-x86_64 1.7-2 0.61 16.47 17.07 NOTE
r-patched-solaris-sparc 1.7-2 187.50 NOTE
r-patched-solaris-x86 1.7-2 36.40 NOTE
r-release-linux-x86_64 1.7-2 0.68 16.55 17.22 NOTE
r-release-osx-x86_64-mavericks 1.7-2 NOTE
r-release-windows-ix86+x86_64 1.7-2 3.00 52.00 55.00 NOTE
r-oldrel-windows-ix86+x86_64 1.7-2 3.00 30.00 33.00 OK

Check Details

Version: 1.7-2
Check: R code for possible problems
Result: NOTE
    lines.lmodel2: no visible global function definition for ‘abline’
    lmodel2: no visible global function definition for ‘var’
    lmodel2: no visible global function definition for ‘cov’
    lmodel2: no visible global function definition for ‘cor’
    lmodel2: no visible global function definition for ‘qt’
    lmodel2: no visible global function definition for ‘lm’
    lmodel2: no visible global function definition for ‘confint’
    permutest.lmodel2: no visible global function definition for ‘lm’
    permutest.lmodel2: no visible global function definition for ‘cor’
    plot.lmodel2: no visible global function definition for ‘points’
    plot.lmodel2: no visible global function definition for ‘abline’
    plot.lmodel2: no visible global function definition for ‘title’
    Undefined global functions or variables:
     abline confint cor cov lm points qt title var
    Consider adding
     importFrom("graphics", "abline", "points", "title")
     importFrom("stats", "confint", "cor", "cov", "lm", "qt", "var")
    to your NAMESPACE file.
Flavors: r-devel-linux-x86_64-debian-clang, r-devel-linux-x86_64-debian-gcc, r-devel-linux-x86_64-fedora-clang, r-devel-linux-x86_64-fedora-gcc, r-devel-osx-x86_64-clang, r-devel-windows-ix86+x86_64, r-patched-linux-x86_64, r-patched-solaris-sparc, r-patched-solaris-x86, r-release-linux-x86_64, r-release-osx-x86_64-mavericks, r-release-windows-ix86+x86_64