CRAN Package Check Results for Package lmodel2

Last updated on 2017-06-23 15:48:06.

Flavor Version Tinstall Tcheck Ttotal Status Flags
r-devel-linux-x86_64-debian-clang 1.7-2 0.63 21.45 22.08 NOTE
r-devel-linux-x86_64-debian-gcc 1.7-2 0.67 21.11 21.78 NOTE
r-devel-linux-x86_64-fedora-clang 1.7-2 37.05 NOTE
r-devel-linux-x86_64-fedora-gcc 1.7-2 35.70 NOTE
r-devel-windows-ix86+x86_64 1.7-2 3.00 67.00 70.00 NOTE
r-patched-linux-x86_64 1.7-2 0.60 20.97 21.57 NOTE
r-patched-solaris-sparc 1.7-2 204.00 NOTE
r-patched-solaris-x86 1.7-2 44.70 NOTE
r-release-linux-x86_64 1.7-2 0.60 21.27 21.87 NOTE
r-release-windows-ix86+x86_64 1.7-2 3.00 42.00 45.00 NOTE
r-release-osx-x86_64 1.7-2 NOTE
r-oldrel-windows-ix86+x86_64 1.7-2 2.00 40.00 42.00 NOTE
r-oldrel-osx-x86_64 1.7-2 NOTE

Check Details

Version: 1.7-2
Check: R code for possible problems
Result: NOTE
    lines.lmodel2: no visible global function definition for ‘abline’
    lmodel2: no visible global function definition for ‘var’
    lmodel2: no visible global function definition for ‘cov’
    lmodel2: no visible global function definition for ‘cor’
    lmodel2: no visible global function definition for ‘qt’
    lmodel2: no visible global function definition for ‘lm’
    lmodel2: no visible global function definition for ‘confint’
    permutest.lmodel2: no visible global function definition for ‘lm’
    permutest.lmodel2: no visible global function definition for ‘cor’
    plot.lmodel2: no visible global function definition for ‘points’
    plot.lmodel2: no visible global function definition for ‘abline’
    plot.lmodel2: no visible global function definition for ‘title’
    Undefined global functions or variables:
     abline confint cor cov lm points qt title var
    Consider adding
     importFrom("graphics", "abline", "points", "title")
     importFrom("stats", "confint", "cor", "cov", "lm", "qt", "var")
    to your NAMESPACE file.
Flavors: r-devel-linux-x86_64-debian-clang, r-devel-linux-x86_64-debian-gcc, r-devel-linux-x86_64-fedora-clang, r-devel-linux-x86_64-fedora-gcc, r-devel-windows-ix86+x86_64, r-patched-linux-x86_64, r-patched-solaris-sparc, r-patched-solaris-x86, r-release-linux-x86_64, r-release-windows-ix86+x86_64, r-release-osx-x86_64, r-oldrel-windows-ix86+x86_64, r-oldrel-osx-x86_64

Version: 1.7-2
Check: re-building of vignette outputs
Result: NOTE
    Error in re-building vignettes:
     ...
    Loading required package: lmodel2
    RMA was not requested: it will not be computed.
    
    Error in texi2dvi(file = file, pdf = TRUE, clean = clean, quiet = quiet, :
     Running 'texi2dvi' on 'mod2user.tex' failed.
    LaTeX errors:
    ! LaTeX Error: File `ucs.sty' not found.
    
    Type X to quit or <RETURN> to proceed,
    or enter new name. (Default extension: sty)
    
    ! Emergency stop.
    <read *>
    
    l.5 \usepackage
     [utf8x]{inputenc}^^M
    ! ==> Fatal error occurred, no output PDF file produced!
    Calls: buildVignettes -> texi2pdf -> texi2dvi
    Execution halted
Flavor: r-release-osx-x86_64