CRAN Package Check Results for Package lmodel2

Last updated on 2014-07-29 07:48:57.

Flavor Version Tinstall Tcheck Ttotal Status Flags
r-devel-linux-x86_64-debian-clang 1.7-2 0.52 16.72 17.24 OK
r-devel-linux-x86_64-debian-gcc 1.7-2 0.50 16.37 16.88 OK
r-devel-linux-x86_64-fedora-clang 1.7-2 38.99 OK
r-devel-linux-x86_64-fedora-gcc 1.7-2 36.60 OK
r-devel-osx-x86_64-clang 1.7-2 40.37 OK
r-devel-windows-ix86+x86_64 1.7-2 2.00 28.00 30.00 OK
r-patched-linux-x86_64 1.7-2 0.54 16.26 16.81 OK
r-patched-solaris-sparc 1.7-2 198.20 OK
r-patched-solaris-x86 1.7-2 51.60 OK
r-release-linux-ix86 1.7-2 0.90 24.74 25.63 OK
r-release-linux-x86_64 1.7-2 0.56 16.91 17.47 OK
r-release-osx-x86_64-mavericks 1.7-2 NOTE
r-release-osx-x86_64-snowleopard 1.7-2 OK
r-release-windows-ix86+x86_64 1.7-2 3.00 29.00 32.00 OK
r-oldrel-windows-ix86+x86_64 1.7-2 2.00 30.00 32.00 OK

Check Details

Version: 1.7-2
Check: re-building of vignette outputs
Result: NOTE
    Error in re-building vignettes:
     ...
    Loading required package: lmodel2
    RMA was not requested: it will not be computed.
    
    Error in texi2dvi(file = file, pdf = TRUE, clean = clean, quiet = quiet, :
     Running 'texi2dvi' on 'mod2user.tex' failed.
    LaTeX errors:
    ! LaTeX Error: File `ucs.sty' not found.
    
    Type X to quit or <RETURN> to proceed,
    or enter new name. (Default extension: sty)
    
    _test/lmodel2/vignettes/mod2user.tex:5: ==> Fatal error occurred, no output PD
    F file produced!
    Calls: buildVignettes -> texi2pdf -> texi2dvi
    Execution halted
Flavor: r-release-osx-x86_64-mavericks