CRAN Package Check Results for Package lmodel2

Last updated on 2015-07-03 23:47:39.

Flavor Version Tinstall Tcheck Ttotal Status Flags
r-devel-linux-x86_64-debian-clang 1.7-2 0.54 16.56 17.10 NOTE
r-devel-linux-x86_64-debian-gcc 1.7-2 0.51 16.71 17.22 NOTE
r-devel-linux-x86_64-fedora-clang 1.7-2 33.25 NOTE
r-devel-linux-x86_64-fedora-gcc 1.7-2 31.04 NOTE
r-devel-osx-x86_64-clang 1.7-2 36.12 OK
r-devel-windows-ix86+x86_64 1.7-2 3.00 47.00 50.00 OK
r-patched-linux-x86_64 1.7-2 0.54 16.48 17.02 OK
r-patched-solaris-sparc 1.7-2 216.40 OK
r-patched-solaris-x86 1.7-2 44.10 OK
r-release-linux-x86_64 1.7-2 0.55 16.60 17.15 OK
r-release-osx-x86_64-mavericks 1.7-2 OK
r-release-windows-ix86+x86_64 1.7-2 2.00 28.00 30.00 OK
r-oldrel-windows-ix86+x86_64 1.7-2 5.00 31.00 36.00 OK

Check Details

Version: 1.7-2
Check: R code for possible problems
Result: NOTE
    lines.lmodel2: no visible global function definition for ‘abline’
    lmodel2: no visible global function definition for ‘var’
    lmodel2: no visible global function definition for ‘cov’
    lmodel2: no visible global function definition for ‘cor’
    lmodel2: no visible global function definition for ‘qt’
    lmodel2: no visible global function definition for ‘lm’
    lmodel2: no visible global function definition for ‘confint’
    permutest.lmodel2: no visible global function definition for ‘lm’
    permutest.lmodel2: no visible global function definition for ‘cor’
    plot.lmodel2: no visible global function definition for ‘points’
    plot.lmodel2: no visible global function definition for ‘abline’
    plot.lmodel2: no visible global function definition for ‘title’
    Undefined global functions or variables:
     abline confint cor cov lm points qt title var
Flavors: r-devel-linux-x86_64-debian-clang, r-devel-linux-x86_64-debian-gcc, r-devel-linux-x86_64-fedora-clang, r-devel-linux-x86_64-fedora-gcc