CRAN Package Check Results for Package lmodel2

Last updated on 2016-05-25 14:47:35.

Flavor Version Tinstall Tcheck Ttotal Status Flags
r-devel-linux-x86_64-debian-gcc 1.7-2 0.61 16.77 17.38 NOTE
r-devel-linux-x86_64-fedora-clang 1.7-2 30.71 NOTE
r-devel-linux-x86_64-fedora-gcc 1.7-2 27.44 NOTE
r-devel-osx-x86_64-clang 1.7-2 35.44 NOTE
r-devel-windows-ix86+x86_64 1.7-2 2.00 43.00 45.00 NOTE
r-patched-linux-x86_64 1.7-2 0.62 16.11 16.74 NOTE
r-patched-solaris-sparc 1.7-2 206.00 NOTE
r-patched-solaris-x86 1.7-2 39.10 NOTE
r-release-linux-x86_64 1.7-2 0.59 16.54 17.13 NOTE
r-release-osx-x86_64-mavericks 1.7-2 NOTE
r-release-windows-ix86+x86_64 1.7-2 3.00 52.00 55.00 NOTE
r-oldrel-windows-ix86+x86_64 1.7-2 3.00 30.00 33.00 OK

Check Details

Version: 1.7-2
Check: R code for possible problems
Result: NOTE
    lines.lmodel2: no visible global function definition for ‘abline’
    lmodel2: no visible global function definition for ‘var’
    lmodel2: no visible global function definition for ‘cov’
    lmodel2: no visible global function definition for ‘cor’
    lmodel2: no visible global function definition for ‘qt’
    lmodel2: no visible global function definition for ‘lm’
    lmodel2: no visible global function definition for ‘confint’
    permutest.lmodel2: no visible global function definition for ‘lm’
    permutest.lmodel2: no visible global function definition for ‘cor’
    plot.lmodel2: no visible global function definition for ‘points’
    plot.lmodel2: no visible global function definition for ‘abline’
    plot.lmodel2: no visible global function definition for ‘title’
    Undefined global functions or variables:
     abline confint cor cov lm points qt title var
    Consider adding
     importFrom("graphics", "abline", "points", "title")
     importFrom("stats", "confint", "cor", "cov", "lm", "qt", "var")
    to your NAMESPACE file.
Flavors: r-devel-linux-x86_64-debian-gcc, r-devel-linux-x86_64-fedora-clang, r-devel-linux-x86_64-fedora-gcc, r-devel-osx-x86_64-clang, r-devel-windows-ix86+x86_64, r-patched-linux-x86_64, r-patched-solaris-sparc, r-patched-solaris-x86, r-release-linux-x86_64, r-release-osx-x86_64-mavericks, r-release-windows-ix86+x86_64