CRAN Package Check Results for Package lmomco

Last updated on 2014-04-25 05:47:18.

Flavor Version Tinstall Tcheck Ttotal Status Flags
r-devel-linux-x86_64-debian-clang 2.0.1 4.70 75.75 80.45 OK
r-devel-linux-x86_64-debian-gcc 2.0.1 4.59 75.05 79.64 OK
r-devel-linux-x86_64-fedora-clang 2.0.1 156.10 OK
r-devel-linux-x86_64-fedora-gcc 2.0.1 152.29 OK
r-devel-osx-x86_64-clang 2.0.1 113.51 OK
r-devel-osx-x86_64-gcc 2.0.1 NOTE
r-devel-windows-ix86+x86_64 2.0.1 11.00 98.00 109.00 OK
r-patched-linux-x86_64 2.0.1 4.61 74.72 79.33 OK
r-patched-solaris-sparc 2.0.1 833.90 OK
r-patched-solaris-x86 2.0.1 169.00 OK
r-release-linux-ix86 2.0.1 7.00 113.00 120.00 OK
r-release-linux-x86_64 2.0.1 4.60 75.88 80.48 OK
r-release-osx-x86_64-mavericks 2.0.1 WARN
r-release-osx-x86_64-snowleopard 2.0.1 OK
r-release-windows-ix86+x86_64 2.0.1 16.00 146.00 162.00 OK
r-oldrel-windows-ix86+x86_64 2.0.1 11.00 107.00 118.00 OK

Check Details

Version: 2.0.1
Check: package dependencies
Result: NOTE
    Package suggested but not available for checking: ‘copBasic’
Flavor: r-devel-osx-x86_64-gcc

Version: 2.0.1
Check: PDF version of manual
Result: WARNING
    LaTeX errors when creating PDF version.
    This typically indicates Rd problems.
    LaTeX errors found:
    ! LaTeX Error: File `upquote.sty' not found.
    
    Type X to quit or <RETURN> to proceed,
    or enter new name. (Default extension: sty)
    
    2bbb4c94/Rd2.tex:8: ==> Fatal error occurred, no output PDF file produced!
Flavor: r-release-osx-x86_64-mavericks