CRAN Package Check Results for Package lmtest

Last updated on 2014-07-30 11:49:51.

Flavor Version Tinstall Tcheck Ttotal Status Flags
r-devel-linux-x86_64-debian-clang 0.9-33 1.52 23.28 24.81 OK
r-devel-linux-x86_64-debian-gcc 0.9-33 1.51 23.81 25.32 OK
r-devel-linux-x86_64-fedora-clang 0.9-33 50.96 OK
r-devel-linux-x86_64-fedora-gcc 0.9-33 47.36 OK
r-devel-osx-x86_64-clang 0.9-33 53.63 OK
r-devel-windows-ix86+x86_64 0.9-33 7.00 46.00 53.00 OK
r-patched-linux-x86_64 0.9-33 1.42 23.13 24.55 OK
r-patched-solaris-sparc 0.9-33 283.20 OK
r-patched-solaris-x86 0.9-33 67.20 OK
r-release-linux-ix86 0.9-33 1.94 32.73 34.68 OK
r-release-linux-x86_64 0.9-33 1.53 23.76 25.29 OK
r-release-osx-x86_64-mavericks 0.9-33 NOTE
r-release-osx-x86_64-snowleopard 0.9-33 OK
r-release-windows-ix86+x86_64 0.9-33 7.00 51.00 58.00 OK
r-oldrel-windows-ix86+x86_64 0.9-33 8.00 48.00 56.00 OK

Check Details

Version: 0.9-33
Check: re-building of vignette outputs
Result: NOTE
    Error in re-building vignettes:
     ...
    Loading required package: zoo
    
    Attaching package: zoo
    
    The following objects are masked from package:base :
    
     as.Date, as.Date.numeric
    
    Loading required package: strucchange
    Loading required package: sandwich
    Error in texi2dvi(file = file, pdf = TRUE, clean = clean, quiet = quiet, :
     Running 'texi2dvi' on 'lmtest-intro.tex' failed.
    LaTeX errors:
    ! LaTeX Error: File `a4wide.sty' not found.
    
    Type X to quit or <RETURN> to proceed,
    or enter new name. (Default extension: sty)
    
    test/lmtest/vignettes/lmtest-intro.tex:3: ==> Fatal error occurred, no output
    PDF file produced!
    Calls: buildVignettes -> texi2pdf -> texi2dvi
    Execution halted
Flavor: r-release-osx-x86_64-mavericks