CRAN Package Check Results for Package lmtest

Last updated on 2014-12-22 16:49:44.

Flavor Version Tinstall Tcheck Ttotal Status Flags
r-devel-linux-x86_64-debian-clang 0.9-33 1.44 23.30 24.74 OK
r-devel-linux-x86_64-debian-gcc 0.9-33 1.51 22.39 23.90 OK
r-devel-linux-x86_64-fedora-clang 0.9-33 49.82 OK
r-devel-linux-x86_64-fedora-gcc 0.9-33 48.31 OK
r-devel-osx-x86_64-clang 0.9-33 52.43 OK
r-devel-windows-ix86+x86_64 0.9-33 8.00 45.00 53.00 OK
r-patched-linux-x86_64 0.9-33 1.41 23.77 25.18 OK
r-patched-solaris-sparc 0.9-33 310.00 OK
r-patched-solaris-x86 0.9-33 65.60 OK
r-release-linux-ix86 0.9-33 1.94 31.11 33.04 OK
r-release-linux-x86_64 0.9-33 1.38 23.82 25.20 OK
r-release-osx-x86_64-mavericks 0.9-33 NOTE
r-release-osx-x86_64-snowleopard 0.9-33 OK
r-release-windows-ix86+x86_64 0.9-33 8.00 48.00 56.00 OK
r-oldrel-windows-ix86+x86_64 0.9-33 8.00 50.00 58.00 OK

Check Details

Version: 0.9-33
Check: re-building of vignette outputs
Result: NOTE
    Error in re-building vignettes:
     ...
    Loading required package: zoo
    
    Attaching package: ‘zoo’
    
    The following objects are masked from ‘package:base’:
    
     as.Date, as.Date.numeric
    
    Loading required package: strucchange
    Loading required package: sandwich
    Error in texi2dvi(file = file, pdf = TRUE, clean = clean, quiet = quiet, :
     Running 'texi2dvi' on 'lmtest-intro.tex' failed.
    LaTeX errors:
    ! LaTeX Error: File `a4wide.sty' not found.
    
    Type X to quit or <RETURN> to proceed,
    or enter new name. (Default extension: sty)
    
    test/lmtest/vignettes/lmtest-intro.tex:3: ==> Fatal error occurred, no output
    PDF file produced!
    Calls: buildVignettes -> texi2pdf -> texi2dvi
    Execution halted
Flavor: r-release-osx-x86_64-mavericks