CRAN Package Check Results for Package lmtest

Last updated on 2017-03-25 15:47:53.

Flavor Version Tinstall Tcheck Ttotal Status Flags
r-devel-linux-x86_64-debian-clang 0.9-35 1.47 28.90 30.37 NOTE
r-devel-linux-x86_64-debian-gcc 0.9-35 1.59 28.31 29.90 NOTE
r-devel-linux-x86_64-fedora-clang 0.9-35 55.03 NOTE --no-stop-on-test-error
r-devel-linux-x86_64-fedora-gcc 0.9-35 53.28 NOTE --no-stop-on-test-error
r-devel-macos-x86_64-clang 0.9-35 41.78 NOTE --no-stop-on-test-error
r-devel-windows-ix86+x86_64 0.9-35 7.00 113.00 120.00 OK
r-patched-linux-x86_64 0.9-35 1.53 27.44 28.97 NOTE
r-patched-solaris-sparc 0.9-35 318.90 OK
r-patched-solaris-x86 0.9-35 71.90 OK
r-release-linux-x86_64 0.9-35 1.43 25.64 27.08 OK
r-release-osx-x86_64-mavericks 0.9-35 OK
r-release-windows-ix86+x86_64 0.9-35 11.00 66.00 77.00 OK
r-oldrel-windows-ix86+x86_64 0.9-35 7.00 86.00 93.00 OK

Check Details

Version: 0.9-35
Check: compiled code
Result: NOTE
    File ‘lmtest/libs/lmtest.so’:
     Found no calls to: ‘R_registerRoutines’, ‘R_useDynamicSymbols’
    
    It is good practice to register native routines and to disable symbol
    search.
    
    See ‘Writing portable packages’ in the ‘Writing R Extensions’ manual.
Flavors: r-devel-linux-x86_64-debian-clang, r-devel-linux-x86_64-debian-gcc, r-patched-linux-x86_64

Version: 0.9-35
Flags: --no-stop-on-test-error
Check: compiled code
Result: NOTE
    File ‘lmtest/libs/lmtest.so’:
     Found no calls to: ‘R_registerRoutines’, ‘R_useDynamicSymbols’
    
    It is good practice to register native routines and to disable symbol
    search.
    
    See ‘Writing portable packages’ in the ‘Writing R Extensions’ manual.
Flavors: r-devel-linux-x86_64-fedora-clang, r-devel-linux-x86_64-fedora-gcc, r-devel-macos-x86_64-clang