CRAN Package Check Results for Package lmtest

Last updated on 2017-06-28 10:48:19.

Flavor Version Tinstall Tcheck Ttotal Status Flags
r-devel-linux-x86_64-debian-clang 0.9-35 1.58 29.71 31.30 NOTE
r-devel-linux-x86_64-debian-gcc 0.9-35 1.54 27.57 29.10 NOTE
r-devel-linux-x86_64-fedora-clang 0.9-35 55.08 NOTE
r-devel-linux-x86_64-fedora-gcc 0.9-35 53.81 NOTE
r-devel-windows-ix86+x86_64 0.9-35 13.00 72.00 85.00 OK
r-patched-linux-x86_64 0.9-35 1.65 28.12 29.77 NOTE
r-patched-solaris-sparc 0.9-35 318.90 OK
r-patched-solaris-x86 0.9-35 68.40 OK
r-release-linux-x86_64 0.9-35 1.43 27.45 28.88 NOTE
r-release-windows-ix86+x86_64 0.9-35 8.00 97.00 105.00 OK
r-release-osx-x86_64 0.9-35 OK
r-oldrel-windows-ix86+x86_64 0.9-35 12.00 81.00 93.00 OK
r-oldrel-osx-x86_64 0.9-35 OK

Check Details

Version: 0.9-35
Check: compiled code
Result: NOTE
    File ‘lmtest/libs/lmtest.so’:
     Found no calls to: ‘R_registerRoutines’, ‘R_useDynamicSymbols’
    
    It is good practice to register native routines and to disable symbol
    search.
    
    See ‘Writing portable packages’ in the ‘Writing R Extensions’ manual.
Flavors: r-devel-linux-x86_64-debian-clang, r-devel-linux-x86_64-debian-gcc, r-devel-linux-x86_64-fedora-clang, r-devel-linux-x86_64-fedora-gcc, r-patched-linux-x86_64, r-release-linux-x86_64