CRAN Package Check Results for Package lmtest

Last updated on 2017-04-28 05:48:35.

Flavor Version Tinstall Tcheck Ttotal Status Flags
r-devel-linux-x86_64-debian-clang 0.9-35 1.56 29.04 30.59 NOTE
r-devel-linux-x86_64-debian-gcc 0.9-35 1.60 29.48 31.08 NOTE
r-devel-linux-x86_64-fedora-clang 0.9-35 55.20 NOTE --no-stop-on-test-error
r-devel-linux-x86_64-fedora-gcc 0.9-35 52.44 NOTE --no-stop-on-test-error
r-devel-windows-ix86+x86_64 0.9-35 8.00 102.00 110.00 OK
r-patched-linux-x86_64 0.9-35 1.58 28.86 30.44 NOTE
r-patched-solaris-sparc 0.9-35 318.90 OK
r-patched-solaris-x86 0.9-35 68.80 OK
r-release-linux-x86_64 0.9-35 1.55 29.11 30.66 NOTE
r-release-windows-ix86+x86_64 0.9-35 7.00 76.00 83.00 OK
r-release-osx-x86_64 0.9-35 OK
r-oldrel-windows-ix86+x86_64 0.9-35 9.00 65.00 74.00 OK
r-oldrel-osx-x86_64 0.9-35 OK

Check Details

Version: 0.9-35
Check: compiled code
Result: NOTE
    File ‘lmtest/libs/lmtest.so’:
     Found no calls to: ‘R_registerRoutines’, ‘R_useDynamicSymbols’
    
    It is good practice to register native routines and to disable symbol
    search.
    
    See ‘Writing portable packages’ in the ‘Writing R Extensions’ manual.
Flavors: r-devel-linux-x86_64-debian-clang, r-devel-linux-x86_64-debian-gcc, r-patched-linux-x86_64, r-release-linux-x86_64

Version: 0.9-35
Flags: --no-stop-on-test-error
Check: compiled code
Result: NOTE
    File ‘lmtest/libs/lmtest.so’:
     Found no calls to: ‘R_registerRoutines’, ‘R_useDynamicSymbols’
    
    It is good practice to register native routines and to disable symbol
    search.
    
    See ‘Writing portable packages’ in the ‘Writing R Extensions’ manual.
Flavors: r-devel-linux-x86_64-fedora-clang, r-devel-linux-x86_64-fedora-gcc