CRAN Package Check Results for Package lmtest

Last updated on 2014-09-19 08:49:32.

Flavor Version Tinstall Tcheck Ttotal Status Flags
r-devel-linux-x86_64-debian-clang 0.9-33 1.38 23.81 25.19 OK
r-devel-linux-x86_64-debian-gcc 0.9-33 1.37 22.95 24.32 OK
r-devel-linux-x86_64-fedora-clang 0.9-33 48.07 OK
r-devel-linux-x86_64-fedora-gcc 0.9-33 44.74 OK
r-devel-osx-x86_64-clang 0.9-33 54.58 OK
r-devel-windows-ix86+x86_64 0.9-33 7.00 45.00 52.00 OK
r-patched-linux-x86_64 0.9-33 1.38 25.02 26.40 OK
r-patched-solaris-sparc 0.9-33 343.80 OK
r-patched-solaris-x86 0.9-33 65.50 OK
r-release-linux-ix86 0.9-33 1.96 34.12 36.09 OK
r-release-linux-x86_64 0.9-33 1.54 25.47 27.01 OK
r-release-osx-x86_64-mavericks 0.9-33 NOTE
r-release-osx-x86_64-snowleopard 0.9-33 OK
r-release-windows-ix86+x86_64 0.9-33 8.00 46.00 54.00 OK
r-oldrel-windows-ix86+x86_64 0.9-33 7.00 47.00 54.00 OK

Check Details

Version: 0.9-33
Check: re-building of vignette outputs
Result: NOTE
    Error in re-building vignettes:
     ...
    Loading required package: zoo
    
    Attaching package: ‘zoo’
    
    The following objects are masked from ‘package:base’:
    
     as.Date, as.Date.numeric
    
    Loading required package: strucchange
    Loading required package: sandwich
    Error in texi2dvi(file = file, pdf = TRUE, clean = clean, quiet = quiet, :
     Running 'texi2dvi' on 'lmtest-intro.tex' failed.
    LaTeX errors:
    ! LaTeX Error: File `a4wide.sty' not found.
    
    Type X to quit or <RETURN> to proceed,
    or enter new name. (Default extension: sty)
    
    test/lmtest/vignettes/lmtest-intro.tex:3: ==> Fatal error occurred, no output
    PDF file produced!
    Calls: buildVignettes -> texi2pdf -> texi2dvi
    Execution halted
Flavor: r-release-osx-x86_64-mavericks