CRAN Package Check Results for Package lmtest

Last updated on 2023-12-02 07:50:25 CET.

Flavor Version Tinstall Tcheck Ttotal Status Flags
r-devel-linux-x86_64-debian-clang 0.9-40 5.10 53.86 58.96 OK
r-devel-linux-x86_64-debian-gcc 0.9-40 3.67 41.75 45.42 OK
r-devel-linux-x86_64-fedora-clang 0.9-40 75.84 OK
r-devel-linux-x86_64-fedora-gcc 0.9-40 83.62 OK
r-devel-windows-x86_64 0.9-40 10.00 93.00 103.00 OK
r-patched-linux-x86_64 0.9-40 6.57 52.65 59.22 OK
r-release-linux-x86_64 0.9-40 5.22 52.89 58.11 OK
r-release-macos-arm64 0.9-40 40.00 OK
r-release-macos-x86_64 0.9-40 50.00 NOTE
r-release-windows-x86_64 0.9-40 10.00 92.00 102.00 OK
r-oldrel-macos-arm64 0.9-40 31.00 OK
r-oldrel-macos-x86_64 0.9-40 40.00 OK
r-oldrel-windows-x86_64 0.9-40 9.00 94.00 103.00 OK

Check Details

Version: 0.9-40
Check: package dependencies
Result: NOTE Packages suggested but not available for checking: 'car', 'dynlm', 'AER' Flavor: r-release-macos-x86_64

Version: 0.9-40
Check: Rd cross-references
Result: NOTE Package unavailable to check Rd xrefs: ‘car’ Flavor: r-release-macos-x86_64