CRAN Package Check Results for Package lmtest

Last updated on 2015-05-27 06:46:49.

Flavor Version Tinstall Tcheck Ttotal Status Flags
r-devel-linux-x86_64-debian-clang 0.9-33 1.66 23.35 25.02 NOTE
r-devel-linux-x86_64-debian-gcc 0.9-33 1.36 22.47 23.83 NOTE
r-devel-linux-x86_64-fedora-clang 0.9-33 47.51 NOTE
r-devel-linux-x86_64-fedora-gcc 0.9-33 45.50 NOTE
r-devel-osx-x86_64-clang 0.9-33 52.03 NOTE
r-devel-windows-ix86+x86_64 0.9-33 8.00 48.00 56.00 NOTE
r-patched-linux-x86_64 0.9-33 1.39 22.10 23.49 NOTE
r-patched-solaris-sparc 0.9-33 300.20 NOTE
r-patched-solaris-x86 0.9-33 62.00 NOTE
r-release-linux-x86_64 0.9-33 1.38 22.63 24.01 NOTE
r-release-osx-x86_64-mavericks 0.9-33 NOTE
r-release-osx-x86_64-snowleopard 0.9-33 ERROR
r-release-windows-ix86+x86_64 0.9-33 7.00 51.00 58.00 NOTE
r-oldrel-windows-ix86+x86_64 0.9-33 8.00 52.00 60.00 NOTE

Check Details

Version: 0.9-33
Check: dependencies in R code
Result: NOTE
    'library' or 'require' call to ‘strucchange’ in package code.
     Please use :: or requireNamespace() instead.
     See section 'Suggested packages' in the 'Writing R Extensions' manual.
Flavors: r-devel-linux-x86_64-debian-clang, r-devel-linux-x86_64-debian-gcc, r-devel-linux-x86_64-fedora-clang, r-devel-linux-x86_64-fedora-gcc, r-devel-osx-x86_64-clang, r-devel-windows-ix86+x86_64, r-patched-linux-x86_64, r-patched-solaris-sparc, r-patched-solaris-x86, r-release-linux-x86_64, r-release-osx-x86_64-mavericks, r-release-windows-ix86+x86_64, r-oldrel-windows-ix86+x86_64

Version: 0.9-33
Check: S3 generic/method consistency
Result: NOTE
    Found the following apparent S3 methods exported but not registered:
     coeftest.default grangertest.default lrtest.default waldtest.default
    See section ‘Registering S3 methods’ in the ‘Writing R Extensions’
    manual.
Flavors: r-devel-linux-x86_64-debian-clang, r-devel-linux-x86_64-debian-gcc, r-devel-linux-x86_64-fedora-clang, r-devel-linux-x86_64-fedora-gcc, r-devel-osx-x86_64-clang, r-patched-linux-x86_64, r-patched-solaris-sparc, r-patched-solaris-x86, r-release-linux-x86_64

Version: 0.9-33
Check: package dependencies
Result: ERROR
    Package required but not available: ‘zoo’
    
    Packages suggested but not available for checking:
     ‘car’ ‘strucchange’ ‘sandwich’ ‘dynlm’ ‘AER’
    
    See section ‘The DESCRIPTION file’ in the ‘Writing R Extensions’
    manual.
Flavor: r-release-osx-x86_64-snowleopard