CRAN Package Check Results for Package lmtest

Last updated on 2017-02-20 20:47:58.

Flavor Version Tinstall Tcheck Ttotal Status Flags
r-devel-linux-x86_64-debian-clang 0.9-35 1.66 28.46 30.11 NOTE
r-devel-linux-x86_64-debian-gcc 0.9-35 1.47 28.44 29.91 NOTE
r-devel-linux-x86_64-fedora-clang 0.9-35 52.33 NOTE --no-stop-on-test-error
r-devel-linux-x86_64-fedora-gcc 0.9-35 51.19 NOTE --no-stop-on-test-error
r-devel-macos-x86_64-clang 0.9-35 45.97 NOTE --no-stop-on-test-error
r-devel-windows-ix86+x86_64 0.9-35 7.00 100.00 107.00 OK
r-patched-linux-x86_64 0.9-35 1.35 23.61 24.96 OK
r-patched-solaris-sparc 0.9-35 266.30 OK
r-patched-solaris-x86 0.9-35 49.40 OK
r-release-linux-x86_64 0.9-35 1.37 22.29 23.66 OK
r-release-osx-x86_64-mavericks 0.9-35 OK
r-release-windows-ix86+x86_64 0.9-35 5.00 65.00 70.00 OK
r-oldrel-windows-ix86+x86_64 0.9-35 7.00 89.00 96.00 OK

Check Details

Version: 0.9-35
Check: compiled code
Result: NOTE
    File ‘lmtest/libs/lmtest.so’:
     Found no calls to: ‘R_registerRoutines’, ‘R_useDynamicSymbols’
    
    It is good practice to register native routines and to disable symbol
    search.
    
    See ‘Writing portable packages’ in the ‘Writing R Extensions’ manual.
Flavors: r-devel-linux-x86_64-debian-clang, r-devel-linux-x86_64-debian-gcc

Version: 0.9-35
Flags: --no-stop-on-test-error
Check: compiled code
Result: NOTE
    File ‘lmtest/libs/lmtest.so’:
     Found no calls to: ‘R_registerRoutines’, ‘R_useDynamicSymbols’
    
    It is good practice to register native routines and to disable symbol
    search.
    
    See ‘Writing portable packages’ in the ‘Writing R Extensions’ manual.
Flavors: r-devel-linux-x86_64-fedora-clang, r-devel-linux-x86_64-fedora-gcc, r-devel-macos-x86_64-clang