CRAN Package Check Results for Package lmtest

Last updated on 2017-12-13 23:14:26 CET.

Flavor Version Tinstall Tcheck Ttotal Status Flags
r-devel-linux-x86_64-debian-clang 0.9-35 1.81 40.89 42.70 NOTE
r-devel-linux-x86_64-debian-gcc 0.9-35 1.41 36.47 37.88 NOTE
r-devel-linux-x86_64-fedora-clang 0.9-35 52.44 NOTE
r-devel-linux-x86_64-fedora-gcc 0.9-35 52.54 NOTE
r-devel-windows-ix86+x86_64 0.9-35 18.00 105.00 123.00 OK
r-patched-linux-x86_64 0.9-35 2.01 44.21 46.22 NOTE
r-patched-solaris-x86 0.9-35 69.20 OK
r-release-linux-x86_64 0.9-35 1.74 43.70 45.44 NOTE
r-release-windows-ix86+x86_64 0.9-35 10.00 81.00 91.00 OK
r-release-osx-x86_64 0.9-35 OK
r-oldrel-windows-ix86+x86_64 0.9-35 14.00 83.00 97.00 OK
r-oldrel-osx-x86_64 0.9-35 OK

Check Details

Version: 0.9-35
Check: compiled code
Result: NOTE
    File ‘lmtest/libs/lmtest.so’:
     Found no calls to: ‘R_registerRoutines’, ‘R_useDynamicSymbols’
    
    It is good practice to register native routines and to disable symbol
    search.
    
    See ‘Writing portable packages’ in the ‘Writing R Extensions’ manual.
Flavors: r-devel-linux-x86_64-debian-clang, r-devel-linux-x86_64-debian-gcc, r-devel-linux-x86_64-fedora-clang, r-devel-linux-x86_64-fedora-gcc, r-patched-linux-x86_64, r-release-linux-x86_64