CRAN Package Check Results for Package lmtest

Last updated on 2015-03-06 21:48:24.

Flavor Version Tinstall Tcheck Ttotal Status Flags
r-devel-linux-x86_64-debian-clang 0.9-33 1.40 23.00 24.40 NOTE
r-devel-linux-x86_64-debian-gcc 0.9-33 1.30 22.44 23.74 NOTE
r-devel-linux-x86_64-fedora-clang 0.9-33 35.34 NOTE
r-devel-linux-x86_64-fedora-gcc 0.9-33 45.29 NOTE
r-devel-osx-x86_64-clang 0.9-33 53.36 NOTE
r-devel-windows-ix86+x86_64 0.9-33 11.00 47.00 58.00 NOTE
r-patched-linux-x86_64 0.9-33 1.39 25.70 27.09 NOTE
r-patched-solaris-sparc 0.9-33 397.10 NOTE
r-patched-solaris-x86 0.9-33 75.00 NOTE
r-release-linux-ix86 0.9-33 2.43 34.94 37.38 OK
r-release-linux-x86_64 0.9-33 1.59 26.00 27.59 OK
r-release-osx-x86_64-mavericks 0.9-33 OK
r-release-osx-x86_64-snowleopard 0.9-33 OK
r-release-windows-ix86+x86_64 0.9-33 8.00 58.00 66.00 OK
r-oldrel-windows-ix86+x86_64 0.9-33 9.00 60.00 69.00 OK

Check Details

Version: 0.9-33
Check: dependencies in R code
Result: NOTE
    'library' or 'require' call to ‘strucchange’ in package code.
     Please use :: or requireNamespace() instead.
     See section 'Suggested packages' in the 'Writing R Extensions' manual.
Flavors: r-devel-linux-x86_64-debian-clang, r-devel-linux-x86_64-debian-gcc, r-devel-linux-x86_64-fedora-clang, r-devel-linux-x86_64-fedora-gcc, r-devel-osx-x86_64-clang, r-devel-windows-ix86+x86_64, r-patched-linux-x86_64, r-patched-solaris-sparc, r-patched-solaris-x86

Version: 0.9-33
Check: S3 generic/method consistency
Result: NOTE
    Found the following apparent S3 methods exported but not registered:
     coeftest.default grangertest.default lrtest.default waldtest.default
    See section ‘Registering S3 methods’ in the ‘Writing R Extensions’
    manual.
Flavors: r-devel-linux-x86_64-debian-clang, r-devel-linux-x86_64-debian-gcc, r-devel-linux-x86_64-fedora-clang, r-devel-linux-x86_64-fedora-gcc, r-devel-osx-x86_64-clang