CRAN Package Check Results for Package lmtest

Last updated on 2015-04-02 06:46:46.

Flavor Version Tinstall Tcheck Ttotal Status Flags
r-devel-linux-x86_64-debian-clang 0.9-33 1.50 22.32 23.81 NOTE
r-devel-linux-x86_64-debian-gcc 0.9-33 1.48 22.41 23.89 NOTE
r-devel-linux-x86_64-fedora-clang 0.9-33 47.38 NOTE
r-devel-linux-x86_64-fedora-gcc 0.9-33 47.37 NOTE
r-devel-osx-x86_64-clang 0.9-33 57.92 NOTE
r-prerel-windows-ix86+x86_64 0.9-33 7.00 48.00 55.00 NOTE
r-prerel-linux-x86_64 0.9-33 1.29 22.42 23.71 NOTE
r-prerel-solaris-sparc 0.9-33 359.40 NOTE
r-prerel-solaris-x86 0.9-33 64.00 NOTE
r-release-linux-x86_64 0.9-33 1.46 26.26 27.72 NOTE
r-release-osx-x86_64-mavericks 0.9-33 OK
r-release-osx-x86_64-snowleopard 0.9-33 OK
r-release-windows-ix86+x86_64 0.9-33 8.00 56.00 64.00 NOTE
r-oldrel-windows-ix86+x86_64 0.9-33 8.00 60.00 68.00 OK

Check Details

Version: 0.9-33
Check: dependencies in R code
Result: NOTE
    'library' or 'require' call to ‘strucchange’ in package code.
     Please use :: or requireNamespace() instead.
     See section 'Suggested packages' in the 'Writing R Extensions' manual.
Flavors: r-devel-linux-x86_64-debian-clang, r-devel-linux-x86_64-debian-gcc, r-devel-linux-x86_64-fedora-clang, r-devel-linux-x86_64-fedora-gcc, r-devel-osx-x86_64-clang, r-prerel-windows-ix86+x86_64, r-prerel-linux-x86_64, r-prerel-solaris-sparc, r-prerel-solaris-x86, r-release-linux-x86_64, r-release-windows-ix86+x86_64

Version: 0.9-33
Check: S3 generic/method consistency
Result: NOTE
    Found the following apparent S3 methods exported but not registered:
     coeftest.default grangertest.default lrtest.default waldtest.default
    See section ‘Registering S3 methods’ in the ‘Writing R Extensions’
    manual.
Flavors: r-devel-linux-x86_64-debian-clang, r-devel-linux-x86_64-debian-gcc, r-devel-linux-x86_64-fedora-clang, r-devel-linux-x86_64-fedora-gcc, r-devel-osx-x86_64-clang, r-prerel-linux-x86_64