CRAN Package Check Results for Package lmtest

Last updated on 2018-02-21 01:47:39 CET.

Flavor Version Tinstall Tcheck Ttotal Status Flags
r-devel-linux-x86_64-debian-clang 0.9-35 3.46 39.25 42.71 NOTE
r-devel-linux-x86_64-debian-gcc 0.9-35 2.82 30.91 33.73 NOTE
r-devel-linux-x86_64-fedora-clang 0.9-35 52.89 NOTE
r-devel-linux-x86_64-fedora-gcc 0.9-35 51.84 NOTE
r-devel-windows-ix86+x86_64 0.9-35 9.00 71.00 80.00 OK
r-patched-linux-x86_64 0.9-35 2.09 45.00 47.09 NOTE
r-patched-solaris-x86 0.9-35 69.10 OK
r-release-linux-x86_64 0.9-35 2.05 44.50 46.55 NOTE
r-release-windows-ix86+x86_64 0.9-35 8.00 101.00 109.00 OK
r-release-osx-x86_64 0.9-35 OK
r-oldrel-windows-ix86+x86_64 0.9-35 10.00 84.00 94.00 OK
r-oldrel-osx-x86_64 0.9-35 OK

Check Details

Version: 0.9-35
Check: compiled code
Result: NOTE
    File ‘lmtest/libs/lmtest.so’:
     Found no calls to: ‘R_registerRoutines’, ‘R_useDynamicSymbols’
    
    It is good practice to register native routines and to disable symbol
    search.
    
    See ‘Writing portable packages’ in the ‘Writing R Extensions’ manual.
Flavors: r-devel-linux-x86_64-debian-clang, r-devel-linux-x86_64-debian-gcc, r-devel-linux-x86_64-fedora-clang, r-devel-linux-x86_64-fedora-gcc, r-patched-linux-x86_64, r-release-linux-x86_64