CRAN Package Check Results for Package lmtest

Last updated on 2015-01-27 01:48:06.

Flavor Version Tinstall Tcheck Ttotal Status Flags
r-devel-linux-x86_64-debian-clang 0.9-33 1.38 21.36 22.74 NOTE
r-devel-linux-x86_64-debian-gcc 0.9-33 1.34 21.15 22.49 NOTE
r-devel-linux-x86_64-fedora-clang 0.9-33 49.01 NOTE
r-devel-linux-x86_64-fedora-gcc 0.9-33 49.94 NOTE
r-devel-osx-x86_64-clang 0.9-33 53.93 NOTE
r-devel-windows-ix86+x86_64 0.9-33 5.00 39.00 44.00 NOTE
r-patched-linux-x86_64 0.9-33 1.70 24.24 25.94 OK
r-patched-solaris-sparc 0.9-33 328.70 OK
r-patched-solaris-x86 0.9-33 66.10 OK
r-release-linux-ix86 0.9-33 1.94 31.52 33.46 OK
r-release-linux-x86_64 0.9-33 1.46 23.83 25.29 OK
r-release-osx-x86_64-mavericks 0.9-33 OK
r-release-osx-x86_64-snowleopard 0.9-33 OK
r-release-windows-ix86+x86_64 0.9-33 9.00 49.00 58.00 OK
r-oldrel-windows-ix86+x86_64 0.9-33 12.00 53.00 65.00 OK

Check Details

Version: 0.9-33
Check: dependencies in R code
Result: NOTE
    'library' or 'require' call to ‘strucchange’ in package code.
     Please use :: or requireNamespace() instead.
     See section 'Suggested packages' in the 'Writing R Extensions' manual.
Flavors: r-devel-linux-x86_64-debian-clang, r-devel-linux-x86_64-debian-gcc, r-devel-linux-x86_64-fedora-clang, r-devel-linux-x86_64-fedora-gcc, r-devel-osx-x86_64-clang, r-devel-windows-ix86+x86_64

Version: 0.9-33
Check: S3 generic/method consistency
Result: NOTE
    Found the following apparent S3 methods exported but not registered:
     coeftest.default grangertest.default lrtest.default waldtest.default
    See section ‘Registering S3 methods’ in the ‘Writing R Extensions’
    manual.
Flavors: r-devel-linux-x86_64-fedora-clang, r-devel-linux-x86_64-fedora-gcc, r-devel-osx-x86_64-clang