CRAN Package Check Results for Package lmtest

Last updated on 2017-10-19 19:47:10.

Flavor Version Tinstall Tcheck Ttotal Status Flags
r-devel-linux-x86_64-debian-clang 0.9-35 1.47 29.12 30.59 NOTE
r-devel-linux-x86_64-debian-gcc 0.9-35 2.00 29.79 31.79 NOTE
r-devel-linux-x86_64-fedora-clang 0.9-35 55.95 NOTE
r-devel-linux-x86_64-fedora-gcc 0.9-35 54.63 NOTE
r-devel-windows-ix86+x86_64 0.9-35 7.00 73.00 80.00 OK
r-patched-linux-x86_64 0.9-35 1.54 28.20 29.74 NOTE
r-patched-solaris-x86 0.9-35 68.40 OK
r-release-linux-x86_64 0.9-35 1.54 28.58 30.12 NOTE
r-release-windows-ix86+x86_64 0.9-35 11.00 99.00 110.00 OK
r-release-osx-x86_64 0.9-35 OK
r-oldrel-windows-ix86+x86_64 0.9-35 9.00 67.00 76.00 OK
r-oldrel-osx-x86_64 0.9-35 OK

Check Details

Version: 0.9-35
Check: compiled code
Result: NOTE
    File ‘lmtest/libs/lmtest.so’:
     Found no calls to: ‘R_registerRoutines’, ‘R_useDynamicSymbols’
    
    It is good practice to register native routines and to disable symbol
    search.
    
    See ‘Writing portable packages’ in the ‘Writing R Extensions’ manual.
Flavors: r-devel-linux-x86_64-debian-clang, r-devel-linux-x86_64-debian-gcc, r-devel-linux-x86_64-fedora-clang, r-devel-linux-x86_64-fedora-gcc, r-patched-linux-x86_64, r-release-linux-x86_64