CRAN Package Check Results for Package lmtest

Last updated on 2017-08-18 00:50:02.

Flavor Version Tinstall Tcheck Ttotal Status Flags
r-devel-linux-x86_64-debian-clang 0.9-35 1.61 29.20 30.81 NOTE
r-devel-linux-x86_64-debian-gcc 0.9-35 1.51 27.58 29.09 NOTE
r-devel-linux-x86_64-fedora-clang 0.9-35 53.32 NOTE
r-devel-linux-x86_64-fedora-gcc 0.9-35 51.60 NOTE
r-devel-windows-ix86+x86_64 0.9-35 9.00 69.00 78.00 OK
r-patched-linux-x86_64 0.9-35 1.45 27.94 29.39 NOTE
r-patched-solaris-x86 0.9-35 68.20 OK
r-release-linux-x86_64 0.9-35 1.48 28.29 29.77 NOTE
r-release-windows-ix86+x86_64 0.9-35 7.00 74.00 81.00 OK
r-release-osx-x86_64 0.9-35 OK
r-oldrel-windows-ix86+x86_64 0.9-35 7.00 74.00 81.00 OK
r-oldrel-osx-x86_64 0.9-35 OK

Check Details

Version: 0.9-35
Check: compiled code
Result: NOTE
    File ‘lmtest/libs/lmtest.so’:
     Found no calls to: ‘R_registerRoutines’, ‘R_useDynamicSymbols’
    
    It is good practice to register native routines and to disable symbol
    search.
    
    See ‘Writing portable packages’ in the ‘Writing R Extensions’ manual.
Flavors: r-devel-linux-x86_64-debian-clang, r-devel-linux-x86_64-debian-gcc, r-devel-linux-x86_64-fedora-clang, r-devel-linux-x86_64-fedora-gcc, r-patched-linux-x86_64, r-release-linux-x86_64