CRAN Package Check Results for Package lmvar

Last updated on 2021-12-05 20:48:40 CET.

Flavor Version Tinstall Tcheck Ttotal Status Flags
r-devel-linux-x86_64-debian-clang 1.5.2 6.13 87.06 93.19 NOTE
r-devel-linux-x86_64-debian-gcc 1.5.2 4.91 68.14 73.05 NOTE
r-devel-linux-x86_64-fedora-clang 1.5.2 117.16 NOTE
r-devel-linux-x86_64-fedora-gcc 1.5.2 104.40 NOTE
r-devel-windows-x86_64-new-UL 1.5.2 16.00 188.00 204.00 NOTE
r-devel-windows-x86_64-new-TK 1.5.2 NOTE
r-devel-windows-x86_64-old 1.5.2 9.00 126.00 135.00 NOTE
r-patched-linux-x86_64 1.5.2 7.52 79.04 86.56 NOTE
r-release-linux-x86_64 1.5.2 5.42 87.36 92.78 NOTE
r-release-macos-arm64 1.5.2 NOTE
r-release-macos-x86_64 1.5.2 NOTE
r-release-windows-ix86+x86_64 1.5.2 11.00 161.00 172.00 NOTE
r-oldrel-macos-x86_64 1.5.2 OK
r-oldrel-windows-ix86+x86_64 1.5.2 10.00 161.00 171.00 OK

Check Details

Version: 1.5.2
Check: LazyData
Result: NOTE
     'LazyData' is specified without a 'data' directory
Flavors: r-devel-linux-x86_64-debian-clang, r-devel-linux-x86_64-debian-gcc, r-devel-linux-x86_64-fedora-clang, r-devel-linux-x86_64-fedora-gcc, r-devel-windows-x86_64-new-UL, r-devel-windows-x86_64-new-TK, r-devel-windows-x86_64-old, r-patched-linux-x86_64, r-release-linux-x86_64, r-release-macos-arm64, r-release-macos-x86_64, r-release-windows-ix86+x86_64