CRAN Package Check Results for Package lobstr

Last updated on 2019-06-27 08:49:14 CEST.

Flavor Version Tinstall Tcheck Ttotal Status Flags
r-devel-linux-x86_64-debian-clang 1.1.0 29.38 26.44 55.82 WARN
r-devel-linux-x86_64-debian-gcc 1.1.0 21.46 21.59 43.05 OK
r-devel-linux-x86_64-fedora-clang 1.1.0 79.07 OK
r-devel-linux-x86_64-fedora-gcc 1.1.0 70.58 OK
r-devel-windows-ix86+x86_64 1.1.0 79.00 64.00 143.00 OK
r-patched-linux-x86_64 1.1.0 26.50 26.28 52.78 OK
r-patched-solaris-x86 1.1.0 78.10 OK
r-release-linux-x86_64 1.1.0 25.80 26.53 52.33 OK
r-release-windows-ix86+x86_64 1.1.0 57.00 62.00 119.00 OK
r-release-osx-x86_64 1.1.0 OK
r-oldrel-windows-ix86+x86_64 1.1.0 54.00 93.00 147.00 OK
r-oldrel-osx-x86_64 1.1.0 OK

Additional issues

rchk

Check Details

Version: 1.1.0
Check: whether package can be installed
Result: WARN
    Found the following significant warnings:
     Warning: unable to re-encode 'utils.R' lines 14, 15, 16, 17, 18
Flavor: r-devel-linux-x86_64-debian-clang