CRAN Package Check Results for Package localICE

Last updated on 2019-10-18 15:47:49 CEST.

Flavor Version Tinstall Tcheck Ttotal Status Flags
r-devel-linux-x86_64-debian-clang 0.1.0 3.48 36.98 40.46 OK
r-devel-linux-x86_64-debian-gcc 0.1.0 2.97 28.63 31.60 OK
r-devel-linux-x86_64-fedora-clang 0.1.0 49.11 NOTE
r-devel-linux-x86_64-fedora-gcc 0.1.0 47.06 NOTE
r-devel-windows-ix86+x86_64 0.1.0 16.00 47.00 63.00 OK
r-patched-linux-x86_64 0.1.0 2.68 35.49 38.17 OK
r-patched-solaris-x86 0.1.0 71.70 NOTE
r-release-linux-x86_64 0.1.0 3.26 35.95 39.21 OK
r-release-windows-ix86+x86_64 0.1.0 11.00 77.00 88.00 OK
r-release-osx-x86_64 0.1.0 NOTE
r-oldrel-windows-ix86+x86_64 0.1.0 6.00 56.00 62.00 OK
r-oldrel-osx-x86_64 0.1.0 NOTE

Check Details

Version: 0.1.0
Check: dependencies in R code
Result: NOTE
    Namespace in Imports field not imported from: ‘checkmate’
     All declared Imports should be used.
Flavors: r-devel-linux-x86_64-fedora-clang, r-devel-linux-x86_64-fedora-gcc, r-patched-solaris-x86, r-release-osx-x86_64, r-oldrel-osx-x86_64