CRAN Package Check Results for Package localICE

Last updated on 2020-05-26 08:49:23 CEST.

Flavor Version Tinstall Tcheck Ttotal Status Flags
r-devel-linux-x86_64-debian-clang 0.1.1 4.13 44.13 48.26 OK
r-devel-linux-x86_64-debian-gcc 0.1.1 3.08 33.90 36.98 OK
r-devel-linux-x86_64-fedora-clang 0.1.1 58.04 NOTE
r-devel-linux-x86_64-fedora-gcc 0.1.1 57.56 NOTE
r-devel-windows-ix86+x86_64 0.1.1 20.00 58.00 78.00 OK
r-patched-linux-x86_64 0.1.1 3.80 42.90 46.70 OK
r-patched-solaris-x86 0.1.1 84.50 NOTE
r-release-linux-x86_64 0.1.1 3.89 43.29 47.18 OK
r-release-osx-x86_64 0.1.1 NOTE
r-release-windows-ix86+x86_64 0.1.1 24.00 85.00 109.00 OK
r-oldrel-osx-x86_64 0.1.1 NOTE
r-oldrel-windows-ix86+x86_64 0.1.1 12.00 90.00 102.00 OK

Check Details

Version: 0.1.1
Check: dependencies in R code
Result: NOTE
    Namespace in Imports field not imported from: ‘checkmate’
     All declared Imports should be used.
Flavors: r-devel-linux-x86_64-fedora-clang, r-devel-linux-x86_64-fedora-gcc, r-patched-solaris-x86, r-release-osx-x86_64, r-oldrel-osx-x86_64