CRAN Package Check Results for Package localgauss

Last updated on 2018-04-24 13:46:55 CEST.

Flavor Version Tinstall Tcheck Ttotal Status Flags
r-devel-linux-x86_64-debian-clang 0.40 2.71 19.76 22.47 NOTE
r-devel-linux-x86_64-debian-gcc 0.40 2.48 16.13 18.61 NOTE
r-devel-linux-x86_64-fedora-clang 0.40 27.98 NOTE
r-devel-linux-x86_64-fedora-gcc 0.40 26.59 NOTE
r-devel-windows-ix86+x86_64 0.40 18.00 48.00 66.00 OK
r-patched-linux-x86_64 0.40 2.92 19.43 22.35 NOTE
r-patched-solaris-x86 0.40 48.80 OK
r-release-linux-x86_64 0.40 3.43 19.53 22.96 NOTE
r-release-windows-ix86+x86_64 0.40 18.00 48.00 66.00 OK
r-release-osx-x86_64 0.40 OK
r-oldrel-windows-ix86+x86_64 0.40 11.00 60.00 71.00 OK
r-oldrel-osx-x86_64 0.40 OK

Check Details

Version: 0.40
Check: compiled code
Result: NOTE
    File ‘localgauss/libs/localgauss.so’:
     Found no calls to: ‘R_registerRoutines’, ‘R_useDynamicSymbols’
    
    It is good practice to register native routines and to disable symbol
    search.
    
    See ‘Writing portable packages’ in the ‘Writing R Extensions’ manual.
Flavors: r-devel-linux-x86_64-debian-clang, r-devel-linux-x86_64-debian-gcc, r-devel-linux-x86_64-fedora-clang, r-devel-linux-x86_64-fedora-gcc, r-patched-linux-x86_64, r-release-linux-x86_64