CRAN Package Check Results for Package localgauss

Last updated on 2017-02-24 10:47:41.

Flavor Version Tinstall Tcheck Ttotal Status Flags
r-devel-linux-x86_64-debian-clang 0.40 2.20 13.41 15.60 NOTE
r-devel-linux-x86_64-debian-gcc 0.40 2.36 12.89 15.25 NOTE
r-devel-linux-x86_64-fedora-clang 0.40 27.06 NOTE --no-stop-on-test-error
r-devel-linux-x86_64-fedora-gcc 0.40 25.30 NOTE --no-stop-on-test-error
r-devel-macos-x86_64-clang 0.40 23.38 NOTE --no-stop-on-test-error
r-devel-windows-ix86+x86_64 0.40 28.00 41.00 69.00 OK
r-patched-linux-x86_64 0.40 2.21 11.53 13.74 OK
r-patched-solaris-sparc 0.40 148.80 OK
r-patched-solaris-x86 0.40 44.40 OK
r-release-linux-x86_64 0.40 2.09 11.31 13.40 OK
r-release-osx-x86_64-mavericks 0.40 OK
r-release-windows-ix86+x86_64 0.40 27.00 51.00 78.00 OK
r-oldrel-windows-ix86+x86_64 0.40 24.00 90.00 114.00 OK

Check Details

Version: 0.40
Check: compiled code
Result: NOTE
    File ‘localgauss/libs/localgauss.so’:
     Found no calls to: ‘R_registerRoutines’, ‘R_useDynamicSymbols’
    
    It is good practice to register native routines and to disable symbol
    search.
    
    See ‘Writing portable packages’ in the ‘Writing R Extensions’ manual.
Flavors: r-devel-linux-x86_64-debian-clang, r-devel-linux-x86_64-debian-gcc

Version: 0.40
Flags: --no-stop-on-test-error
Check: compiled code
Result: NOTE
    File ‘localgauss/libs/localgauss.so’:
     Found no calls to: ‘R_registerRoutines’, ‘R_useDynamicSymbols’
    
    It is good practice to register native routines and to disable symbol
    search.
    
    See ‘Writing portable packages’ in the ‘Writing R Extensions’ manual.
Flavors: r-devel-linux-x86_64-fedora-clang, r-devel-linux-x86_64-fedora-gcc, r-devel-macos-x86_64-clang