CRAN Package Check Results for Package localgauss

Last updated on 2018-02-19 22:48:50 CET.

Flavor Version Tinstall Tcheck Ttotal Status Flags
r-devel-linux-x86_64-debian-clang 0.40 2.91 17.96 20.87 NOTE
r-devel-linux-x86_64-debian-gcc 0.40 2.34 15.84 18.18 NOTE
r-devel-linux-x86_64-fedora-clang 0.40 27.79 NOTE
r-devel-linux-x86_64-fedora-gcc 0.40 27.00 NOTE
r-devel-windows-ix86+x86_64 0.40 13.00 40.00 53.00 OK
r-patched-linux-x86_64 0.40 2.82 19.14 21.96 NOTE
r-patched-solaris-x86 0.40 46.40 OK
r-release-linux-x86_64 0.40 2.86 19.07 21.93 NOTE
r-release-windows-ix86+x86_64 0.40 15.00 60.00 75.00 OK
r-release-osx-x86_64 0.40 OK
r-oldrel-windows-ix86+x86_64 0.40 18.00 52.00 70.00 OK
r-oldrel-osx-x86_64 0.40 OK

Check Details

Version: 0.40
Check: compiled code
Result: NOTE
    File ‘localgauss/libs/localgauss.so’:
     Found no calls to: ‘R_registerRoutines’, ‘R_useDynamicSymbols’
    
    It is good practice to register native routines and to disable symbol
    search.
    
    See ‘Writing portable packages’ in the ‘Writing R Extensions’ manual.
Flavors: r-devel-linux-x86_64-debian-clang, r-devel-linux-x86_64-debian-gcc, r-devel-linux-x86_64-fedora-clang, r-devel-linux-x86_64-fedora-gcc, r-patched-linux-x86_64, r-release-linux-x86_64