CRAN Package Check Results for Package localgauss

Last updated on 2017-12-12 08:48:26 CET.

Flavor Version Tinstall Tcheck Ttotal Status Flags
r-devel-linux-x86_64-debian-clang 0.40 2.43 16.86 19.29 NOTE
r-devel-linux-x86_64-debian-gcc 0.40 2.53 15.37 17.90 NOTE
r-devel-linux-x86_64-fedora-clang 0.40 25.03 NOTE
r-devel-linux-x86_64-fedora-gcc 0.40 24.54 NOTE
r-devel-windows-ix86+x86_64 0.40 18.00 43.00 61.00 OK
r-patched-linux-x86_64 0.40 2.60 18.56 21.16 NOTE
r-patched-solaris-x86 0.40 45.50 OK
r-release-linux-x86_64 0.40 2.69 18.39 21.08 NOTE
r-release-windows-ix86+x86_64 0.40 11.00 61.00 72.00 OK
r-release-osx-x86_64 0.40 OK
r-oldrel-windows-ix86+x86_64 0.40 16.00 50.00 66.00 OK
r-oldrel-osx-x86_64 0.40 OK

Check Details

Version: 0.40
Check: compiled code
Result: NOTE
    File ‘localgauss/libs/localgauss.so’:
     Found no calls to: ‘R_registerRoutines’, ‘R_useDynamicSymbols’
    
    It is good practice to register native routines and to disable symbol
    search.
    
    See ‘Writing portable packages’ in the ‘Writing R Extensions’ manual.
Flavors: r-devel-linux-x86_64-debian-clang, r-devel-linux-x86_64-debian-gcc, r-devel-linux-x86_64-fedora-clang, r-devel-linux-x86_64-fedora-gcc, r-patched-linux-x86_64, r-release-linux-x86_64