CRAN Package Check Results for Package localgauss

Last updated on 2017-05-25 06:47:57.

Flavor Version Tinstall Tcheck Ttotal Status Flags
r-devel-linux-x86_64-debian-clang 0.40 2.30 13.43 15.73 NOTE
r-devel-linux-x86_64-debian-gcc 0.40 2.32 14.14 16.46 NOTE
r-devel-linux-x86_64-fedora-clang 0.40 26.82 NOTE --no-stop-on-test-error
r-devel-linux-x86_64-fedora-gcc 0.40 25.60 NOTE --no-stop-on-test-error
r-devel-windows-ix86+x86_64 0.40 15.00 42.00 57.00 OK
r-patched-linux-x86_64 0.40 2.16 14.67 16.83 NOTE
r-patched-solaris-sparc 0.40 170.40 OK
r-patched-solaris-x86 0.40 45.00 OK
r-release-linux-x86_64 0.40 2.20 13.08 15.28 NOTE
r-release-windows-ix86+x86_64 0.40 22.00 59.00 81.00 OK
r-release-osx-x86_64 0.40 OK
r-oldrel-windows-ix86+x86_64 0.40 20.00 72.00 92.00 OK
r-oldrel-osx-x86_64 0.40 OK

Check Details

Version: 0.40
Check: compiled code
Result: NOTE
    File ‘localgauss/libs/localgauss.so’:
     Found no calls to: ‘R_registerRoutines’, ‘R_useDynamicSymbols’
    
    It is good practice to register native routines and to disable symbol
    search.
    
    See ‘Writing portable packages’ in the ‘Writing R Extensions’ manual.
Flavors: r-devel-linux-x86_64-debian-clang, r-devel-linux-x86_64-debian-gcc, r-patched-linux-x86_64, r-release-linux-x86_64

Version: 0.40
Flags: --no-stop-on-test-error
Check: compiled code
Result: NOTE
    File ‘localgauss/libs/localgauss.so’:
     Found no calls to: ‘R_registerRoutines’, ‘R_useDynamicSymbols’
    
    It is good practice to register native routines and to disable symbol
    search.
    
    See ‘Writing portable packages’ in the ‘Writing R Extensions’ manual.
Flavors: r-devel-linux-x86_64-fedora-clang, r-devel-linux-x86_64-fedora-gcc