CRAN Package Check Results for Package localgauss

Last updated on 2016-09-30 04:49:06.

Flavor Version Tinstall Tcheck Ttotal Status Flags
r-devel-linux-x86_64-debian-clang 0.35 2.74 19.28 22.01 WARN
r-devel-linux-x86_64-debian-gcc 0.35 2.96 20.43 23.39 WARN
r-devel-linux-x86_64-fedora-clang 0.35 40.90 WARN
r-devel-linux-x86_64-fedora-gcc 0.35 36.84 WARN
r-devel-macos-x86_64-clang 0.35 31.87 WARN
r-devel-windows-ix86+x86_64 0.35 21.00 75.00 96.00 WARN
r-patched-linux-x86_64 0.35 2.74 19.14 21.88 OK
r-patched-solaris-sparc 0.35 247.70 OK
r-patched-solaris-x86 0.35 60.80 OK
r-release-linux-x86_64 0.35 2.77 19.63 22.40 OK
r-release-osx-x86_64-mavericks 0.35 OK
r-release-windows-ix86+x86_64 0.35 10.00 55.00 65.00 OK
r-oldrel-windows-ix86+x86_64 0.35 17.00 83.00 100.00 OK

Check Details

Version: 0.35
Check: whether package can be installed
Result: WARN
    Found the following significant warnings:
     Warning: GNU Extension: Nonstandard type declaration REAL*8 at (1)
Flavors: r-devel-linux-x86_64-debian-clang, r-devel-linux-x86_64-debian-gcc, r-devel-linux-x86_64-fedora-clang, r-devel-linux-x86_64-fedora-gcc, r-devel-macos-x86_64-clang, r-devel-windows-ix86+x86_64