CRAN Package Check Results for Package localgauss

Last updated on 2017-03-28 15:48:16.

Flavor Version Tinstall Tcheck Ttotal Status Flags
r-devel-linux-x86_64-debian-clang 0.40 4.24 13.35 17.59 NOTE
r-devel-linux-x86_64-debian-gcc 0.40 2.43 13.49 15.91 NOTE
r-devel-linux-x86_64-fedora-clang 0.40 26.44 NOTE --no-stop-on-test-error
r-devel-linux-x86_64-fedora-gcc 0.40 25.84 NOTE --no-stop-on-test-error
r-devel-macos-x86_64-clang 0.40 21.23 NOTE --no-stop-on-test-error
r-devel-windows-ix86+x86_64 0.40 12.00 42.00 54.00 OK
r-patched-linux-x86_64 0.40 2.22 14.12 16.34 NOTE
r-patched-solaris-sparc 0.40 170.40 OK
r-patched-solaris-x86 0.40 51.40 OK
r-release-linux-x86_64 0.40 2.33 13.26 15.59 OK
r-release-osx-x86_64-mavericks 0.40 OK
r-release-windows-ix86+x86_64 0.40 20.00 40.00 60.00 OK
r-oldrel-windows-ix86+x86_64 0.40 13.00 35.00 48.00 OK

Check Details

Version: 0.40
Check: compiled code
Result: NOTE
    File ‘localgauss/libs/localgauss.so’:
     Found no calls to: ‘R_registerRoutines’, ‘R_useDynamicSymbols’
    
    It is good practice to register native routines and to disable symbol
    search.
    
    See ‘Writing portable packages’ in the ‘Writing R Extensions’ manual.
Flavors: r-devel-linux-x86_64-debian-clang, r-devel-linux-x86_64-debian-gcc, r-patched-linux-x86_64

Version: 0.40
Flags: --no-stop-on-test-error
Check: compiled code
Result: NOTE
    File ‘localgauss/libs/localgauss.so’:
     Found no calls to: ‘R_registerRoutines’, ‘R_useDynamicSymbols’
    
    It is good practice to register native routines and to disable symbol
    search.
    
    See ‘Writing portable packages’ in the ‘Writing R Extensions’ manual.
Flavors: r-devel-linux-x86_64-fedora-clang, r-devel-linux-x86_64-fedora-gcc, r-devel-macos-x86_64-clang