CRAN Package Check Results for Package localgauss

Last updated on 2014-04-21 04:48:42.

Flavor Version Tinstall Tcheck Ttotal Status Flags
r-devel-linux-x86_64-debian-clang 0.33 3.52 29.96 33.48 OK
r-devel-linux-x86_64-debian-gcc 0.33 3.35 30.14 33.49 OK
r-devel-linux-x86_64-fedora-clang 0.33 66.44 OK
r-devel-linux-x86_64-fedora-gcc 0.33 63.01 OK
r-devel-macosx-x86_64-clang 0.33 62.80 OK
r-devel-macosx-x86_64-gcc 0.33 ERROR
r-devel-windows-ix86+x86_64 0.33 17.00 65.00 82.00 OK
r-patched-linux-x86_64 0.33 3.34 30.12 33.47 OK
r-patched-solaris-sparc 0.33 369.40 OK
r-patched-solaris-x86 0.33 94.10 OK
r-release-linux-ix86 OK
r-release-linux-x86_64 0.33 3.41 30.42 33.84 OK
r-release-macosx-x86_64 0.33 OK
r-release-windows-ix86+x86_64 0.33 19.00 69.00 88.00 OK
r-oldrel-windows-ix86+x86_64 0.33 16.00 76.00 92.00 OK

Check Details

Version: 0.33
Check: package dependencies
Result: ERROR
    Package required but not available: ‘ggplot2’
    
    See the information on DESCRIPTION files in the chapter ‘Creating R
    packages’ of the ‘Writing R Extensions’ manual.
Flavor: r-devel-macosx-x86_64-gcc