CRAN Package Check Results for Package localgauss

Last updated on 2017-08-17 12:53:58.

Flavor Version Tinstall Tcheck Ttotal Status Flags
r-devel-linux-x86_64-debian-clang 0.40 2.03 13.36 15.39 NOTE
r-devel-linux-x86_64-debian-gcc 0.40 2.20 13.48 15.67 NOTE
r-devel-linux-x86_64-fedora-clang 0.40 26.53 NOTE
r-devel-linux-x86_64-fedora-gcc 0.40 25.40 NOTE
r-devel-windows-ix86+x86_64 0.40 12.00 42.00 54.00 OK
r-patched-linux-x86_64 0.40 2.15 13.32 15.47 NOTE
r-patched-solaris-x86 0.40 43.60 OK
r-release-linux-x86_64 0.40 2.08 13.20 15.28 NOTE
r-release-windows-ix86+x86_64 0.40 12.00 42.00 54.00 OK
r-release-osx-x86_64 0.40 OK
r-oldrel-windows-ix86+x86_64 0.40 21.00 38.00 59.00 OK
r-oldrel-osx-x86_64 0.40 OK

Check Details

Version: 0.40
Check: compiled code
Result: NOTE
    File ‘localgauss/libs/localgauss.so’:
     Found no calls to: ‘R_registerRoutines’, ‘R_useDynamicSymbols’
    
    It is good practice to register native routines and to disable symbol
    search.
    
    See ‘Writing portable packages’ in the ‘Writing R Extensions’ manual.
Flavors: r-devel-linux-x86_64-debian-clang, r-devel-linux-x86_64-debian-gcc, r-devel-linux-x86_64-fedora-clang, r-devel-linux-x86_64-fedora-gcc, r-patched-linux-x86_64, r-release-linux-x86_64