CRAN Package Check Results for Package localgauss

Last updated on 2017-06-25 22:47:58.

Flavor Version Tinstall Tcheck Ttotal Status Flags
r-devel-linux-x86_64-debian-clang 0.40 2.28 13.22 15.50 NOTE
r-devel-linux-x86_64-debian-gcc 0.40 2.18 13.11 15.29 NOTE
r-devel-linux-x86_64-fedora-clang 0.40 26.79 NOTE
r-devel-linux-x86_64-fedora-gcc 0.40 26.91 NOTE
r-devel-windows-ix86+x86_64 0.40 18.00 42.00 60.00 OK
r-patched-linux-x86_64 0.40 2.28 13.16 15.43 NOTE
r-patched-solaris-sparc 0.40 170.40 OK
r-patched-solaris-x86 0.40 44.60 OK
r-release-linux-x86_64 0.40 2.20 13.29 15.49 NOTE
r-release-windows-ix86+x86_64 0.40 22.00 53.00 75.00 OK
r-release-osx-x86_64 0.40 OK
r-oldrel-windows-ix86+x86_64 0.40 12.00 53.00 65.00 OK
r-oldrel-osx-x86_64 0.40 OK

Check Details

Version: 0.40
Check: compiled code
Result: NOTE
    File ‘localgauss/libs/localgauss.so’:
     Found no calls to: ‘R_registerRoutines’, ‘R_useDynamicSymbols’
    
    It is good practice to register native routines and to disable symbol
    search.
    
    See ‘Writing portable packages’ in the ‘Writing R Extensions’ manual.
Flavors: r-devel-linux-x86_64-debian-clang, r-devel-linux-x86_64-debian-gcc, r-devel-linux-x86_64-fedora-clang, r-devel-linux-x86_64-fedora-gcc, r-patched-linux-x86_64, r-release-linux-x86_64