CRAN Package Check Results for Package localgauss

Last updated on 2015-05-29 03:48:07.

Flavor Version Tinstall Tcheck Ttotal Status Flags
r-devel-linux-x86_64-debian-clang 0.34 2.89 20.59 23.48 OK
r-devel-linux-x86_64-debian-gcc 0.34 3.01 20.28 23.29 OK
r-devel-linux-x86_64-fedora-clang 0.34 46.47 OK
r-devel-linux-x86_64-fedora-gcc 0.34 44.12 OK
r-devel-osx-x86_64-clang 0.34 43.72 OK
r-devel-windows-ix86+x86_64 0.34 14.00 58.00 72.00 OK
r-patched-linux-x86_64 0.34 2.77 20.83 23.60 OK
r-patched-solaris-sparc 0.34 311.40 OK
r-patched-solaris-x86 0.34 81.20 OK
r-release-linux-x86_64 0.34 2.67 20.97 23.64 OK
r-release-osx-x86_64-mavericks 0.34 OK
r-release-osx-x86_64-snowleopard 0.34 ERROR
r-release-windows-ix86+x86_64 0.34 14.00 63.00 77.00 OK
r-oldrel-windows-ix86+x86_64 0.34 19.00 81.00 100.00 OK

Check Details

Version: 0.34
Check: package dependencies
Result: ERROR
    Package required but not available: ‘ggplot2’
    
    See section ‘The DESCRIPTION file’ in the ‘Writing R Extensions’
    manual.
Flavor: r-release-osx-x86_64-snowleopard