CRAN Package Check Results for Package localgauss

Last updated on 2016-08-29 14:47:39.

Flavor Version Tinstall Tcheck Ttotal Status Flags
r-devel-linux-x86_64-debian-clang 0.35 2.80 19.20 22.00 WARN
r-devel-linux-x86_64-debian-gcc 0.35 2.61 19.15 21.76 WARN
r-devel-linux-x86_64-fedora-clang 0.35 38.78 WARN
r-devel-linux-x86_64-fedora-gcc 0.35 36.49 WARN
r-devel-osx-x86_64-clang 0.35 32.76 WARN
r-devel-windows-ix86+x86_64 0.35 15.00 54.00 69.00 OK
r-patched-linux-x86_64 0.35 2.80 19.10 21.90 OK
r-patched-solaris-sparc 0.35 247.70 OK
r-patched-solaris-x86 0.35 60.90 OK
r-release-linux-x86_64 0.35 2.62 19.13 21.74 OK
r-release-osx-x86_64-mavericks 0.35 OK
r-release-windows-ix86+x86_64 0.35 24.00 71.00 95.00 OK
r-oldrel-windows-ix86+x86_64 0.35 18.00 137.00 155.00 OK

Check Details

Version: 0.35
Check: whether package can be installed
Result: WARN
    Found the following significant warnings:
     Warning: GNU Extension: Nonstandard type declaration REAL*8 at (1)
Flavors: r-devel-linux-x86_64-debian-clang, r-devel-linux-x86_64-debian-gcc, r-devel-linux-x86_64-fedora-clang, r-devel-linux-x86_64-fedora-gcc, r-devel-osx-x86_64-clang