CRAN Package Check Results for Package locationgamer

Last updated on 2022-08-16 11:49:35 CEST.

Flavor Version Tinstall Tcheck Ttotal Status Flags
r-devel-linux-x86_64-debian-clang 0.1.0 2.56 26.45 29.01 NOTE
r-devel-linux-x86_64-debian-gcc 0.1.0 1.98 20.21 22.19 NOTE
r-devel-linux-x86_64-fedora-clang 0.1.0 45.57 NOTE
r-devel-linux-x86_64-fedora-gcc 0.1.0 45.21 NOTE
r-devel-windows-x86_64 0.1.0 24.00 54.00 78.00 NOTE
r-patched-linux-x86_64 0.1.0 1.94 25.96 27.90 NOTE
r-release-linux-x86_64 0.1.0 2.40 25.54 27.94 NOTE
r-release-macos-arm64 0.1.0 16.00 NOTE
r-release-macos-x86_64 0.1.0 23.00 NOTE
r-release-windows-x86_64 0.1.0 29.00 52.00 81.00 NOTE
r-oldrel-macos-arm64 0.1.0 20.00 NOTE
r-oldrel-macos-x86_64 0.1.0 28.00 NOTE
r-oldrel-windows-ix86+x86_64 0.1.0 7.00 53.00 60.00 NOTE

Check Details

Version: 0.1.0
Check: LazyData
Result: NOTE
     'LazyData' is specified without a 'data' directory
Flavors: r-devel-linux-x86_64-debian-clang, r-devel-linux-x86_64-debian-gcc, r-devel-linux-x86_64-fedora-clang, r-devel-linux-x86_64-fedora-gcc, r-devel-windows-x86_64, r-patched-linux-x86_64, r-release-linux-x86_64, r-release-macos-arm64, r-release-macos-x86_64, r-release-windows-x86_64, r-oldrel-macos-arm64, r-oldrel-macos-x86_64, r-oldrel-windows-ix86+x86_64