CRAN Package Check Results for Package locfit

Last updated on 2015-01-28 22:47:41.

Flavor Version Tinstall Tcheck Ttotal Status Flags
r-devel-linux-x86_64-debian-clang 1.5-9.1 8.31 19.69 28.00 NOTE
r-devel-linux-x86_64-debian-gcc 1.5-9.1 11.12 20.68 31.80 NOTE
r-devel-linux-x86_64-fedora-clang 1.5-9.1 61.68 NOTE
r-devel-linux-x86_64-fedora-gcc 1.5-9.1 57.23 NOTE
r-devel-osx-x86_64-clang 1.5-9.1 53.14 NOTE
r-devel-windows-ix86+x86_64 1.5-9.1 82.00 41.00 123.00 NOTE
r-patched-linux-x86_64 1.5-9.1 12.07 21.62 33.69 NOTE
r-patched-solaris-sparc 1.5-9.1 354.60 NOTE
r-patched-solaris-x86 1.5-9.1 80.30 NOTE
r-release-linux-ix86 1.5-9.1 13.35 28.56 41.90 NOTE
r-release-linux-x86_64 1.5-9.1 11.14 21.57 32.70 NOTE
r-release-osx-x86_64-mavericks 1.5-9.1 NOTE
r-release-windows-ix86+x86_64 1.5-9.1 72.00 47.00 119.00 NOTE
r-oldrel-windows-ix86+x86_64 1.5-9.1 71.00 72.00 143.00 NOTE

Check Details

Version: 1.5-9.1
Check: dependencies in R code
Result: NOTE
    'library' or 'require' call to ‘akima’ in package code.
     Please use :: or requireNamespace() instead.
     See section 'Suggested packages' in the 'Writing R Extensions' manual.
    Missing or unexported objects:
     ‘lattice::render.3d.trellis’ ‘lattice::render.contour.trellis’
Flavors: r-devel-linux-x86_64-debian-clang, r-devel-linux-x86_64-debian-gcc, r-devel-linux-x86_64-fedora-clang, r-devel-linux-x86_64-fedora-gcc, r-devel-osx-x86_64-clang, r-devel-windows-ix86+x86_64

Version: 1.5-9.1
Check: R code for possible problems
Result: NOTE
    lfbas: no visible global function definition for ‘basis’
Flavors: r-devel-linux-x86_64-debian-clang, r-devel-linux-x86_64-debian-gcc, r-devel-linux-x86_64-fedora-clang, r-devel-linux-x86_64-fedora-gcc, r-devel-osx-x86_64-clang, r-devel-windows-ix86+x86_64, r-patched-linux-x86_64, r-patched-solaris-sparc, r-patched-solaris-x86, r-release-linux-ix86, r-release-linux-x86_64, r-release-osx-x86_64-mavericks, r-release-windows-ix86+x86_64, r-oldrel-windows-ix86+x86_64

Version: 1.5-9.1
Check: dependencies in R code
Result: NOTE
    Missing or unexported objects:
     ‘lattice::render.3d.trellis’ ‘lattice::render.contour.trellis’
    See the information on DESCRIPTION files in the chapter ‘Creating R
    packages’ of the ‘Writing R Extensions’ manual.
Flavors: r-patched-linux-x86_64, r-patched-solaris-sparc, r-patched-solaris-x86, r-release-linux-ix86, r-release-linux-x86_64, r-release-osx-x86_64-mavericks, r-release-windows-ix86+x86_64, r-oldrel-windows-ix86+x86_64