CRAN Package Check Results for Package locfit

Last updated on 2014-10-02 15:49:03.

Flavor Version Tinstall Tcheck Ttotal Status Flags
r-devel-linux-x86_64-debian-clang 1.5-9.1 8.50 21.36 29.86 NOTE
r-devel-linux-x86_64-debian-gcc 1.5-9.1 11.26 21.10 32.36 NOTE
r-devel-linux-x86_64-fedora-clang 1.5-9.1 57.07 NOTE
r-devel-linux-x86_64-fedora-gcc 1.5-9.1 54.60 NOTE
r-devel-osx-x86_64-clang 1.5-9.1 49.83 NOTE
r-devel-windows-ix86+x86_64 1.5-9.1 67.00 40.00 107.00 NOTE
r-patched-linux-x86_64 1.5-9.1 11.24 22.05 33.29 NOTE
r-patched-solaris-sparc 1.5-9.1 376.20 NOTE
r-patched-solaris-x86 1.5-9.1 82.20 NOTE
r-release-linux-ix86 1.5-9.1 14.27 29.22 43.48 NOTE
r-release-linux-x86_64 1.5-9.1 11.22 21.60 32.83 NOTE
r-release-osx-x86_64-mavericks 1.5-9.1 NOTE
r-release-windows-ix86+x86_64 1.5-9.1 67.00 46.00 113.00 NOTE
r-oldrel-windows-ix86+x86_64 1.5-9.1 66.00 47.00 113.00 NOTE

Check Details

Version: 1.5-9.1
Check: dependencies in R code
Result: NOTE
    Missing or unexported objects:
     ‘lattice::render.3d.trellis’ ‘lattice::render.contour.trellis’
    See the information on DESCRIPTION files in the chapter ‘Creating R
    packages’ of the ‘Writing R Extensions’ manual.
Flavors: r-devel-linux-x86_64-debian-clang, r-devel-linux-x86_64-debian-gcc, r-devel-linux-x86_64-fedora-clang, r-devel-linux-x86_64-fedora-gcc, r-devel-osx-x86_64-clang, r-devel-windows-ix86+x86_64, r-patched-linux-x86_64, r-patched-solaris-sparc, r-patched-solaris-x86, r-release-linux-ix86, r-release-linux-x86_64, r-release-osx-x86_64-mavericks, r-release-windows-ix86+x86_64, r-oldrel-windows-ix86+x86_64

Version: 1.5-9.1
Check: R code for possible problems
Result: NOTE
    lfbas: no visible global function definition for ‘basis’
Flavors: r-devel-linux-x86_64-debian-clang, r-devel-linux-x86_64-debian-gcc, r-devel-linux-x86_64-fedora-clang, r-devel-linux-x86_64-fedora-gcc, r-devel-osx-x86_64-clang, r-devel-windows-ix86+x86_64, r-patched-linux-x86_64, r-patched-solaris-sparc, r-patched-solaris-x86, r-release-linux-ix86, r-release-linux-x86_64, r-release-osx-x86_64-mavericks, r-release-windows-ix86+x86_64, r-oldrel-windows-ix86+x86_64