CRAN Package Check Results for Package locfit

Last updated on 2014-04-24 09:49:03.

Flavor Version Tinstall Tcheck Ttotal Status Flags
r-devel-linux-x86_64-debian-clang 1.5-9.1 7.46 22.34 29.80 NOTE
r-devel-linux-x86_64-debian-gcc 1.5-9.1 10.63 23.21 33.84 NOTE
r-devel-linux-x86_64-fedora-clang 1.5-9.1 55.89 NOTE
r-devel-linux-x86_64-fedora-gcc 1.5-9.1 58.11 NOTE
r-devel-osx-x86_64-clang 1.5-9.1 47.98 NOTE
r-devel-osx-x86_64-gcc 1.5-9.1 NOTE
r-devel-windows-ix86+x86_64 1.5-9.1 67.00 42.00 109.00 NOTE
r-patched-linux-x86_64 1.5-9.1 10.69 23.70 34.39 NOTE
r-patched-solaris-sparc 1.5-9.1 331.30 NOTE
r-patched-solaris-x86 1.5-9.1 79.30 NOTE
r-release-linux-ix86 1.5-9.1 18.00 40.00 58.00 NOTE
r-release-linux-x86_64 1.5-9.1 10.91 22.73 33.64 NOTE
r-release-osx-x86_64-mavericks 1.5-9.1 ERROR
r-release-windows-ix86+x86_64 1.5-9.1 66.00 43.00 109.00 NOTE
r-oldrel-windows-ix86+x86_64 1.5-9.1 63.00 44.00 107.00 NOTE

Check Details

Version: 1.5-9.1
Check: dependencies in R code
Result: NOTE
    Missing or unexported objects:
     ‘lattice::render.3d.trellis’ ‘lattice::render.contour.trellis’
    See the information on DESCRIPTION files in the chapter ‘Creating R
    packages’ of the ‘Writing R Extensions’ manual.
Flavors: r-devel-linux-x86_64-debian-clang, r-devel-linux-x86_64-debian-gcc, r-devel-linux-x86_64-fedora-clang, r-devel-linux-x86_64-fedora-gcc, r-devel-osx-x86_64-clang, r-devel-osx-x86_64-gcc, r-devel-windows-ix86+x86_64, r-patched-linux-x86_64, r-patched-solaris-sparc, r-patched-solaris-x86, r-release-linux-ix86, r-release-linux-x86_64, r-release-osx-x86_64-mavericks, r-release-windows-ix86+x86_64, r-oldrel-windows-ix86+x86_64

Version: 1.5-9.1
Check: R code for possible problems
Result: NOTE
    lfbas: no visible global function definition for ‘basis’
Flavors: r-devel-linux-x86_64-debian-clang, r-devel-linux-x86_64-debian-gcc, r-devel-linux-x86_64-fedora-clang, r-devel-linux-x86_64-fedora-gcc, r-devel-osx-x86_64-clang, r-devel-osx-x86_64-gcc, r-devel-windows-ix86+x86_64, r-patched-linux-x86_64, r-patched-solaris-sparc, r-patched-solaris-x86, r-release-linux-ix86, r-release-linux-x86_64, r-release-osx-x86_64-mavericks, r-release-windows-ix86+x86_64, r-oldrel-windows-ix86+x86_64

Version: 1.5-9.1
Check: examples
Result: ERROR
    Running examples in ‘locfit-Ex.R’ failed
    The error most likely occurred in:
    
    > ### Name: lf
    > ### Title: Locfit term in Additive Model formula
    > ### Aliases: lf
    > ### Keywords: models
    >
    > ### ** Examples
    >
    > # fit an additive semiparametric model to the ethanol data.
    > stopifnot(require(gam))
    Loading required package: gam
    Loading required package: splines
    Loaded gam 1.09
    
    
    Attaching package: ‘gam’
    
    The following object is masked from ‘package:locfit’:
    
     gam.slist
    
    > # The `gam' package must be attached _before_ `locfit', otherwise
    > # the following will not work.
    > data(ethanol, package = "lattice")
    > fit <- gam(NOx ~ lf(E) + C, data=ethanol)
    > op <- par(mfrow=c(2, 1))
    > plot(fit)
    Error in summary.gam(object, dispersion = dispersion) :
     could not find function "anova.lm"
    Calls: plot ... NextMethod -> predict.glm -> summary -> summary.gam
    Execution halted
Flavor: r-release-osx-x86_64-mavericks