CRAN Package Check Results for Package locfit

Last updated on 2015-06-30 11:48:23.

Flavor Version Tinstall Tcheck Ttotal Status Flags
r-devel-linux-x86_64-debian-clang 1.5-9.1 8.62 19.30 27.92 NOTE
r-devel-linux-x86_64-debian-gcc 1.5-9.1 10.96 19.51 30.47 NOTE
r-devel-linux-x86_64-fedora-clang 1.5-9.1 54.52 NOTE
r-devel-linux-x86_64-fedora-gcc 1.5-9.1 52.40 NOTE
r-devel-osx-x86_64-clang 1.5-9.1 50.84 NOTE
r-devel-windows-ix86+x86_64 1.5-9.1 106.00 61.00 167.00 NOTE
r-patched-linux-x86_64 1.5-9.1 10.79 19.51 30.30 NOTE
r-patched-solaris-sparc 1.5-9.1 328.90 NOTE
r-patched-solaris-x86 1.5-9.1 73.30 NOTE
r-release-linux-x86_64 1.5-9.1 12.87 19.84 32.71 NOTE
r-release-osx-x86_64-mavericks 1.5-9.1 NOTE
r-release-windows-ix86+x86_64 1.5-9.1 97.00 64.00 161.00 NOTE
r-oldrel-windows-ix86+x86_64 1.5-9.1 82.00 47.00 129.00 NOTE

Check Details

Version: 1.5-9.1
Check: DESCRIPTION meta-information
Result: NOTE
    Malformed Title field: should not end in a period.
Flavors: r-devel-linux-x86_64-debian-clang, r-devel-linux-x86_64-debian-gcc, r-devel-linux-x86_64-fedora-clang, r-devel-linux-x86_64-fedora-gcc, r-devel-osx-x86_64-clang, r-devel-windows-ix86+x86_64, r-patched-linux-x86_64, r-patched-solaris-sparc, r-patched-solaris-x86, r-release-linux-x86_64, r-release-osx-x86_64-mavericks, r-release-windows-ix86+x86_64

Version: 1.5-9.1
Check: dependencies in R code
Result: NOTE
    'library' or 'require' call to ‘akima’ in package code.
     Please use :: or requireNamespace() instead.
     See section 'Suggested packages' in the 'Writing R Extensions' manual.
    Missing or unexported objects:
     ‘lattice::render.3d.trellis’ ‘lattice::render.contour.trellis’
Flavors: r-devel-linux-x86_64-debian-clang, r-devel-linux-x86_64-debian-gcc, r-devel-linux-x86_64-fedora-clang, r-devel-linux-x86_64-fedora-gcc, r-devel-osx-x86_64-clang, r-devel-windows-ix86+x86_64, r-patched-linux-x86_64, r-patched-solaris-sparc, r-patched-solaris-x86, r-release-linux-x86_64, r-release-osx-x86_64-mavericks, r-release-windows-ix86+x86_64, r-oldrel-windows-ix86+x86_64

Version: 1.5-9.1
Check: R code for possible problems
Result: NOTE
    gam.lf: no visible global function definition for ‘predict’
    kdeb: no visible global function definition for ‘var’
    lfbas: no visible global function definition for ‘basis’
    lines.locfit: no visible global function definition for ‘predict’
    lines.locfit: no visible global function definition for ‘lines’
    llines.locfit: no visible global function definition for ‘predict’
    locfit: no visible global function definition for ‘terms’
    locfit: no visible global function definition for ‘model.extract’
    locfit.censor: no visible global function definition for ‘dnorm’
    locfit.censor: no visible global function definition for ‘pnorm’
    locfit.matrix: no visible global function definition for ‘terms’
    locfit.matrix: no visible global function definition for ‘as.formula’
    locfit.matrix: no visible global function definition for
     ‘model.extract’
    locfit.matrix: no visible binding for global variable ‘weights’
    locfit.robust: no visible global function definition for ‘median’
    panel.locfit: no visible global function definition for ‘predict’
    panel.xyplot.lf: no visible global function definition for ‘rug’
    plot.eval: no visible global function definition for ‘segments’
    plot.lfeval: no visible global function definition for ‘text’
    plot.locfit.1d: no visible global function definition for ‘lines’
    plot.locfit.1d: no visible global function definition for ‘rug’
    plot.locfit.2d: no visible global function definition for ‘contour’
    plot.locfit.2d: no visible global function definition for ‘image’
    plot.locfit.2d: no visible global function definition for ‘persp’
    plot.locfit.2d: no visible global function definition for ‘title’
    plot.scb.1d: no visible global function definition for ‘lines’
    plot.scb.1d: no visible global function definition for ‘abline’
    plot.scb.2d : plot.tl: no visible global function definition for ‘par’
    plot.scb.2d : plot.tl: no visible global function definition for
     ‘polygon’
    plot.scb.2d : plot.tl: no visible global function definition for ‘axis’
    plotbyfactor: no visible global function definition for ‘legend’
    preplot.locfit: no visible global function definition for ‘model.frame’
    preplot.locfit: no visible global function definition for
     ‘delete.response’
    sjpi : dnorms: no visible global function definition for ‘dnorm’
    smooth.lf: no visible global function definition for ‘predict’
Flavors: r-devel-linux-x86_64-debian-clang, r-devel-linux-x86_64-debian-gcc, r-devel-windows-ix86+x86_64

Version: 1.5-9.1
Check: R code for possible problems
Result: NOTE
    lfbas: no visible global function definition for ‘basis’
Flavors: r-devel-linux-x86_64-fedora-clang, r-devel-linux-x86_64-fedora-gcc, r-devel-osx-x86_64-clang, r-patched-linux-x86_64, r-patched-solaris-sparc, r-patched-solaris-x86, r-release-linux-x86_64, r-release-osx-x86_64-mavericks, r-release-windows-ix86+x86_64, r-oldrel-windows-ix86+x86_64