CRAN Package Check Results for Package locfit

Last updated on 2015-02-27 04:46:50.

Flavor Version Tinstall Tcheck Ttotal Status Flags
r-devel-linux-x86_64-debian-clang 1.5-9.1 8.20 20.41 28.61 NOTE
r-devel-linux-x86_64-debian-gcc 1.5-9.1 10.76 19.25 30.01 NOTE
r-devel-linux-x86_64-fedora-clang 1.5-9.1 54.38 NOTE
r-devel-linux-x86_64-fedora-gcc 1.5-9.1 52.01 NOTE
r-devel-osx-x86_64-clang 1.5-9.1 52.16 NOTE
r-devel-windows-ix86+x86_64 1.5-9.1 109.00 40.00 149.00 NOTE
r-patched-linux-x86_64 1.5-9.1 11.35 22.85 34.20 NOTE
r-patched-solaris-sparc 1.5-9.1 372.70 NOTE
r-patched-solaris-x86 1.5-9.1 84.20 NOTE
r-release-linux-ix86 1.5-9.1 13.95 30.32 44.27 NOTE
r-release-linux-x86_64 1.5-9.1 11.75 0.27 12.02 OK
r-release-osx-x86_64-mavericks 1.5-9.1 NOTE
r-release-windows-ix86+x86_64 1.5-9.1 63.00 46.00 109.00 NOTE
r-oldrel-windows-ix86+x86_64 1.5-9.1 66.00 76.00 142.00 NOTE

Check Details

Version: 1.5-9.1
Check: DESCRIPTION meta-information
Result: NOTE
    Malformed Title field: should not end in a period.
Flavors: r-devel-linux-x86_64-debian-clang, r-devel-linux-x86_64-debian-gcc, r-devel-linux-x86_64-fedora-clang, r-devel-linux-x86_64-fedora-gcc, r-devel-osx-x86_64-clang, r-devel-windows-ix86+x86_64

Version: 1.5-9.1
Check: dependencies in R code
Result: NOTE
    'library' or 'require' call to ‘akima’ in package code.
     Please use :: or requireNamespace() instead.
     See section 'Suggested packages' in the 'Writing R Extensions' manual.
    Missing or unexported objects:
     ‘lattice::render.3d.trellis’ ‘lattice::render.contour.trellis’
Flavors: r-devel-linux-x86_64-debian-clang, r-devel-linux-x86_64-debian-gcc, r-devel-linux-x86_64-fedora-clang, r-devel-linux-x86_64-fedora-gcc, r-devel-osx-x86_64-clang, r-devel-windows-ix86+x86_64, r-patched-linux-x86_64, r-patched-solaris-sparc, r-patched-solaris-x86

Version: 1.5-9.1
Check: R code for possible problems
Result: NOTE
    lfbas: no visible global function definition for ‘basis’
Flavors: r-devel-linux-x86_64-debian-clang, r-devel-linux-x86_64-debian-gcc, r-devel-linux-x86_64-fedora-clang, r-devel-linux-x86_64-fedora-gcc, r-devel-osx-x86_64-clang, r-devel-windows-ix86+x86_64, r-patched-linux-x86_64, r-patched-solaris-sparc, r-patched-solaris-x86, r-release-linux-ix86, r-release-osx-x86_64-mavericks, r-release-windows-ix86+x86_64, r-oldrel-windows-ix86+x86_64

Version: 1.5-9.1
Check: dependencies in R code
Result: NOTE
    Missing or unexported objects:
     ‘lattice::render.3d.trellis’ ‘lattice::render.contour.trellis’
    See the information on DESCRIPTION files in the chapter ‘Creating R
    packages’ of the ‘Writing R Extensions’ manual.
Flavors: r-release-linux-ix86, r-release-osx-x86_64-mavericks, r-release-windows-ix86+x86_64, r-oldrel-windows-ix86+x86_64