CRAN Package Check Results for Package locfit

Last updated on 2014-12-19 07:47:42.

Flavor Version Tinstall Tcheck Ttotal Status Flags
r-devel-linux-x86_64-debian-clang 1.5-9.1 8.23 21.15 29.38 NOTE
r-devel-linux-x86_64-debian-gcc 1.5-9.1 10.92 20.68 31.60 NOTE
r-devel-linux-x86_64-fedora-clang 1.5-9.1 60.39 NOTE
r-devel-linux-x86_64-fedora-gcc 1.5-9.1 57.00 NOTE
r-devel-osx-x86_64-clang 1.5-9.1 53.24 NOTE
r-devel-windows-ix86+x86_64 1.5-9.1 70.00 44.00 114.00 NOTE
r-patched-linux-x86_64 1.5-9.1 11.48 21.64 33.12 NOTE
r-patched-solaris-sparc 1.5-9.1 349.90 NOTE
r-patched-solaris-x86 1.5-9.1 81.80 NOTE
r-release-linux-ix86 1.5-9.1 13.54 28.41 41.96 NOTE
r-release-linux-x86_64 1.5-9.1 11.18 21.56 32.74 NOTE
r-release-osx-x86_64-mavericks 1.5-9.1 NOTE
r-release-windows-ix86+x86_64 1.5-9.1 68.00 48.00 116.00 NOTE
r-oldrel-windows-ix86+x86_64 1.5-9.1 65.00 48.00 113.00 NOTE

Check Details

Version: 1.5-9.1
Check: dependencies in R code
Result: NOTE
    Missing or unexported objects:
     ‘lattice::render.3d.trellis’ ‘lattice::render.contour.trellis’
    See the information on DESCRIPTION files in the chapter ‘Creating R
    packages’ of the ‘Writing R Extensions’ manual.
Flavors: r-devel-linux-x86_64-debian-clang, r-devel-linux-x86_64-debian-gcc, r-devel-linux-x86_64-fedora-clang, r-devel-linux-x86_64-fedora-gcc, r-devel-osx-x86_64-clang, r-devel-windows-ix86+x86_64, r-patched-linux-x86_64, r-patched-solaris-sparc, r-patched-solaris-x86, r-release-linux-ix86, r-release-linux-x86_64, r-release-osx-x86_64-mavericks, r-release-windows-ix86+x86_64, r-oldrel-windows-ix86+x86_64

Version: 1.5-9.1
Check: R code for possible problems
Result: NOTE
    lfbas: no visible global function definition for ‘basis’
Flavors: r-devel-linux-x86_64-debian-clang, r-devel-linux-x86_64-debian-gcc, r-devel-linux-x86_64-fedora-clang, r-devel-linux-x86_64-fedora-gcc, r-devel-osx-x86_64-clang, r-devel-windows-ix86+x86_64, r-patched-linux-x86_64, r-patched-solaris-sparc, r-patched-solaris-x86, r-release-linux-ix86, r-release-linux-x86_64, r-release-osx-x86_64-mavericks, r-release-windows-ix86+x86_64, r-oldrel-windows-ix86+x86_64