CRAN Package Check Results for Package locfit

Last updated on 2014-09-21 03:49:05.

Flavor Version Tinstall Tcheck Ttotal Status Flags
r-devel-linux-x86_64-debian-clang 1.5-9.1 8.50 21.06 29.56 NOTE
r-devel-linux-x86_64-debian-gcc 1.5-9.1 11.41 20.76 32.17 NOTE
r-devel-linux-x86_64-fedora-clang 1.5-9.1 56.94 NOTE
r-devel-linux-x86_64-fedora-gcc 1.5-9.1 54.30 NOTE
r-devel-osx-x86_64-clang 1.5-9.1 53.03 NOTE
r-devel-windows-ix86+x86_64 1.5-9.1 67.00 39.00 106.00 NOTE
r-patched-linux-x86_64 1.5-9.1 11.48 21.60 33.08 NOTE
r-patched-solaris-sparc 1.5-9.1 376.20 NOTE
r-patched-solaris-x86 1.5-9.1 77.90 NOTE
r-release-linux-ix86 1.5-9.1 14.29 29.34 43.64 NOTE
r-release-linux-x86_64 1.5-9.1 11.12 21.21 32.33 NOTE
r-release-osx-x86_64-mavericks 1.5-9.1 NOTE
r-release-windows-ix86+x86_64 1.5-9.1 65.00 41.00 106.00 NOTE
r-oldrel-windows-ix86+x86_64 1.5-9.1 74.00 43.00 117.00 NOTE

Check Details

Version: 1.5-9.1
Check: dependencies in R code
Result: NOTE
    Missing or unexported objects:
     ‘lattice::render.3d.trellis’ ‘lattice::render.contour.trellis’
    See the information on DESCRIPTION files in the chapter ‘Creating R
    packages’ of the ‘Writing R Extensions’ manual.
Flavors: r-devel-linux-x86_64-debian-clang, r-devel-linux-x86_64-debian-gcc, r-devel-linux-x86_64-fedora-clang, r-devel-linux-x86_64-fedora-gcc, r-devel-osx-x86_64-clang, r-devel-windows-ix86+x86_64, r-patched-linux-x86_64, r-patched-solaris-sparc, r-patched-solaris-x86, r-release-linux-ix86, r-release-linux-x86_64, r-release-osx-x86_64-mavericks, r-release-windows-ix86+x86_64, r-oldrel-windows-ix86+x86_64

Version: 1.5-9.1
Check: R code for possible problems
Result: NOTE
    lfbas: no visible global function definition for ‘basis’
Flavors: r-devel-linux-x86_64-debian-clang, r-devel-linux-x86_64-debian-gcc, r-devel-linux-x86_64-fedora-clang, r-devel-linux-x86_64-fedora-gcc, r-devel-osx-x86_64-clang, r-devel-windows-ix86+x86_64, r-patched-linux-x86_64, r-patched-solaris-sparc, r-patched-solaris-x86, r-release-linux-ix86, r-release-linux-x86_64, r-release-osx-x86_64-mavericks, r-release-windows-ix86+x86_64, r-oldrel-windows-ix86+x86_64