CRAN Package Check Results for Package locfit

Last updated on 2015-03-27 05:47:47.

Flavor Version Tinstall Tcheck Ttotal Status Flags
r-devel-linux-x86_64-debian-clang 1.5-9.1 8.52 20.06 28.57 NOTE
r-devel-linux-x86_64-debian-gcc 1.5-9.1 10.75 19.50 30.24 NOTE
r-devel-linux-x86_64-fedora-clang 1.5-9.1 56.64 NOTE
r-devel-linux-x86_64-fedora-gcc 1.5-9.1 53.42 NOTE
r-devel-osx-x86_64-clang 1.5-9.1 55.99 NOTE
r-prerel-windows-ix86+x86_64 1.5-9.1 91.00 42.00 133.00 NOTE
r-prerel-linux-x86_64 1.5-9.1 10.80 19.80 30.60 NOTE
r-prerel-solaris-sparc 1.5-9.1 365.90 NOTE
r-prerel-solaris-x86 1.5-9.1 74.10 NOTE
r-release-linux-x86_64 1.5-9.1 11.43 22.12 33.55 NOTE
r-release-osx-x86_64-mavericks 1.5-9.1 NOTE
r-release-windows-ix86+x86_64 1.5-9.1 70.00 45.00 115.00 NOTE
r-oldrel-windows-ix86+x86_64 1.5-9.1 66.00 52.00 118.00 NOTE

Check Details

Version: 1.5-9.1
Check: DESCRIPTION meta-information
Result: NOTE
    Malformed Title field: should not end in a period.
Flavors: r-devel-linux-x86_64-debian-clang, r-devel-linux-x86_64-debian-gcc, r-devel-linux-x86_64-fedora-clang, r-devel-linux-x86_64-fedora-gcc, r-devel-osx-x86_64-clang, r-prerel-windows-ix86+x86_64, r-prerel-linux-x86_64, r-prerel-solaris-sparc, r-prerel-solaris-x86

Version: 1.5-9.1
Check: dependencies in R code
Result: NOTE
    'library' or 'require' call to ‘akima’ in package code.
     Please use :: or requireNamespace() instead.
     See section 'Suggested packages' in the 'Writing R Extensions' manual.
    Missing or unexported objects:
     ‘lattice::render.3d.trellis’ ‘lattice::render.contour.trellis’
Flavors: r-devel-linux-x86_64-debian-clang, r-devel-linux-x86_64-debian-gcc, r-devel-linux-x86_64-fedora-clang, r-devel-linux-x86_64-fedora-gcc, r-devel-osx-x86_64-clang, r-prerel-windows-ix86+x86_64, r-prerel-linux-x86_64, r-prerel-solaris-sparc, r-prerel-solaris-x86, r-release-linux-x86_64, r-release-windows-ix86+x86_64

Version: 1.5-9.1
Check: R code for possible problems
Result: NOTE
    lfbas: no visible global function definition for ‘basis’
Flavors: r-devel-linux-x86_64-debian-clang, r-devel-linux-x86_64-debian-gcc, r-devel-linux-x86_64-fedora-clang, r-devel-linux-x86_64-fedora-gcc, r-devel-osx-x86_64-clang, r-prerel-windows-ix86+x86_64, r-prerel-linux-x86_64, r-prerel-solaris-sparc, r-prerel-solaris-x86, r-release-linux-x86_64, r-release-osx-x86_64-mavericks, r-release-windows-ix86+x86_64, r-oldrel-windows-ix86+x86_64

Version: 1.5-9.1
Check: dependencies in R code
Result: NOTE
    Missing or unexported objects:
     ‘lattice::render.3d.trellis’ ‘lattice::render.contour.trellis’
    See the information on DESCRIPTION files in the chapter ‘Creating R
    packages’ of the ‘Writing R Extensions’ manual.
Flavors: r-release-osx-x86_64-mavericks, r-oldrel-windows-ix86+x86_64