CRAN Package Check Results for Package locfit

Last updated on 2015-05-29 19:47:32.

Flavor Version Tinstall Tcheck Ttotal Status Flags
r-devel-linux-x86_64-debian-clang 1.5-9.1 8.77 19.77 28.54 NOTE
r-devel-linux-x86_64-debian-gcc 1.5-9.1 10.87 18.98 29.85 NOTE
r-devel-linux-x86_64-fedora-clang 1.5-9.1 54.52 NOTE
r-devel-linux-x86_64-fedora-gcc 1.5-9.1 53.11 NOTE
r-devel-osx-x86_64-clang 1.5-9.1 51.73 NOTE
r-devel-windows-ix86+x86_64 1.5-9.1 73.00 43.00 116.00 NOTE
r-patched-linux-x86_64 1.5-9.1 11.31 18.80 30.11 NOTE
r-patched-solaris-sparc 1.5-9.1 328.90 NOTE
r-patched-solaris-x86 1.5-9.1 73.20 NOTE
r-release-linux-x86_64 1.5-9.1 10.90 19.26 30.16 NOTE
r-release-osx-x86_64-mavericks 1.5-9.1 NOTE
r-release-osx-x86_64-snowleopard 1.5-9.1 NOTE
r-release-windows-ix86+x86_64 1.5-9.1 74.00 42.00 116.00 NOTE
r-oldrel-windows-ix86+x86_64 1.5-9.1 69.00 63.00 132.00 NOTE

Check Details

Version: 1.5-9.1
Check: DESCRIPTION meta-information
Result: NOTE
    Malformed Title field: should not end in a period.
Flavors: r-devel-linux-x86_64-debian-clang, r-devel-linux-x86_64-debian-gcc, r-devel-linux-x86_64-fedora-clang, r-devel-linux-x86_64-fedora-gcc, r-devel-osx-x86_64-clang, r-devel-windows-ix86+x86_64, r-patched-linux-x86_64, r-patched-solaris-sparc, r-patched-solaris-x86, r-release-linux-x86_64, r-release-osx-x86_64-mavericks, r-release-osx-x86_64-snowleopard, r-release-windows-ix86+x86_64

Version: 1.5-9.1
Check: dependencies in R code
Result: NOTE
    'library' or 'require' call to ‘akima’ in package code.
     Please use :: or requireNamespace() instead.
     See section 'Suggested packages' in the 'Writing R Extensions' manual.
    Missing or unexported objects:
     ‘lattice::render.3d.trellis’ ‘lattice::render.contour.trellis’
Flavors: r-devel-linux-x86_64-debian-clang, r-devel-linux-x86_64-debian-gcc, r-devel-linux-x86_64-fedora-clang, r-devel-linux-x86_64-fedora-gcc, r-devel-osx-x86_64-clang, r-devel-windows-ix86+x86_64, r-patched-linux-x86_64, r-patched-solaris-sparc, r-patched-solaris-x86, r-release-linux-x86_64, r-release-osx-x86_64-mavericks, r-release-osx-x86_64-snowleopard, r-release-windows-ix86+x86_64, r-oldrel-windows-ix86+x86_64

Version: 1.5-9.1
Check: R code for possible problems
Result: NOTE
    lfbas: no visible global function definition for ‘basis’
Flavors: r-devel-linux-x86_64-debian-clang, r-devel-linux-x86_64-debian-gcc, r-devel-linux-x86_64-fedora-clang, r-devel-linux-x86_64-fedora-gcc, r-devel-osx-x86_64-clang, r-devel-windows-ix86+x86_64, r-patched-linux-x86_64, r-patched-solaris-sparc, r-patched-solaris-x86, r-release-linux-x86_64, r-release-osx-x86_64-mavericks, r-release-osx-x86_64-snowleopard, r-release-windows-ix86+x86_64, r-oldrel-windows-ix86+x86_64