CRAN Package Check Results for Package locfit

Last updated on 2014-07-24 19:49:05.

Flavor Version Tinstall Tcheck Ttotal Status Flags
r-devel-linux-x86_64-debian-clang 1.5-9.1 7.33 21.74 29.07 NOTE
r-devel-linux-x86_64-debian-gcc 1.5-9.1 11.18 21.19 32.36 NOTE
r-devel-linux-x86_64-fedora-clang 1.5-9.1 56.53 NOTE
r-devel-linux-x86_64-fedora-gcc 1.5-9.1 57.21 NOTE
r-devel-osx-x86_64-clang 1.5-9.1 51.54 NOTE
r-devel-windows-ix86+x86_64 1.5-9.1 68.00 43.00 111.00 NOTE
r-patched-linux-x86_64 1.5-9.1 11.01 21.20 32.21 NOTE
r-patched-solaris-sparc 1.5-9.1 331.30 NOTE
r-patched-solaris-x86 1.5-9.1 79.10 NOTE
r-release-linux-ix86 1.5-9.1 14.30 29.19 43.49 NOTE
r-release-linux-x86_64 1.5-9.1 12.33 21.70 34.02 NOTE
r-release-osx-x86_64-mavericks 1.5-9.1 NOTE
r-release-windows-ix86+x86_64 1.5-9.1 67.00 42.00 109.00 NOTE
r-oldrel-windows-ix86+x86_64 1.5-9.1 71.00 46.00 117.00 NOTE

Check Details

Version: 1.5-9.1
Check: dependencies in R code
Result: NOTE
    Missing or unexported objects:
     ‘lattice::render.3d.trellis’ ‘lattice::render.contour.trellis’
    See the information on DESCRIPTION files in the chapter ‘Creating R
    packages’ of the ‘Writing R Extensions’ manual.
Flavors: r-devel-linux-x86_64-debian-clang, r-devel-linux-x86_64-debian-gcc, r-devel-linux-x86_64-fedora-clang, r-devel-linux-x86_64-fedora-gcc, r-devel-osx-x86_64-clang, r-devel-windows-ix86+x86_64, r-patched-linux-x86_64, r-patched-solaris-sparc, r-patched-solaris-x86, r-release-linux-ix86, r-release-linux-x86_64, r-release-osx-x86_64-mavericks, r-release-windows-ix86+x86_64, r-oldrel-windows-ix86+x86_64

Version: 1.5-9.1
Check: R code for possible problems
Result: NOTE
    lfbas: no visible global function definition for ‘basis’
Flavors: r-devel-linux-x86_64-debian-clang, r-devel-linux-x86_64-debian-gcc, r-devel-linux-x86_64-fedora-clang, r-devel-linux-x86_64-fedora-gcc, r-devel-osx-x86_64-clang, r-devel-windows-ix86+x86_64, r-patched-linux-x86_64, r-patched-solaris-sparc, r-patched-solaris-x86, r-release-linux-ix86, r-release-linux-x86_64, r-release-osx-x86_64-mavericks, r-release-windows-ix86+x86_64, r-oldrel-windows-ix86+x86_64