CRAN Package Check Results for Package locfit

Last updated on 2015-04-19 11:51:11.

Flavor Version Tinstall Tcheck Ttotal Status Flags
r-devel-linux-x86_64-debian-clang 1.5-9.1 8.68 19.53 28.21 NOTE
r-devel-linux-x86_64-debian-gcc 1.5-9.1 10.82 19.20 30.02 NOTE
r-devel-linux-x86_64-fedora-clang 1.5-9.1 54.34 NOTE
r-devel-linux-x86_64-fedora-gcc 1.5-9.1 53.90 NOTE
r-devel-osx-x86_64-clang 1.5-9.1 50.96 NOTE
r-devel-windows-ix86+x86_64 1.5-9.1 99.00 40.00 139.00 NOTE
r-patched-linux-x86_64 1.5-9.1 10.82 20.01 30.83 NOTE
r-patched-solaris-sparc 1.5-9.1 365.90 NOTE
r-patched-solaris-x86 1.5-9.1 75.00 NOTE
r-release-linux-x86_64 1.5-9.1 10.96 19.36 30.32 NOTE
r-release-osx-x86_64-mavericks 1.5-9.1 NOTE
r-release-osx-x86_64-snowleopard 1.5-9.1 NOTE
r-release-windows-ix86+x86_64 1.5-9.1 53.00 37.00 90.00 NOTE
r-oldrel-windows-ix86+x86_64 1.5-9.1 56.00 40.00 96.00 NOTE

Check Details

Version: 1.5-9.1
Check: DESCRIPTION meta-information
Result: NOTE
    Malformed Title field: should not end in a period.
Flavors: r-devel-linux-x86_64-debian-clang, r-devel-linux-x86_64-debian-gcc, r-devel-linux-x86_64-fedora-clang, r-devel-linux-x86_64-fedora-gcc, r-devel-osx-x86_64-clang, r-devel-windows-ix86+x86_64, r-patched-linux-x86_64, r-patched-solaris-sparc, r-patched-solaris-x86, r-release-linux-x86_64, r-release-osx-x86_64-mavericks, r-release-osx-x86_64-snowleopard, r-release-windows-ix86+x86_64

Version: 1.5-9.1
Check: dependencies in R code
Result: NOTE
    'library' or 'require' call to ‘akima’ in package code.
     Please use :: or requireNamespace() instead.
     See section 'Suggested packages' in the 'Writing R Extensions' manual.
    Missing or unexported objects:
     ‘lattice::render.3d.trellis’ ‘lattice::render.contour.trellis’
Flavors: r-devel-linux-x86_64-debian-clang, r-devel-linux-x86_64-debian-gcc, r-devel-linux-x86_64-fedora-clang, r-devel-linux-x86_64-fedora-gcc, r-devel-osx-x86_64-clang, r-devel-windows-ix86+x86_64, r-patched-linux-x86_64, r-patched-solaris-sparc, r-patched-solaris-x86, r-release-linux-x86_64, r-release-osx-x86_64-mavericks, r-release-osx-x86_64-snowleopard, r-release-windows-ix86+x86_64, r-oldrel-windows-ix86+x86_64

Version: 1.5-9.1
Check: R code for possible problems
Result: NOTE
    lfbas: no visible global function definition for ‘basis’
Flavors: r-devel-linux-x86_64-debian-clang, r-devel-linux-x86_64-debian-gcc, r-devel-linux-x86_64-fedora-clang, r-devel-linux-x86_64-fedora-gcc, r-devel-osx-x86_64-clang, r-devel-windows-ix86+x86_64, r-patched-linux-x86_64, r-patched-solaris-sparc, r-patched-solaris-x86, r-release-linux-x86_64, r-release-osx-x86_64-mavericks, r-release-osx-x86_64-snowleopard, r-release-windows-ix86+x86_64, r-oldrel-windows-ix86+x86_64