CRAN Package Check Results for Package locits

Last updated on 2014-07-25 14:47:38.

Flavor Version Tinstall Tcheck Ttotal Status Flags
r-devel-linux-x86_64-debian-clang 1.4 1.49 26.51 28.00 NOTE
r-devel-linux-x86_64-debian-gcc 1.4 1.48 25.36 26.84 NOTE
r-devel-linux-x86_64-fedora-clang 1.4 55.96 NOTE
r-devel-linux-x86_64-fedora-gcc 1.4 52.68 NOTE
r-devel-osx-x86_64-clang 1.4 52.43 NOTE
r-devel-windows-ix86+x86_64 1.4 7.00 54.00 61.00 NOTE
r-patched-linux-x86_64 1.4 1.50 25.30 26.80 NOTE
r-patched-solaris-sparc 1.4 379.90 NOTE
r-patched-solaris-x86 1.4 77.20 NOTE
r-release-linux-ix86 1.4 2.11 36.26 38.37 NOTE
r-release-linux-x86_64 1.4 1.63 26.09 27.72 NOTE
r-release-osx-x86_64-mavericks 1.4 NOTE
r-release-osx-x86_64-snowleopard 1.4 OK
r-release-windows-ix86+x86_64 1.4 8.00 57.00 65.00 NOTE
r-oldrel-windows-ix86+x86_64 1.4 7.00 60.00 67.00 NOTE

Check Details

Version: 1.4
Check: dependencies in R code
Result: NOTE
    Packages in Depends field not imported from:
     ‘igraph’ ‘wavethresh’
     These packages need to be imported from (in the NAMESPACE file)
     for when this namespace is loaded but not attached.
    See the information on DESCRIPTION files in the chapter ‘Creating R
    packages’ of the ‘Writing R Extensions’ manual.
Flavors: r-devel-linux-x86_64-debian-clang, r-devel-linux-x86_64-debian-gcc, r-devel-linux-x86_64-fedora-clang, r-devel-linux-x86_64-fedora-gcc, r-devel-osx-x86_64-clang, r-devel-windows-ix86+x86_64, r-patched-linux-x86_64, r-patched-solaris-sparc, r-patched-solaris-x86, r-release-linux-ix86, r-release-linux-x86_64, r-release-osx-x86_64-mavericks, r-release-windows-ix86+x86_64, r-oldrel-windows-ix86+x86_64