CRAN Package Check Results for Package locits

Last updated on 2017-10-23 10:49:53.

Flavor Version Tinstall Tcheck Ttotal Status Flags
r-devel-linux-x86_64-debian-clang 1.7.3 1.70 30.67 32.36 NOTE
r-devel-linux-x86_64-debian-gcc 1.7.3 2.14 34.13 36.28 NOTE
r-devel-linux-x86_64-fedora-clang 1.7.3 58.78 NOTE
r-devel-linux-x86_64-fedora-gcc 1.7.3 58.65 NOTE
r-devel-windows-ix86+x86_64 1.7.3 11.00 75.00 86.00 OK
r-patched-linux-x86_64 1.7.3 1.61 30.46 32.06 NOTE
r-patched-solaris-x86 1.7.3 80.50 OK
r-release-linux-x86_64 1.7.3 1.73 31.17 32.90 NOTE
r-release-windows-ix86+x86_64 1.7.3 11.00 87.00 98.00 OK
r-release-osx-x86_64 1.7.3 OK
r-oldrel-windows-ix86+x86_64 1.7.3 8.00 68.00 76.00 OK
r-oldrel-osx-x86_64 1.7.3 OK

Check Details

Version: 1.7.3
Check: compiled code
Result: NOTE
    File ‘locits/libs/locits.so’:
     Found no calls to: ‘R_registerRoutines’, ‘R_useDynamicSymbols’
    
    It is good practice to register native routines and to disable symbol
    search.
    
    See ‘Writing portable packages’ in the ‘Writing R Extensions’ manual.
Flavors: r-devel-linux-x86_64-debian-clang, r-devel-linux-x86_64-debian-gcc, r-devel-linux-x86_64-fedora-clang, r-devel-linux-x86_64-fedora-gcc, r-patched-linux-x86_64, r-release-linux-x86_64