CRAN Package Check Results for Package locits

Last updated on 2017-04-28 05:48:35.

Flavor Version Tinstall Tcheck Ttotal Status Flags
r-devel-linux-x86_64-debian-clang 1.7.3 1.75 30.26 32.00 NOTE
r-devel-linux-x86_64-debian-gcc 1.7.3 1.78 30.37 32.15 NOTE
r-devel-linux-x86_64-fedora-clang 1.7.3 59.52 NOTE --no-stop-on-test-error
r-devel-linux-x86_64-fedora-gcc 1.7.3 55.20 NOTE --no-stop-on-test-error
r-devel-windows-ix86+x86_64 1.7.3 10.00 98.00 108.00 OK
r-patched-linux-x86_64 1.7.3 1.72 29.64 31.36 NOTE
r-patched-solaris-sparc 1.7.3 382.70 OK
r-patched-solaris-x86 1.7.3 79.90 OK
r-release-linux-x86_64 1.7.3 2.27 29.64 31.91 NOTE
r-release-windows-ix86+x86_64 1.7.3 8.00 73.00 81.00 OK
r-release-osx-x86_64 1.7.3 OK
r-oldrel-windows-ix86+x86_64 1.7.3 15.00 72.00 87.00 OK
r-oldrel-osx-x86_64 1.7.3 OK

Check Details

Version: 1.7.3
Check: compiled code
Result: NOTE
    File ‘locits/libs/locits.so’:
     Found no calls to: ‘R_registerRoutines’, ‘R_useDynamicSymbols’
    
    It is good practice to register native routines and to disable symbol
    search.
    
    See ‘Writing portable packages’ in the ‘Writing R Extensions’ manual.
Flavors: r-devel-linux-x86_64-debian-clang, r-devel-linux-x86_64-debian-gcc, r-patched-linux-x86_64, r-release-linux-x86_64

Version: 1.7.3
Flags: --no-stop-on-test-error
Check: compiled code
Result: NOTE
    File ‘locits/libs/locits.so’:
     Found no calls to: ‘R_registerRoutines’, ‘R_useDynamicSymbols’
    
    It is good practice to register native routines and to disable symbol
    search.
    
    See ‘Writing portable packages’ in the ‘Writing R Extensions’ manual.
Flavors: r-devel-linux-x86_64-fedora-clang, r-devel-linux-x86_64-fedora-gcc