CRAN Package Check Results for Package locits

Last updated on 2018-05-22 12:49:21 CEST.

Flavor Version Tinstall Tcheck Ttotal Status Flags
r-devel-linux-x86_64-debian-clang 1.7.3 5.04 45.77 50.81 NOTE
r-devel-linux-x86_64-debian-gcc 1.7.3 3.54 35.87 39.41 NOTE
r-devel-linux-x86_64-fedora-clang 1.7.3 61.25 NOTE
r-devel-linux-x86_64-fedora-gcc 1.7.3 59.78 NOTE
r-devel-windows-ix86+x86_64 1.7.3 10.00 79.00 89.00 OK
r-patched-linux-x86_64 1.7.3 4.80 45.32 50.12 NOTE
r-patched-solaris-x86 1.7.3 94.10 OK
r-release-linux-x86_64 1.7.3 4.34 44.35 48.69 NOTE
r-release-windows-ix86+x86_64 1.7.3 15.00 95.00 110.00 OK
r-release-osx-x86_64 1.7.3 OK
r-oldrel-windows-ix86+x86_64 1.7.3 13.00 77.00 90.00 OK
r-oldrel-osx-x86_64 1.7.3 OK

Check Details

Version: 1.7.3
Check: compiled code
Result: NOTE
    File ‘locits/libs/locits.so’:
     Found no calls to: ‘R_registerRoutines’, ‘R_useDynamicSymbols’
    
    It is good practice to register native routines and to disable symbol
    search.
    
    See ‘Writing portable packages’ in the ‘Writing R Extensions’ manual.
Flavors: r-devel-linux-x86_64-debian-clang, r-devel-linux-x86_64-debian-gcc, r-devel-linux-x86_64-fedora-clang, r-devel-linux-x86_64-fedora-gcc, r-patched-linux-x86_64, r-release-linux-x86_64