CRAN Package Check Results for Package locits

Last updated on 2015-07-06 21:46:36.

Flavor Version Tinstall Tcheck Ttotal Status Flags
r-devel-linux-x86_64-debian-clang 1.4 1.35 23.35 24.70 NOTE
r-devel-linux-x86_64-debian-gcc 1.4 1.32 22.92 24.24 NOTE
r-devel-linux-x86_64-fedora-clang 1.4 47.51 NOTE
r-devel-linux-x86_64-fedora-gcc 1.4 44.89 NOTE
r-devel-osx-x86_64-clang 1.4 43.91 NOTE
r-devel-windows-ix86+x86_64 1.4 13.00 53.00 66.00 NOTE
r-patched-linux-x86_64 1.4 1.42 25.10 26.52 NOTE
r-patched-solaris-sparc 1.4 350.40 NOTE
r-patched-solaris-x86 1.4 69.60 NOTE
r-release-linux-x86_64 1.4 1.36 23.19 24.54 NOTE
r-release-osx-x86_64-mavericks 1.4 NOTE
r-release-windows-ix86+x86_64 1.4 11.00 51.00 62.00 NOTE
r-oldrel-windows-ix86+x86_64 1.4 9.00 60.00 69.00 NOTE

Check Details

Version: 1.4
Check: dependencies in R code
Result: NOTE
    Packages in Depends field not imported from:
     ‘igraph’ ‘wavethresh’
     These packages need to be imported from (in the NAMESPACE file)
     for when this namespace is loaded but not attached.
Flavors: r-devel-linux-x86_64-debian-clang, r-devel-linux-x86_64-debian-gcc, r-devel-linux-x86_64-fedora-clang, r-devel-linux-x86_64-fedora-gcc, r-devel-osx-x86_64-clang, r-devel-windows-ix86+x86_64, r-patched-linux-x86_64, r-patched-solaris-sparc, r-patched-solaris-x86, r-release-linux-x86_64, r-release-osx-x86_64-mavericks, r-release-windows-ix86+x86_64, r-oldrel-windows-ix86+x86_64

Version: 1.4
Check: R code for possible problems
Result: NOTE
    AutoBestBW: no visible binding for global variable ‘var’
    AutoBestBW : specerr: no visible global function definition for
     ‘accessD’
    AutoBestBW: no visible global function definition for ‘plot’
    AutoBestBW: no visible global function definition for ‘text’
    HwdS: no visible global function definition for ‘IsPowerOfTwo’
    HwdS: no visible global function definition for ‘filter’
    HwdS: no visible global function definition for ‘wd’
    HwdS: no visible global function definition for ‘putD’
    Rvarlacf: no visible binding for global variable ‘var’
    Rvarlacf: no visible global function definition for ‘PsiJ’
    Rvarlacf: no visible global function definition for ‘ipndacw’
    Rvarlacf: no visible global function definition for ‘PsiJmat’
    ewspec3: no visible binding for global variable ‘madmad’
    ewspec3: no visible binding for global variable ‘l2norm’
    ewspec3: no visible global function definition for ‘IsPowerOfTwo’
    ewspec3: no visible global function definition for ‘wd’
    ewspec3: no visible global function definition for ‘LocalSpec’
    ewspec3: no visible global function definition for ‘ipndacw’
    ewspec3: no visible global function definition for ‘accessD’
    ewspec3: no visible global function definition for ‘wst’
    ewspec3: no visible global function definition for ‘threshold.wst’
    ewspec3: no visible global function definition for ‘AvBasis’
    ewspec3: no visible global function definition for ‘putD’
    ewspecHaarNonPer: no visible binding for global variable ‘madmad’
    ewspecHaarNonPer: no visible binding for global variable ‘l2norm’
    ewspecHaarNonPer: no visible global function definition for ‘LocalSpec’
    ewspecHaarNonPer: no visible global function definition for ‘ipndacw’
    ewspecHaarNonPer: no visible global function definition for ‘accessD’
    ewspecHaarNonPer: no visible global function definition for ‘wst’
    ewspecHaarNonPer: no visible global function definition for
     ‘threshold.wst’
    ewspecHaarNonPer: no visible global function definition for ‘AvBasis’
    ewspecHaarNonPer: no visible global function definition for ‘putD’
    hwtos2: no visible global function definition for ‘PsiJ’
    hwtos2: no visible global function definition for ‘PsiJmat’
    hwtos2: no visible global function definition for ‘accessD’
    hwtos2: no visible global function definition for ‘wd’
    hwtos2: no visible global function definition for ‘sd’
    hwtos2: no visible global function definition for ‘putD’
    hwtos2: no visible global function definition for ‘pnorm’
    lacf: no visible binding for global variable ‘var’
    lacf: no visible global function definition for ‘PsiJmat’
    littlevar: no visible global function definition for ‘accessD’
    mkcoef: no visible global function definition for ‘wd’
    mkcoef: no visible global function definition for ‘wr’
    mkcoef: no visible global function definition for ‘guyrot’
    plot.lacf: no visible global function definition for ‘plot’
    plot.lacf: no visible global function definition for ‘lines’
    plot.lacf: no visible global function definition for ‘text’
    plot.lacf: no visible global function definition for ‘persp’
    plot.lacf: no visible global function definition for ‘segments’
    plot.lacf: no visible global function definition for ‘abline’
    plot.lacfCI: no visible global function definition for ‘qnorm’
    plot.lacfCI: no visible global function definition for ‘plot’
    plot.lacfCI: no visible global function definition for ‘lines’
    plot.lacfCI: no visible global function definition for ‘text’
    plot.lacfCI: no visible global function definition for ‘persp’
    plot.lacfCI: no visible global function definition for ‘segments’
    plot.lacfCI: no visible global function definition for ‘abline’
    plot.lacfCI: no visible global function definition for ‘points’
    plot.lacfCI: no visible global function definition for ‘polygon’
    plot.lacfCI: no visible global function definition for ‘rgb’
    plot.tos: no visible global function definition for ‘ts.plot’
    plot.tos: no visible global function definition for ‘abline’
    plot.tos: no visible global function definition for ‘axis’
    plot.tos: no visible global function definition for ‘IsPowerOfTwo’
    plot.tos: no visible global function definition for ‘arrows’
    runmean: no visible global function definition for ‘running.mean’
    summary.tos: no visible global function definition for ‘accessD’
    tvar1sim: no visible global function definition for ‘rnorm’
    whichlevel: no visible global function definition for ‘wd’
    whichlevel: no visible global function definition for ‘wr’
    Undefined global functions or variables:
     AvBasis IsPowerOfTwo LocalSpec PsiJ PsiJmat abline accessD arrows
     axis filter guyrot ipndacw l2norm lines madmad persp plot pnorm
     points polygon putD qnorm rgb rnorm running.mean sd segments text
     threshold.wst ts.plot var wd wr wst
Flavors: r-devel-linux-x86_64-debian-clang, r-devel-linux-x86_64-debian-gcc, r-devel-linux-x86_64-fedora-clang, r-devel-linux-x86_64-fedora-gcc, r-devel-windows-ix86+x86_64

Version: 1.4
Check: R code for possible problems
Result: NOTE
    AutoBestBW : specerr: no visible global function definition for
     ‘accessD’
    HwdS: no visible global function definition for ‘IsPowerOfTwo’
    HwdS: no visible global function definition for ‘wd’
    HwdS: no visible global function definition for ‘putD’
    Rvarlacf: no visible global function definition for ‘PsiJ’
    Rvarlacf: no visible global function definition for ‘ipndacw’
    Rvarlacf: no visible global function definition for ‘PsiJmat’
    ewspec3: no visible binding for global variable ‘madmad’
    ewspec3: no visible binding for global variable ‘l2norm’
    ewspec3: no visible global function definition for ‘IsPowerOfTwo’
    ewspec3: no visible global function definition for ‘wd’
    ewspec3: no visible global function definition for ‘LocalSpec’
    ewspec3: no visible global function definition for ‘ipndacw’
    ewspec3: no visible global function definition for ‘accessD’
    ewspec3: no visible global function definition for ‘wst’
    ewspec3: no visible global function definition for ‘threshold.wst’
    ewspec3: no visible global function definition for ‘AvBasis’
    ewspec3: no visible global function definition for ‘putD’
    ewspecHaarNonPer: no visible binding for global variable ‘madmad’
    ewspecHaarNonPer: no visible binding for global variable ‘l2norm’
    ewspecHaarNonPer: no visible global function definition for ‘LocalSpec’
    ewspecHaarNonPer: no visible global function definition for ‘ipndacw’
    ewspecHaarNonPer: no visible global function definition for ‘accessD’
    ewspecHaarNonPer: no visible global function definition for ‘wst’
    ewspecHaarNonPer: no visible global function definition for
     ‘threshold.wst’
    ewspecHaarNonPer: no visible global function definition for ‘AvBasis’
    ewspecHaarNonPer: no visible global function definition for ‘putD’
    hwtos2: no visible global function definition for ‘PsiJ’
    hwtos2: no visible global function definition for ‘PsiJmat’
    hwtos2: no visible global function definition for ‘accessD’
    hwtos2: no visible global function definition for ‘wd’
    hwtos2: no visible global function definition for ‘putD’
    lacf: no visible global function definition for ‘PsiJmat’
    littlevar: no visible global function definition for ‘accessD’
    mkcoef: no visible global function definition for ‘wd’
    mkcoef: no visible global function definition for ‘wr’
    mkcoef: no visible global function definition for ‘guyrot’
    plot.tos: no visible global function definition for ‘IsPowerOfTwo’
    runmean: no visible global function definition for ‘running.mean’
    summary.tos: no visible global function definition for ‘accessD’
    whichlevel: no visible global function definition for ‘wd’
    whichlevel: no visible global function definition for ‘wr’
    Undefined global functions or variables:
     AvBasis IsPowerOfTwo LocalSpec PsiJ PsiJmat accessD guyrot ipndacw
     l2norm madmad putD running.mean threshold.wst wd wr wst
Flavor: r-devel-osx-x86_64-clang

Version: 1.4
Check: R code for possible problems
Result: NOTE
    AutoBestBW : specerr: no visible global function definition for
     ‘accessD’
    HwdS: no visible global function definition for ‘IsPowerOfTwo’
    HwdS: no visible global function definition for ‘wd’
    HwdS: no visible global function definition for ‘putD’
    Rvarlacf: no visible global function definition for ‘PsiJ’
    Rvarlacf: no visible global function definition for ‘ipndacw’
    Rvarlacf: no visible global function definition for ‘PsiJmat’
    ewspec3: no visible binding for global variable ‘madmad’
    ewspec3: no visible binding for global variable ‘l2norm’
    ewspec3: no visible global function definition for ‘IsPowerOfTwo’
    ewspec3: no visible global function definition for ‘wd’
    ewspec3: no visible global function definition for ‘LocalSpec’
    ewspec3: no visible global function definition for ‘ipndacw’
    ewspec3: no visible global function definition for ‘accessD’
    ewspec3: no visible global function definition for ‘wst’
    ewspec3: no visible global function definition for ‘threshold.wst’
    ewspec3: no visible global function definition for ‘AvBasis’
    ewspec3: no visible global function definition for ‘putD’
    ewspecHaarNonPer: no visible binding for global variable ‘madmad’
    ewspecHaarNonPer: no visible binding for global variable ‘l2norm’
    ewspecHaarNonPer: no visible global function definition for ‘LocalSpec’
    ewspecHaarNonPer: no visible global function definition for ‘ipndacw’
    ewspecHaarNonPer: no visible global function definition for ‘accessD’
    ewspecHaarNonPer: no visible global function definition for ‘wst’
    ewspecHaarNonPer: no visible global function definition for
     ‘threshold.wst’
    ewspecHaarNonPer: no visible global function definition for ‘AvBasis’
    ewspecHaarNonPer: no visible global function definition for ‘putD’
    hwtos2: no visible global function definition for ‘PsiJ’
    hwtos2: no visible global function definition for ‘PsiJmat’
    hwtos2: no visible global function definition for ‘accessD’
    hwtos2: no visible global function definition for ‘wd’
    hwtos2: no visible global function definition for ‘putD’
    lacf: no visible global function definition for ‘PsiJmat’
    littlevar: no visible global function definition for ‘accessD’
    mkcoef: no visible global function definition for ‘wd’
    mkcoef: no visible global function definition for ‘wr’
    mkcoef: no visible global function definition for ‘guyrot’
    plot.tos: no visible global function definition for ‘IsPowerOfTwo’
    runmean: no visible global function definition for ‘running.mean’
    summary.tos: no visible global function definition for ‘accessD’
    whichlevel: no visible global function definition for ‘wd’
    whichlevel: no visible global function definition for ‘wr’
Flavors: r-patched-linux-x86_64, r-patched-solaris-sparc, r-patched-solaris-x86, r-release-linux-x86_64, r-release-osx-x86_64-mavericks, r-release-windows-ix86+x86_64, r-oldrel-windows-ix86+x86_64