CRAN Package Check Results for Package locits

Last updated on 2017-08-21 01:46:28.

Flavor Version Tinstall Tcheck Ttotal Status Flags
r-devel-linux-x86_64-debian-clang 1.7.3 1.89 30.58 32.47 NOTE
r-devel-linux-x86_64-debian-gcc 1.7.3 1.61 30.26 31.87 NOTE
r-devel-linux-x86_64-fedora-clang 1.7.3 57.38 NOTE
r-devel-linux-x86_64-fedora-gcc 1.7.3 56.02 NOTE
r-devel-windows-ix86+x86_64 1.7.3 7.00 70.00 77.00 OK
r-patched-linux-x86_64 1.7.3 1.86 30.32 32.18 NOTE
r-patched-solaris-x86 1.7.3 79.90 OK
r-release-linux-x86_64 1.7.3 1.93 31.38 33.31 NOTE
r-release-windows-ix86+x86_64 1.7.3 9.00 74.00 83.00 OK
r-release-osx-x86_64 1.7.3 OK
r-oldrel-windows-ix86+x86_64 1.7.3 9.00 67.00 76.00 OK
r-oldrel-osx-x86_64 1.7.3 OK

Check Details

Version: 1.7.3
Check: compiled code
Result: NOTE
    File ‘locits/libs/locits.so’:
     Found no calls to: ‘R_registerRoutines’, ‘R_useDynamicSymbols’
    
    It is good practice to register native routines and to disable symbol
    search.
    
    See ‘Writing portable packages’ in the ‘Writing R Extensions’ manual.
Flavors: r-devel-linux-x86_64-debian-clang, r-devel-linux-x86_64-debian-gcc, r-devel-linux-x86_64-fedora-clang, r-devel-linux-x86_64-fedora-gcc, r-patched-linux-x86_64, r-release-linux-x86_64