CRAN Package Check Results for Package locits

Last updated on 2017-06-28 01:54:55.

Flavor Version Tinstall Tcheck Ttotal Status Flags
r-devel-linux-x86_64-debian-clang 1.7.3 1.71 30.02 31.73 NOTE
r-devel-linux-x86_64-debian-gcc 1.7.3 1.59 30.18 31.77 NOTE
r-devel-linux-x86_64-fedora-clang 1.7.3 56.97 NOTE
r-devel-linux-x86_64-fedora-gcc 1.7.3 56.43 NOTE
r-devel-windows-ix86+x86_64 1.7.3 14.00 77.00 91.00 OK
r-patched-linux-x86_64 1.7.3 1.68 28.98 30.66 NOTE
r-patched-solaris-sparc 1.7.3 382.70 OK
r-patched-solaris-x86 1.7.3 79.40 OK
r-release-linux-x86_64 1.7.3 1.57 29.47 31.04 NOTE
r-release-windows-ix86+x86_64 1.7.3 11.00 96.00 107.00 OK
r-release-osx-x86_64 1.7.3 OK
r-oldrel-windows-ix86+x86_64 1.7.3 12.00 94.00 106.00 OK
r-oldrel-osx-x86_64 1.7.3 OK

Check Details

Version: 1.7.3
Check: compiled code
Result: NOTE
    File ‘locits/libs/locits.so’:
     Found no calls to: ‘R_registerRoutines’, ‘R_useDynamicSymbols’
    
    It is good practice to register native routines and to disable symbol
    search.
    
    See ‘Writing portable packages’ in the ‘Writing R Extensions’ manual.
Flavors: r-devel-linux-x86_64-debian-clang, r-devel-linux-x86_64-debian-gcc, r-devel-linux-x86_64-fedora-clang, r-devel-linux-x86_64-fedora-gcc, r-patched-linux-x86_64, r-release-linux-x86_64