CRAN Package Check Results for Package locits

Last updated on 2017-02-21 03:49:30.

Flavor Version Tinstall Tcheck Ttotal Status Flags
r-devel-linux-x86_64-debian-clang 1.7.3 1.70 29.92 31.62 NOTE
r-devel-linux-x86_64-debian-gcc 1.7.3 1.50 30.15 31.65 NOTE
r-devel-linux-x86_64-fedora-clang 1.7.3 57.38 NOTE --no-stop-on-test-error
r-devel-linux-x86_64-fedora-gcc 1.7.3 56.15 NOTE --no-stop-on-test-error
r-devel-macos-x86_64-clang 1.7.3 47.72 NOTE --no-stop-on-test-error
r-devel-windows-ix86+x86_64 1.7.3 7.00 93.00 100.00 OK
r-patched-linux-x86_64 1.7.3 1.66 27.20 28.85 OK
r-patched-solaris-sparc 1.7.3 371.70 OK
r-patched-solaris-x86 1.7.3 72.70 OK
r-release-linux-x86_64 1.7.3 1.53 26.54 28.08 OK
r-release-osx-x86_64-mavericks 1.7.3 OK
r-release-windows-ix86+x86_64 1.7.3 9.00 92.00 101.00 OK
r-oldrel-windows-ix86+x86_64 1.7.3 8.00 68.00 76.00 OK

Check Details

Version: 1.7.3
Check: compiled code
Result: NOTE
    File ‘locits/libs/locits.so’:
     Found no calls to: ‘R_registerRoutines’, ‘R_useDynamicSymbols’
    
    It is good practice to register native routines and to disable symbol
    search.
    
    See ‘Writing portable packages’ in the ‘Writing R Extensions’ manual.
Flavors: r-devel-linux-x86_64-debian-clang, r-devel-linux-x86_64-debian-gcc

Version: 1.7.3
Flags: --no-stop-on-test-error
Check: compiled code
Result: NOTE
    File ‘locits/libs/locits.so’:
     Found no calls to: ‘R_registerRoutines’, ‘R_useDynamicSymbols’
    
    It is good practice to register native routines and to disable symbol
    search.
    
    See ‘Writing portable packages’ in the ‘Writing R Extensions’ manual.
Flavors: r-devel-linux-x86_64-fedora-clang, r-devel-linux-x86_64-fedora-gcc, r-devel-macos-x86_64-clang