CRAN Package Check Results for Package locits

Last updated on 2017-03-25 15:47:53.

Flavor Version Tinstall Tcheck Ttotal Status Flags
r-devel-linux-x86_64-debian-clang 1.7.3 1.64 30.49 32.13 NOTE
r-devel-linux-x86_64-debian-gcc 1.7.3 1.83 29.38 31.20 NOTE
r-devel-linux-x86_64-fedora-clang 1.7.3 56.55 NOTE --no-stop-on-test-error
r-devel-linux-x86_64-fedora-gcc 1.7.3 55.82 NOTE --no-stop-on-test-error
r-devel-macos-x86_64-clang 1.7.3 47.70 NOTE --no-stop-on-test-error
r-devel-windows-ix86+x86_64 1.7.3 9.00 106.00 115.00 OK
r-patched-linux-x86_64 1.7.3 1.56 29.59 31.14 NOTE
r-patched-solaris-sparc 1.7.3 382.70 OK
r-patched-solaris-x86 1.7.3 82.80 OK
r-release-linux-x86_64 1.7.3 1.46 28.49 29.95 OK
r-release-osx-x86_64-mavericks 1.7.3 OK
r-release-windows-ix86+x86_64 1.7.3 14.00 70.00 84.00 OK
r-oldrel-windows-ix86+x86_64 1.7.3 8.00 92.00 100.00 OK

Check Details

Version: 1.7.3
Check: compiled code
Result: NOTE
    File ‘locits/libs/locits.so’:
     Found no calls to: ‘R_registerRoutines’, ‘R_useDynamicSymbols’
    
    It is good practice to register native routines and to disable symbol
    search.
    
    See ‘Writing portable packages’ in the ‘Writing R Extensions’ manual.
Flavors: r-devel-linux-x86_64-debian-clang, r-devel-linux-x86_64-debian-gcc, r-patched-linux-x86_64

Version: 1.7.3
Flags: --no-stop-on-test-error
Check: compiled code
Result: NOTE
    File ‘locits/libs/locits.so’:
     Found no calls to: ‘R_registerRoutines’, ‘R_useDynamicSymbols’
    
    It is good practice to register native routines and to disable symbol
    search.
    
    See ‘Writing portable packages’ in the ‘Writing R Extensions’ manual.
Flavors: r-devel-linux-x86_64-fedora-clang, r-devel-linux-x86_64-fedora-gcc, r-devel-macos-x86_64-clang