CRAN Package Check Results for Package locpol

Last updated on 2015-01-30 17:51:56.

Flavor Version Tinstall Tcheck Ttotal Status Flags
r-devel-linux-x86_64-debian-clang 0.6-0 1.26 18.64 19.90 NOTE
r-devel-linux-x86_64-debian-gcc 0.6-0 1.22 17.92 19.15 NOTE
r-devel-linux-x86_64-fedora-clang 0.6-0 39.48 NOTE
r-devel-linux-x86_64-fedora-gcc 0.6-0 38.72 NOTE
r-devel-osx-x86_64-clang 0.6-0 35.43 NOTE
r-devel-windows-ix86+x86_64 0.6-0 8.00 52.00 60.00 OK
r-patched-linux-x86_64 0.6-0 1.28 19.45 20.72 OK
r-patched-solaris-sparc 0.6-0 293.80 OK
r-patched-solaris-x86 0.6-0 59.30 OK
r-release-linux-ix86 0.6-0 1.79 33.36 35.16 OK
r-release-linux-x86_64 0.6-0 1.30 18.95 20.25 OK
r-release-osx-x86_64-mavericks 0.6-0 OK
r-release-windows-ix86+x86_64 0.6-0 6.00 66.00 72.00 OK
r-oldrel-windows-ix86+x86_64 0.6-0 6.00 51.00 57.00 OK

Memtest notes: valgrind

Check Details

Version: 0.6-0
Check: S3 generic/method consistency
Result: NOTE
    Found the following apparent S3 methods exported but not registered:
     print.locpol summary.locpol plot.bivNpEst plot.locpol fitted.locpol
     predict.bivNpEst residuals.locpol
    See section ‘Registering S3 methods’ in the ‘Writing R Extensions’
    manual.
Flavors: r-devel-linux-x86_64-debian-clang, r-devel-linux-x86_64-debian-gcc, r-devel-linux-x86_64-fedora-clang, r-devel-linux-x86_64-fedora-gcc, r-devel-osx-x86_64-clang