CRAN Package Check Results for Package locpol

Last updated on 2015-03-05 02:47:42.

Flavor Version Tinstall Tcheck Ttotal Status Flags
r-devel-linux-x86_64-debian-clang 0.6-0 1.07 18.29 19.36 NOTE
r-devel-linux-x86_64-debian-gcc 0.6-0 1.28 18.40 19.68 NOTE
r-devel-linux-x86_64-fedora-clang 0.6-0 36.30 NOTE
r-devel-linux-x86_64-fedora-gcc 0.6-0 36.67 NOTE
r-devel-osx-x86_64-clang 0.6-0 34.70 NOTE
r-devel-windows-ix86+x86_64 0.6-0 7.00 53.00 60.00 OK
r-patched-linux-x86_64 0.6-0 1.26 19.35 20.61 OK
r-patched-solaris-sparc 0.6-0 348.70 OK
r-patched-solaris-x86 0.6-0 60.50 OK
r-release-linux-ix86 0.6-0 1.77 33.66 35.43 OK
r-release-linux-x86_64 0.6-0 1.25 20.01 21.26 OK
r-release-osx-x86_64-mavericks 0.6-0 OK
r-release-windows-ix86+x86_64 0.6-0 6.00 66.00 72.00 OK
r-oldrel-windows-ix86+x86_64 0.6-0 6.00 51.00 57.00 OK

Memtest notes: valgrind

Check Details

Version: 0.6-0
Check: S3 generic/method consistency
Result: NOTE
    Found the following apparent S3 methods exported but not registered:
     fitted.locpol plot.bivNpEst plot.locpol predict.bivNpEst print.locpol
     residuals.locpol summary.locpol
    See section ‘Registering S3 methods’ in the ‘Writing R Extensions’
    manual.
Flavors: r-devel-linux-x86_64-debian-clang, r-devel-linux-x86_64-debian-gcc, r-devel-linux-x86_64-fedora-clang, r-devel-linux-x86_64-fedora-gcc, r-devel-osx-x86_64-clang