CRAN Package Check Results for Package locpol

Last updated on 2015-08-30 19:47:06.

Flavor Version Tinstall Tcheck Ttotal Status Flags
r-devel-linux-x86_64-debian-clang 0.6-0 1.05 17.65 18.70 NOTE
r-devel-linux-x86_64-debian-gcc 0.6-0 1.16 17.45 18.61 NOTE
r-devel-linux-x86_64-fedora-clang 0.6-0 35.23 NOTE
r-devel-linux-x86_64-fedora-gcc 0.6-0 34.20 NOTE
r-devel-osx-x86_64-clang 0.6-0 28.64 NOTE
r-devel-windows-ix86+x86_64 0.6-0 11.00 59.00 70.00 NOTE
r-patched-linux-x86_64 0.6-0 1.26 17.83 19.09 NOTE
r-patched-solaris-sparc 0.6-0 315.00 NOTE
r-patched-solaris-x86 0.6-0 54.40 NOTE
r-release-linux-x86_64 0.6-0 1.28 18.02 19.29 NOTE
r-release-osx-x86_64-mavericks 0.6-0 OK
r-release-windows-ix86+x86_64 0.6-0 7.00 58.00 65.00 OK
r-oldrel-windows-ix86+x86_64 0.6-0 10.00 56.00 66.00 OK

Memtest notes: valgrind

Check Details

Version: 0.6-0
Check: S3 generic/method consistency
Result: NOTE
    Found the following apparent S3 methods exported but not registered:
     fitted.locpol plot.bivNpEst plot.locpol predict.bivNpEst print.locpol
     residuals.locpol summary.locpol
    See section ‘Registering S3 methods’ in the ‘Writing R Extensions’
    manual.
Flavors: r-devel-linux-x86_64-debian-clang, r-devel-linux-x86_64-debian-gcc, r-devel-linux-x86_64-fedora-clang, r-devel-linux-x86_64-fedora-gcc, r-devel-osx-x86_64-clang, r-patched-linux-x86_64, r-patched-solaris-sparc, r-patched-solaris-x86, r-release-linux-x86_64

Version: 0.6-0
Check: R code for possible problems
Result: NOTE
    Kconvol : ff: no visible global function definition for ‘integrate’
    compDerEst: no visible global function definition for ‘as.formula’
    compDerEst: no visible global function definition for ‘lm’
    compDerEst: no visible global function definition for ‘coefficients’
    compDerEst: no visible global function definition for ‘residuals’
    computeK4: no visible global function definition for ‘integrate’
    computeMu: no visible global function definition for ‘integrate’
    computeMu0: no visible global function definition for ‘integrate’
    computeRK: no visible global function definition for ‘integrate’
    confInterval: no visible global function definition for ‘plot’
    confInterval: no visible global function definition for ‘points’
    denCVBwSelC: no visible global function definition for ‘optimise’
    gaussK: no visible global function definition for ‘dnorm’
    locpol: no visible global function definition for ‘model.frame’
    plot.bivNpEst: no visible global function definition for ‘na.omit’
    plot.bivNpEst: no visible binding for global variable ‘persp’
    plot.bivNpEst: no visible global function definition for ‘predict’
    plot.locpol: no visible global function definition for ‘par’
    plot.locpol: no visible global function definition for ‘plot’
    plot.locpol: no visible global function definition for ‘points’
    regCVBwSelC: no visible global function definition for ‘optimise’
    summary.locpol: no visible global function definition for ‘resid’
    Undefined global functions or variables:
     as.formula coefficients dnorm integrate lm model.frame na.omit
     optimise par persp plot points predict resid residuals
    Consider adding
     importFrom("graphics", "par", "persp", "plot", "points")
     importFrom("stats", "as.formula", "coefficients", "dnorm", "integrate",
     "lm", "model.frame", "na.omit", "optimise", "predict",
     "resid", "residuals")
    to your NAMESPACE.
Flavors: r-devel-linux-x86_64-debian-clang, r-devel-linux-x86_64-debian-gcc, r-devel-linux-x86_64-fedora-clang, r-devel-linux-x86_64-fedora-gcc, r-devel-windows-ix86+x86_64