CRAN Package Check Results for Package locpol

Last updated on 2015-04-25 03:47:46.

Flavor Version Tinstall Tcheck Ttotal Status Flags
r-devel-linux-x86_64-debian-clang 0.6-0 1.09 18.01 19.10 NOTE
r-devel-linux-x86_64-debian-gcc 0.6-0 1.23 18.12 19.34 NOTE
r-devel-linux-x86_64-fedora-clang 0.6-0 36.89 NOTE
r-devel-linux-x86_64-fedora-gcc 0.6-0 35.11 NOTE
r-devel-osx-x86_64-clang 0.6-0 33.72 NOTE
r-devel-windows-ix86+x86_64 0.6-0 5.00 58.00 63.00 OK
r-patched-linux-x86_64 0.6-0 1.22 17.93 19.15 NOTE
r-patched-solaris-sparc 0.6-0 337.90 OK
r-patched-solaris-x86 0.6-0 54.00 OK
r-release-linux-x86_64 0.6-0 1.21 18.10 19.31 NOTE
r-release-osx-x86_64-mavericks 0.6-0 OK
r-release-osx-x86_64-snowleopard 0.6-0 OK
r-release-windows-ix86+x86_64 0.6-0 5.00 58.00 63.00 OK
r-oldrel-windows-ix86+x86_64 0.6-0 10.00 56.00 66.00 OK

Memtest notes: valgrind

Check Details

Version: 0.6-0
Check: S3 generic/method consistency
Result: NOTE
    Found the following apparent S3 methods exported but not registered:
     fitted.locpol plot.bivNpEst plot.locpol predict.bivNpEst print.locpol
     residuals.locpol summary.locpol
    See section ‘Registering S3 methods’ in the ‘Writing R Extensions’
    manual.
Flavor: r-patched-linux-x86_64