CRAN Package Check Results for Package locpol

Last updated on 2015-05-30 06:46:46.

Flavor Version Tinstall Tcheck Ttotal Status Flags
r-devel-linux-x86_64-debian-clang 0.6-0 1.22 18.78 20.00 NOTE
r-devel-linux-x86_64-debian-gcc 0.6-0 1.21 17.73 18.94 NOTE
r-devel-linux-x86_64-fedora-clang 0.6-0 37.40 NOTE
r-devel-linux-x86_64-fedora-gcc 0.6-0 35.62 NOTE
r-devel-osx-x86_64-clang 0.6-0 33.17 NOTE
r-devel-windows-ix86+x86_64 0.6-0 6.00 50.00 56.00 OK
r-patched-linux-x86_64 0.6-0 1.28 17.63 18.91 NOTE
r-patched-solaris-sparc 0.6-0 307.10 NOTE
r-patched-solaris-x86 0.6-0 53.80 NOTE
r-release-linux-x86_64 0.6-0 1.22 17.93 19.14 NOTE
r-release-osx-x86_64-mavericks 0.6-0 OK
r-release-osx-x86_64-snowleopard 0.6-0 OK
r-release-windows-ix86+x86_64 0.6-0 5.00 58.00 63.00 OK
r-oldrel-windows-ix86+x86_64 0.6-0 10.00 56.00 66.00 OK

Memtest notes: valgrind

Check Details

Version: 0.6-0
Check: S3 generic/method consistency
Result: NOTE
    Found the following apparent S3 methods exported but not registered:
     fitted.locpol plot.bivNpEst plot.locpol predict.bivNpEst print.locpol
     residuals.locpol summary.locpol
    See section ‘Registering S3 methods’ in the ‘Writing R Extensions’
    manual.
Flavors: r-devel-linux-x86_64-debian-clang, r-devel-linux-x86_64-debian-gcc, r-devel-linux-x86_64-fedora-clang, r-devel-linux-x86_64-fedora-gcc, r-devel-osx-x86_64-clang, r-patched-linux-x86_64, r-patched-solaris-sparc, r-patched-solaris-x86, r-release-linux-x86_64