CRAN Package Check Results for Package locpolExpectile

Last updated on 2024-02-27 17:49:22 CET.

Flavor Version Tinstall Tcheck Ttotal Status Flags
r-devel-linux-x86_64-debian-clang 0.1.1 15.80 127.31 143.11 OK
r-devel-linux-x86_64-debian-gcc 0.1.1 12.29 94.51 106.80 OK
r-devel-linux-x86_64-fedora-clang 0.1.1 178.41 NOTE
r-devel-linux-x86_64-fedora-gcc 0.1.1 166.41 NOTE
r-devel-windows-x86_64 0.1.1 13.00 104.00 117.00 OK
r-patched-linux-x86_64 0.1.1 16.86 123.03 139.89 OK
r-release-linux-x86_64 0.1.1 13.24 123.22 136.46 OK
r-release-macos-arm64 0.1.1 66.00 OK
r-release-macos-x86_64 0.1.1 110.00 OK
r-release-windows-x86_64 0.1.1 17.00 125.00 142.00 OK
r-oldrel-macos-arm64 0.1.1 65.00 NOTE
r-oldrel-windows-x86_64 0.1.1 18.00 122.00 140.00 OK

Check Details

Version: 0.1.1
Check: dependencies in R code
Result: NOTE Namespace in Imports field not imported from: ‘lestat’ All declared Imports should be used. Flavors: r-devel-linux-x86_64-fedora-clang, r-devel-linux-x86_64-fedora-gcc, r-oldrel-macos-arm64