CRAN Package Check Results for Package loder

Last updated on 2022-10-03 05:50:49 CEST.

Flavor Version Tinstall Tcheck Ttotal Status Flags
r-devel-linux-x86_64-debian-clang 0.2.0 10.67 23.88 34.55 NOTE
r-devel-linux-x86_64-debian-gcc 0.2.0 5.48 18.27 23.75 NOTE
r-devel-linux-x86_64-fedora-clang 0.2.0 52.51 NOTE
r-devel-linux-x86_64-fedora-gcc 0.2.0 47.81 NOTE
r-devel-windows-x86_64 0.2.0 28.00 53.00 81.00 NOTE
r-patched-linux-x86_64 0.2.0 6.93 22.86 29.79 NOTE
r-release-linux-x86_64 0.2.0 5.99 22.33 28.32 NOTE
r-release-macos-arm64 0.2.0 16.00 NOTE
r-release-macos-x86_64 0.2.0 26.00 NOTE
r-release-windows-x86_64 0.2.0 27.00 52.00 79.00 NOTE
r-oldrel-macos-arm64 0.2.0 19.00 NOTE
r-oldrel-macos-x86_64 0.2.0 32.00 NOTE
r-oldrel-windows-ix86+x86_64 0.2.0 17.00 54.00 71.00 NOTE

Check Details

Version: 0.2.0
Check: LazyData
Result: NOTE
     'LazyData' is specified without a 'data' directory
Flavors: r-devel-linux-x86_64-debian-clang, r-devel-linux-x86_64-debian-gcc, r-devel-linux-x86_64-fedora-clang, r-devel-linux-x86_64-fedora-gcc, r-devel-windows-x86_64, r-patched-linux-x86_64, r-release-linux-x86_64, r-release-macos-arm64, r-release-macos-x86_64, r-release-windows-x86_64, r-oldrel-macos-arm64, r-oldrel-macos-x86_64, r-oldrel-windows-ix86+x86_64