CRAN Package Check Results for Package loe

Last updated on 2017-02-21 20:49:12.

Flavor Version Tinstall Tcheck Ttotal Status Flags
r-devel-linux-x86_64-debian-clang 1.1 1.45 16.17 17.61 NOTE
r-devel-linux-x86_64-debian-gcc 1.1 1.51 16.60 18.11 NOTE
r-devel-linux-x86_64-fedora-clang 1.1 29.87 NOTE --no-stop-on-test-error
r-devel-linux-x86_64-fedora-gcc 1.1 29.65 NOTE --no-stop-on-test-error
r-devel-macos-x86_64-clang 1.1 26.58 NOTE --no-stop-on-test-error
r-devel-windows-ix86+x86_64 1.1 8.00 64.00 72.00 OK
r-patched-linux-x86_64 1.1 1.20 13.13 14.33 OK
r-patched-solaris-sparc 1.1 182.30 OK
r-patched-solaris-x86 1.1 40.80 OK
r-release-linux-x86_64 1.1 1.29 13.36 14.65 OK
r-release-osx-x86_64-mavericks 1.1 OK
r-release-windows-ix86+x86_64 1.1 9.00 55.00 64.00 OK
r-oldrel-windows-ix86+x86_64 1.1 16.00 87.00 103.00 OK

Check Details

Version: 1.1
Check: compiled code
Result: NOTE
    File ‘loe/libs/loe.so’:
     Found no calls to: ‘R_registerRoutines’, ‘R_useDynamicSymbols’
    
    It is good practice to register native routines and to disable symbol
    search.
    
    See ‘Writing portable packages’ in the ‘Writing R Extensions’ manual.
Flavors: r-devel-linux-x86_64-debian-clang, r-devel-linux-x86_64-debian-gcc

Version: 1.1
Flags: --no-stop-on-test-error
Check: compiled code
Result: NOTE
    File ‘loe/libs/loe.so’:
     Found no calls to: ‘R_registerRoutines’, ‘R_useDynamicSymbols’
    
    It is good practice to register native routines and to disable symbol
    search.
    
    See ‘Writing portable packages’ in the ‘Writing R Extensions’ manual.
Flavors: r-devel-linux-x86_64-fedora-clang, r-devel-linux-x86_64-fedora-gcc, r-devel-macos-x86_64-clang