CRAN Package Check Results for Package loe

Last updated on 2015-08-28 12:47:58.

Flavor Version Tinstall Tcheck Ttotal Status Flags
r-devel-linux-x86_64-debian-clang 1.0 3.39 37.34 40.73 WARN
r-devel-linux-x86_64-debian-gcc 1.0 3.48 36.56 40.04 WARN
r-devel-linux-x86_64-fedora-clang 1.0 80.82 WARN
r-devel-linux-x86_64-fedora-gcc 1.0 79.97 WARN
r-devel-osx-x86_64-clang 1.0 67.31 WARN
r-devel-windows-ix86+x86_64 1.0 15.00 125.00 140.00 WARN
r-patched-linux-x86_64 1.0 3.70 39.82 43.52 WARN
r-patched-solaris-sparc 1.0 539.50 WARN
r-patched-solaris-x86 1.0 126.40 WARN
r-release-linux-x86_64 1.0 3.57 39.33 42.90 WARN
r-release-osx-x86_64-mavericks 1.0 OK
r-release-windows-ix86+x86_64 1.0 19.00 138.00 157.00 WARN
r-oldrel-windows-ix86+x86_64 1.0 22.00 149.00 171.00 WARN

Check Details

Version: 1.0
Check: whether package can be installed
Result: WARN
    Found the following significant warnings:
     Warning: replacing previous import by ‘vegan::diversity’ when loading ‘loe’
Flavors: r-devel-linux-x86_64-debian-clang, r-devel-linux-x86_64-debian-gcc, r-devel-linux-x86_64-fedora-clang, r-devel-linux-x86_64-fedora-gcc, r-devel-osx-x86_64-clang, r-devel-windows-ix86+x86_64, r-patched-linux-x86_64, r-patched-solaris-sparc, r-patched-solaris-x86, r-release-linux-x86_64, r-release-windows-ix86+x86_64, r-oldrel-windows-ix86+x86_64

Version: 1.0
Check: whether the namespace can be loaded with stated dependencies
Result: NOTE
    Warning: replacing previous import by ‘vegan::diversity’ when loading ‘loe’
    
    A namespace must be able to be loaded with just the base namespace
    loaded: otherwise if the namespace gets loaded by a saved object, the
    session will be unable to start.
    
    Probably some imports need to be declared in the NAMESPACE file.
Flavors: r-devel-linux-x86_64-debian-clang, r-devel-linux-x86_64-debian-gcc, r-devel-windows-ix86+x86_64, r-devel-windows-ix86+x86_64

Version: 1.0
Check: R code for possible problems
Result: NOTE
    LOE: no visible global function definition for ‘dist’
    LOE: no visible global function definition for ‘optim’
    SOE: no visible global function definition for ‘optim’
    Undefined global functions or variables:
     dist optim
    Consider adding
     importFrom("stats", "dist", "optim")
    to your NAMESPACE.
Flavors: r-devel-linux-x86_64-debian-clang, r-devel-linux-x86_64-debian-gcc, r-devel-linux-x86_64-fedora-clang, r-devel-linux-x86_64-fedora-gcc, r-devel-windows-ix86+x86_64