CRAN Package Check Results for Package loe

Last updated on 2017-10-17 19:47:59.

Flavor Version Tinstall Tcheck Ttotal Status Flags
r-devel-linux-x86_64-debian-clang 1.1 1.49 16.97 18.45 NOTE
r-devel-linux-x86_64-debian-gcc 1.1 1.98 16.39 18.37 NOTE
r-devel-linux-x86_64-fedora-clang 1.1 31.92 NOTE
r-devel-linux-x86_64-fedora-gcc 1.1 30.87 NOTE
r-devel-windows-ix86+x86_64 1.1 6.00 45.00 51.00 OK
r-patched-linux-x86_64 1.1 1.42 16.20 17.61 NOTE
r-patched-solaris-x86 1.1 44.00 OK
r-release-linux-x86_64 1.1 1.40 16.25 17.65 NOTE
r-release-windows-ix86+x86_64 1.1 9.00 44.00 53.00 OK
r-release-osx-x86_64 1.1 OK
r-oldrel-windows-ix86+x86_64 1.1 9.00 53.00 62.00 OK
r-oldrel-osx-x86_64 1.1 OK

Check Details

Version: 1.1
Check: compiled code
Result: NOTE
    File ‘loe/libs/loe.so’:
     Found no calls to: ‘R_registerRoutines’, ‘R_useDynamicSymbols’
    
    It is good practice to register native routines and to disable symbol
    search.
    
    See ‘Writing portable packages’ in the ‘Writing R Extensions’ manual.
Flavors: r-devel-linux-x86_64-debian-clang, r-devel-linux-x86_64-debian-gcc, r-devel-linux-x86_64-fedora-clang, r-devel-linux-x86_64-fedora-gcc, r-patched-linux-x86_64, r-release-linux-x86_64