CRAN Package Check Results for Package loe

Last updated on 2017-06-29 06:52:58.

Flavor Version Tinstall Tcheck Ttotal Status Flags
r-devel-linux-x86_64-debian-clang 1.1 1.57 16.60 18.17 NOTE
r-devel-linux-x86_64-debian-gcc 1.1 1.42 15.90 17.31 NOTE
r-devel-linux-x86_64-fedora-clang 1.1 30.93 NOTE
r-devel-linux-x86_64-fedora-gcc 1.1 29.20 NOTE
r-devel-windows-ix86+x86_64 1.1 11.00 45.00 56.00 OK
r-patched-linux-x86_64 1.1 1.44 17.16 18.60 NOTE
r-patched-solaris-sparc 1.1 199.20 OK
r-patched-solaris-x86 1.1 44.00 OK
r-release-linux-x86_64 1.1 1.45 15.89 17.35 NOTE
r-release-windows-ix86+x86_64 1.1 10.00 58.00 68.00 OK
r-release-osx-x86_64 1.1 OK
r-oldrel-windows-ix86+x86_64 1.1 9.00 69.00 78.00 OK
r-oldrel-osx-x86_64 1.1 OK

Check Details

Version: 1.1
Check: compiled code
Result: NOTE
    File ‘loe/libs/loe.so’:
     Found no calls to: ‘R_registerRoutines’, ‘R_useDynamicSymbols’
    
    It is good practice to register native routines and to disable symbol
    search.
    
    See ‘Writing portable packages’ in the ‘Writing R Extensions’ manual.
Flavors: r-devel-linux-x86_64-debian-clang, r-devel-linux-x86_64-debian-gcc, r-devel-linux-x86_64-fedora-clang, r-devel-linux-x86_64-fedora-gcc, r-patched-linux-x86_64, r-release-linux-x86_64