CRAN Package Check Results for Package loe

Last updated on 2015-07-06 19:47:40.

Flavor Version Tinstall Tcheck Ttotal Status Flags
r-devel-linux-x86_64-debian-clang 1.0 3.46 38.62 42.07 WARN
r-devel-linux-x86_64-debian-gcc 1.0 3.60 38.19 41.80 WARN
r-devel-linux-x86_64-fedora-clang 1.0 85.78 WARN
r-devel-linux-x86_64-fedora-gcc 1.0 81.37 WARN
r-devel-osx-x86_64-clang 1.0 70.78 WARN
r-devel-windows-ix86+x86_64 1.0 16.00 81.00 97.00 WARN
r-patched-linux-x86_64 1.0 3.60 39.28 42.88 WARN
r-patched-solaris-sparc 1.0 491.80 WARN
r-patched-solaris-x86 1.0 125.00 WARN
r-release-linux-x86_64 1.0 3.87 37.97 41.84 WARN
r-release-osx-x86_64-mavericks 1.0 OK
r-release-windows-ix86+x86_64 1.0 18.00 80.00 98.00 WARN
r-oldrel-windows-ix86+x86_64 1.0 19.00 107.00 126.00 WARN

Check Details

Version: 1.0
Check: whether package can be installed
Result: WARN
    Found the following significant warnings:
     Warning: replacing previous import by ‘vegan::diversity’ when loading ‘loe’
Flavors: r-devel-linux-x86_64-debian-clang, r-devel-linux-x86_64-debian-gcc, r-devel-linux-x86_64-fedora-clang, r-devel-linux-x86_64-fedora-gcc, r-devel-osx-x86_64-clang, r-devel-windows-ix86+x86_64, r-patched-linux-x86_64, r-patched-solaris-sparc, r-patched-solaris-x86, r-release-linux-x86_64, r-release-windows-ix86+x86_64, r-oldrel-windows-ix86+x86_64

Version: 1.0
Check: R code for possible problems
Result: NOTE
    LOE: no visible global function definition for ‘dist’
    LOE: no visible global function definition for ‘optim’
    SOE: no visible global function definition for ‘optim’
    Undefined global functions or variables:
     dist optim
Flavors: r-devel-linux-x86_64-debian-clang, r-devel-linux-x86_64-debian-gcc, r-devel-linux-x86_64-fedora-clang, r-devel-linux-x86_64-fedora-gcc, r-devel-windows-ix86+x86_64