CRAN Package Check Results for Package loe

Last updated on 2017-12-12 08:48:26 CET.

Flavor Version Tinstall Tcheck Ttotal Status Flags
r-devel-linux-x86_64-debian-clang 1.1 1.52 20.07 21.59 NOTE
r-devel-linux-x86_64-debian-gcc 1.1 1.60 18.26 19.86 NOTE
r-devel-linux-x86_64-fedora-clang 1.1 28.93 NOTE
r-devel-linux-x86_64-fedora-gcc 1.1 27.28 NOTE
r-devel-windows-ix86+x86_64 1.1 10.00 48.00 58.00 OK
r-patched-linux-x86_64 1.1 1.73 23.56 25.29 NOTE
r-patched-solaris-x86 1.1 44.60 OK
r-release-linux-x86_64 1.1 1.89 23.06 24.95 NOTE
r-release-windows-ix86+x86_64 1.1 6.00 64.00 70.00 OK
r-release-osx-x86_64 1.1 OK
r-oldrel-windows-ix86+x86_64 1.1 9.00 61.00 70.00 OK
r-oldrel-osx-x86_64 1.1 OK

Check Details

Version: 1.1
Check: compiled code
Result: NOTE
    File ‘loe/libs/loe.so’:
     Found no calls to: ‘R_registerRoutines’, ‘R_useDynamicSymbols’
    
    It is good practice to register native routines and to disable symbol
    search.
    
    See ‘Writing portable packages’ in the ‘Writing R Extensions’ manual.
Flavors: r-devel-linux-x86_64-debian-clang, r-devel-linux-x86_64-debian-gcc, r-devel-linux-x86_64-fedora-clang, r-devel-linux-x86_64-fedora-gcc, r-patched-linux-x86_64, r-release-linux-x86_64