CRAN Package Check Results for Package loe

Last updated on 2017-08-16 18:46:35.

Flavor Version Tinstall Tcheck Ttotal Status Flags
r-devel-linux-x86_64-debian-clang 1.1 1.57 16.07 17.64 NOTE
r-devel-linux-x86_64-debian-gcc 1.1 1.42 16.78 18.21 NOTE
r-devel-linux-x86_64-fedora-clang 1.1 30.58 NOTE
r-devel-linux-x86_64-fedora-gcc 1.1 29.97 NOTE
r-devel-windows-ix86+x86_64 1.1 6.00 46.00 52.00 OK
r-patched-linux-x86_64 1.1 1.32 16.28 17.60 NOTE
r-patched-solaris-x86 1.1 43.20 OK
r-release-linux-x86_64 1.1 1.38 16.07 17.44 NOTE
r-release-windows-ix86+x86_64 1.1 6.00 57.00 63.00 OK
r-release-osx-x86_64 1.1 OK
r-oldrel-windows-ix86+x86_64 1.1 8.00 44.00 52.00 OK
r-oldrel-osx-x86_64 1.1 OK

Check Details

Version: 1.1
Check: compiled code
Result: NOTE
    File ‘loe/libs/loe.so’:
     Found no calls to: ‘R_registerRoutines’, ‘R_useDynamicSymbols’
    
    It is good practice to register native routines and to disable symbol
    search.
    
    See ‘Writing portable packages’ in the ‘Writing R Extensions’ manual.
Flavors: r-devel-linux-x86_64-debian-clang, r-devel-linux-x86_64-debian-gcc, r-devel-linux-x86_64-fedora-clang, r-devel-linux-x86_64-fedora-gcc, r-patched-linux-x86_64, r-release-linux-x86_64