CRAN Package Check Results for Package loe

Last updated on 2015-05-24 10:47:01.

Flavor Version Tinstall Tcheck Ttotal Status Flags
r-devel-linux-x86_64-debian-clang 1.0 3.52 39.76 43.28 OK
r-devel-linux-x86_64-debian-gcc 1.0 3.64 37.16 40.80 OK
r-devel-linux-x86_64-fedora-clang 1.0 85.65 OK
r-devel-linux-x86_64-fedora-gcc 1.0 81.44 OK
r-devel-osx-x86_64-clang 1.0 72.94 OK
r-devel-windows-ix86+x86_64 1.0 11.00 80.00 91.00 OK
r-patched-linux-x86_64 1.0 3.79 37.08 40.88 OK
r-patched-solaris-sparc 1.0 542.30 OK
r-patched-solaris-x86 1.0 121.00 OK
r-release-linux-x86_64 1.0 3.46 39.12 42.58 OK
r-release-osx-x86_64-mavericks 1.0 OK
r-release-osx-x86_64-snowleopard 1.0 ERROR
r-release-windows-ix86+x86_64 1.0 13.00 82.00 95.00 OK
r-oldrel-windows-ix86+x86_64 1.0 17.00 103.00 120.00 OK

Check Details

Version: 1.0
Check: package dependencies
Result: ERROR
    Packages required but not available: ‘igraph’ ‘vegan’
    
    See section ‘The DESCRIPTION file’ in the ‘Writing R Extensions’
    manual.
Flavor: r-release-osx-x86_64-snowleopard