Last updated on 2018-04-25 08:51:25 CEST.
Flavor | Version | Tinstall | Tcheck | Ttotal | Status | Flags |
---|---|---|---|---|---|---|
r-devel-linux-x86_64-debian-clang | 1.1 | 2.33 | 23.10 | 25.43 | NOTE | |
r-devel-linux-x86_64-debian-gcc | 1.1 | 1.70 | 18.35 | 20.05 | NOTE | |
r-devel-linux-x86_64-fedora-clang | 1.1 | 30.69 | NOTE | |||
r-devel-linux-x86_64-fedora-gcc | 1.1 | 29.53 | NOTE | |||
r-devel-windows-ix86+x86_64 | 1.1 | 10.00 | 47.00 | 57.00 | OK | |
r-patched-linux-x86_64 | 1.1 | 1.88 | 22.78 | 24.66 | NOTE | |
r-patched-solaris-x86 | 1.1 | 50.00 | OK | |||
r-release-linux-x86_64 | 1.1 | 2.07 | 22.75 | 24.82 | NOTE | |
r-release-windows-ix86+x86_64 | 1.1 | 10.00 | 47.00 | 57.00 | OK | |
r-release-osx-x86_64 | 1.1 | OK | ||||
r-oldrel-windows-ix86+x86_64 | 1.1 | 7.00 | 63.00 | 70.00 | OK | |
r-oldrel-osx-x86_64 | 1.1 | OK |
Version: 1.1
Check: compiled code
Result: NOTE
File ‘loe/libs/loe.so’:
Found no calls to: ‘R_registerRoutines’, ‘R_useDynamicSymbols’
It is good practice to register native routines and to disable symbol
search.
See ‘Writing portable packages’ in the ‘Writing R Extensions’ manual.
Flavors: r-devel-linux-x86_64-debian-clang, r-devel-linux-x86_64-debian-gcc, r-devel-linux-x86_64-fedora-clang, r-devel-linux-x86_64-fedora-gcc, r-patched-linux-x86_64, r-release-linux-x86_64