CRAN Package Check Results for Package loe

Last updated on 2017-03-27 13:55:40.

Flavor Version Tinstall Tcheck Ttotal Status Flags
r-devel-linux-x86_64-debian-clang 1.1 1.58 16.90 18.47 NOTE
r-devel-linux-x86_64-debian-gcc 1.1 1.52 15.80 17.32 NOTE
r-devel-linux-x86_64-fedora-clang 1.1 31.51 NOTE --no-stop-on-test-error
r-devel-linux-x86_64-fedora-gcc 1.1 29.70 NOTE --no-stop-on-test-error
r-devel-macos-x86_64-clang 1.1 26.84 NOTE --no-stop-on-test-error
r-devel-windows-ix86+x86_64 1.1 6.00 46.00 52.00 OK
r-patched-linux-x86_64 1.1 1.31 15.97 17.28 NOTE
r-patched-solaris-sparc 1.1 199.20 OK
r-patched-solaris-x86 1.1 46.80 OK
r-release-linux-x86_64 1.1 1.23 13.16 14.39 OK
r-release-osx-x86_64-mavericks 1.1 OK
r-release-windows-ix86+x86_64 1.1 8.00 44.00 52.00 OK
r-oldrel-windows-ix86+x86_64 1.1 8.00 42.00 50.00 OK

Check Details

Version: 1.1
Check: compiled code
Result: NOTE
    File ‘loe/libs/loe.so’:
     Found no calls to: ‘R_registerRoutines’, ‘R_useDynamicSymbols’
    
    It is good practice to register native routines and to disable symbol
    search.
    
    See ‘Writing portable packages’ in the ‘Writing R Extensions’ manual.
Flavors: r-devel-linux-x86_64-debian-clang, r-devel-linux-x86_64-debian-gcc, r-patched-linux-x86_64

Version: 1.1
Flags: --no-stop-on-test-error
Check: compiled code
Result: NOTE
    File ‘loe/libs/loe.so’:
     Found no calls to: ‘R_registerRoutines’, ‘R_useDynamicSymbols’
    
    It is good practice to register native routines and to disable symbol
    search.
    
    See ‘Writing portable packages’ in the ‘Writing R Extensions’ manual.
Flavors: r-devel-linux-x86_64-fedora-clang, r-devel-linux-x86_64-fedora-gcc, r-devel-macos-x86_64-clang