CRAN Package Check Results for Package log4r

Last updated on 2015-07-28 17:48:26.

Flavor Version Tinstall Tcheck Ttotal Status Flags
r-devel-linux-x86_64-debian-clang 0.2 0.60 8.96 9.56 NOTE
r-devel-linux-x86_64-debian-gcc 0.2 0.64 8.59 9.23 NOTE
r-devel-linux-x86_64-fedora-clang 0.2 17.43 NOTE
r-devel-linux-x86_64-fedora-gcc 0.2 16.70 NOTE
r-devel-osx-x86_64-clang 0.2 17.83 NOTE
r-devel-windows-ix86+x86_64 0.2 2.00 16.00 18.00 NOTE
r-patched-linux-x86_64 0.2 0.56 9.52 10.08 NOTE
r-patched-solaris-sparc 0.2 131.60 NOTE
r-patched-solaris-x86 0.2 27.00 NOTE
r-release-linux-x86_64 0.2 0.66 9.68 10.33 NOTE
r-release-osx-x86_64-mavericks 0.2 NOTE
r-release-windows-ix86+x86_64 0.2 4.00 17.00 21.00 NOTE
r-oldrel-windows-ix86+x86_64 0.2 3.00 29.00 32.00 OK

Check Details

Version: 0.2
Check: DESCRIPTION meta-information
Result: NOTE
    Malformed Title field: should not end in a period.
Flavors: r-devel-linux-x86_64-debian-clang, r-devel-linux-x86_64-debian-gcc, r-devel-linux-x86_64-fedora-clang, r-devel-linux-x86_64-fedora-gcc, r-devel-osx-x86_64-clang, r-devel-windows-ix86+x86_64, r-patched-linux-x86_64, r-patched-solaris-sparc, r-patched-solaris-x86, r-release-linux-x86_64, r-release-osx-x86_64-mavericks, r-release-windows-ix86+x86_64

Version: 0.2
Check: R code for possible problems
Result: NOTE
    available.loglevels: no visible global function definition for
     ‘setNames’
    Undefined global functions or variables:
     setNames
    Consider adding
     importFrom("stats", "setNames")
    to your NAMESPACE.
Flavors: r-devel-linux-x86_64-debian-clang, r-devel-linux-x86_64-debian-gcc, r-devel-linux-x86_64-fedora-clang, r-devel-linux-x86_64-fedora-gcc, r-devel-windows-ix86+x86_64