CRAN Package Check Results for Package log4r

Last updated on 2015-04-27 11:48:42.

Flavor Version Tinstall Tcheck Ttotal Status Flags
r-devel-linux-x86_64-debian-clang 0.2 0.68 9.62 10.30 NOTE
r-devel-linux-x86_64-debian-gcc 0.2 0.63 8.95 9.58 NOTE
r-devel-linux-x86_64-fedora-clang 0.2 18.92 NOTE
r-devel-linux-x86_64-fedora-gcc 0.2 17.12 NOTE
r-devel-osx-x86_64-clang 0.2 22.06 NOTE
r-devel-windows-ix86+x86_64 0.2 3.00 17.00 20.00 NOTE
r-patched-linux-x86_64 0.2 0.67 9.82 10.49 NOTE
r-patched-solaris-sparc 0.2 149.70 NOTE
r-patched-solaris-x86 0.2 26.40 NOTE
r-release-linux-x86_64 0.2 0.54 8.91 9.45 NOTE
r-release-osx-x86_64-mavericks 0.2 NOTE
r-release-osx-x86_64-snowleopard 0.2 NOTE
r-release-windows-ix86+x86_64 0.2 4.00 21.00 25.00 NOTE
r-oldrel-windows-ix86+x86_64 0.2 2.00 16.00 18.00 OK

Check Details

Version: 0.2
Check: DESCRIPTION meta-information
Result: NOTE
    Malformed Title field: should not end in a period.
Flavors: r-devel-linux-x86_64-debian-clang, r-devel-linux-x86_64-debian-gcc, r-devel-linux-x86_64-fedora-clang, r-devel-linux-x86_64-fedora-gcc, r-devel-osx-x86_64-clang, r-devel-windows-ix86+x86_64, r-patched-solaris-sparc, r-patched-solaris-x86, r-release-linux-x86_64, r-release-osx-x86_64-mavericks, r-release-osx-x86_64-snowleopard, r-release-windows-ix86+x86_64