CRAN Package Check Results for Package log4r

Last updated on 2018-04-21 16:46:53 CEST.

Flavor Version Tinstall Tcheck Ttotal Status Flags
r-devel-linux-x86_64-debian-clang 0.2 1.04 17.39 18.43 NOTE
r-devel-linux-x86_64-debian-gcc 0.2 0.66 13.83 14.49 NOTE
r-devel-linux-x86_64-fedora-clang 0.2 21.40 NOTE
r-devel-linux-x86_64-fedora-gcc 0.2 20.35 NOTE
r-devel-windows-ix86+x86_64 0.2 3.00 45.00 48.00 NOTE
r-devel-osx-x86_64 0.2 NOTE
r-patched-linux-x86_64 0.2 0.94 16.93 17.87 NOTE
r-patched-solaris-x86 0.2 34.20 NOTE
r-release-linux-x86_64 0.2 0.96 16.61 17.57 NOTE
r-release-windows-ix86+x86_64 0.2 3.00 38.00 41.00 NOTE
r-release-osx-x86_64 0.2 NOTE
r-oldrel-windows-ix86+x86_64 0.2 3.00 26.00 29.00 NOTE

Check Details

Version: 0.2
Check: DESCRIPTION meta-information
Result: NOTE
    Malformed Title field: should not end in a period.
Flavors: r-devel-linux-x86_64-debian-clang, r-devel-linux-x86_64-debian-gcc, r-devel-linux-x86_64-fedora-clang, r-devel-linux-x86_64-fedora-gcc, r-devel-windows-ix86+x86_64, r-devel-osx-x86_64, r-patched-linux-x86_64, r-patched-solaris-x86, r-release-linux-x86_64, r-release-windows-ix86+x86_64, r-release-osx-x86_64, r-oldrel-windows-ix86+x86_64

Version: 0.2
Check: R code for possible problems
Result: NOTE
    available.loglevels: no visible global function definition for
     ‘setNames’
    Undefined global functions or variables:
     setNames
    Consider adding
     importFrom("stats", "setNames")
    to your NAMESPACE file.
Flavors: r-devel-linux-x86_64-debian-clang, r-devel-linux-x86_64-debian-gcc, r-devel-linux-x86_64-fedora-clang, r-devel-linux-x86_64-fedora-gcc, r-devel-windows-ix86+x86_64, r-devel-osx-x86_64, r-patched-linux-x86_64, r-patched-solaris-x86, r-release-linux-x86_64, r-release-windows-ix86+x86_64, r-release-osx-x86_64, r-oldrel-windows-ix86+x86_64