CRAN Package Check Results for Package log4r

Last updated on 2014-04-19 15:49:44.

Flavor Version Tinstall Tcheck Ttotal Status Flags
r-devel-linux-x86_64-debian-clang 0.1-4 0.70 10.13 10.84 NOTE
r-devel-linux-x86_64-debian-gcc 0.1-4 0.64 9.54 10.18 NOTE
r-devel-linux-x86_64-fedora-clang 0.1-4 19.71 NOTE
r-devel-linux-x86_64-fedora-gcc 0.1-4 18.84 NOTE
r-devel-macosx-x86_64-clang 0.1-4 21.61 NOTE
r-devel-macosx-x86_64-gcc 0.1-4 NOTE
r-devel-windows-ix86+x86_64 0.1-4 2.00 16.00 18.00 NOTE
r-patched-linux-x86_64 0.1-4 0.61 9.97 10.58 NOTE
r-patched-solaris-sparc 0.1-4 115.80 NOTE
r-patched-solaris-x86 0.1-4 30.20 NOTE
r-release-linux-ix86 NOTE
r-release-linux-x86_64 0.1-4 0.65 9.78 10.43 NOTE
r-release-windows-ix86+x86_64 0.1-4 4.00 22.00 26.00 NOTE
r-oldrel-windows-ix86+x86_64 0.1-4 2.00 17.00 19.00 NOTE

Check Details

Version: 0.1-4
Check: for hidden files and directories
Result: NOTE
    Found the following hidden files and directories:
     .gitignore
    These were most likely included in error. See section ‘Package
    structure’ in the ‘Writing R Extensions’ manual.
Flavors: r-devel-linux-x86_64-debian-clang, r-devel-linux-x86_64-debian-gcc, r-devel-linux-x86_64-fedora-clang, r-devel-linux-x86_64-fedora-gcc, r-devel-macosx-x86_64-clang, r-devel-macosx-x86_64-gcc, r-devel-windows-ix86+x86_64, r-patched-linux-x86_64, r-patched-solaris-sparc, r-patched-solaris-x86, r-release-linux-ix86, r-release-linux-x86_64, r-release-windows-ix86+x86_64, r-oldrel-windows-ix86+x86_64

Version: 0.1-4
Check: top-level files
Result: NOTE
    Non-standard files/directories found at top level:
     ‘README.markdown’ ‘build_package.sh’ ‘upload.sh’
Flavors: r-devel-linux-x86_64-fedora-clang, r-devel-linux-x86_64-fedora-gcc

Version: 0.1-4
Check: Rd line widths
Result: NOTE
    Rd file 'verbosity.Rd':
     \examples lines wider than 100 characters:
     type = "integer",
     dest = "verbosity",
     default = 1,
     help = "Verbosity thres ... [TRUNCATED]
    
    These lines will be truncated in the PDF manual.
Flavors: r-devel-linux-x86_64-fedora-clang, r-devel-linux-x86_64-fedora-gcc