CRAN Package Check Results for Package log4r

Last updated on 2015-03-30 11:48:18.

Flavor Version Tinstall Tcheck Ttotal Status Flags
r-devel-linux-x86_64-debian-clang 0.2 0.62 9.08 9.70 NOTE
r-devel-linux-x86_64-debian-gcc 0.2 0.58 9.01 9.59 NOTE
r-devel-linux-x86_64-fedora-clang 0.2 18.34 NOTE
r-devel-linux-x86_64-fedora-gcc 0.2 18.74 NOTE
r-devel-osx-x86_64-clang 0.2 24.86 NOTE
r-prerel-windows-ix86+x86_64 0.2 2.00 17.00 19.00 NOTE
r-prerel-linux-x86_64 0.2 0.68 9.72 10.41 NOTE
r-prerel-solaris-sparc 0.2 149.70 NOTE
r-prerel-solaris-x86 0.2 27.60 NOTE
r-release-linux-x86_64 0.2 0.60 9.57 10.17 OK
r-release-osx-x86_64-mavericks 0.2 OK
r-release-osx-x86_64-snowleopard 0.2 OK
r-release-windows-ix86+x86_64 0.2 2.00 17.00 19.00 OK
r-oldrel-windows-ix86+x86_64 0.2 3.00 26.00 29.00 OK

Check Details

Version: 0.2
Check: DESCRIPTION meta-information
Result: NOTE
    Malformed Title field: should not end in a period.
Flavors: r-devel-linux-x86_64-debian-clang, r-devel-linux-x86_64-debian-gcc, r-devel-linux-x86_64-fedora-clang, r-devel-linux-x86_64-fedora-gcc, r-devel-osx-x86_64-clang, r-prerel-windows-ix86+x86_64, r-prerel-linux-x86_64, r-prerel-solaris-sparc, r-prerel-solaris-x86