Last updated on 2023-10-03 16:05:46 CEST.
Flavor | Version | Tinstall | Tcheck | Ttotal | Status | Flags |
---|---|---|---|---|---|---|
r-devel-linux-x86_64-debian-clang | 0.4.3 | 3.74 | 44.12 | 47.86 | OK | |
r-devel-linux-x86_64-debian-gcc | 0.4.3 | 2.36 | 33.36 | 35.72 | OK | |
r-devel-linux-x86_64-fedora-clang | 0.4.3 | 58.20 | OK | |||
r-devel-linux-x86_64-fedora-gcc | 0.4.3 | 76.81 | OK | |||
r-devel-windows-x86_64 | 0.4.3 | 9.00 | 64.00 | 73.00 | NOTE | |
r-patched-linux-x86_64 | 0.4.3 | 3.72 | 42.58 | 46.30 | OK | |
r-release-linux-x86_64 | 0.4.3 | 3.54 | 43.17 | 46.71 | OK | |
r-release-macos-arm64 | 0.4.3 | 36.00 | OK | |||
r-release-macos-x86_64 | 0.4.3 | 52.00 | OK | |||
r-release-windows-x86_64 | 0.4.3 | 9.00 | 65.00 | 74.00 | NOTE | |
r-oldrel-macos-arm64 | 0.4.3 | 30.00 | OK | |||
r-oldrel-macos-x86_64 | 0.4.3 | 38.00 | OK | |||
r-oldrel-windows-x86_64 | 0.4.3 | 9.00 | 67.00 | 76.00 | NOTE |
Version: 0.4.3
Check: package dependencies
Result: NOTE
Package suggested but not available for checking: 'rsyslog'
Flavors: r-devel-windows-x86_64, r-release-windows-x86_64, r-oldrel-windows-x86_64