CRAN Package Check Results for Package log4r

Last updated on 2016-08-29 14:47:39.

Flavor Version Tinstall Tcheck Ttotal Status Flags
r-devel-linux-x86_64-debian-clang 0.2 0.63 9.00 9.63 NOTE
r-devel-linux-x86_64-debian-gcc 0.2 0.66 8.99 9.65 NOTE
r-devel-linux-x86_64-fedora-clang 0.2 16.19 NOTE
r-devel-linux-x86_64-fedora-gcc 0.2 15.11 NOTE
r-devel-osx-x86_64-clang 0.2 14.82 NOTE
r-devel-windows-ix86+x86_64 0.2 5.00 23.00 28.00 NOTE
r-patched-linux-x86_64 0.2 0.61 9.31 9.93 NOTE
r-patched-solaris-sparc 0.2 103.60 NOTE
r-patched-solaris-x86 0.2 24.10 NOTE
r-release-linux-x86_64 0.2 0.59 9.10 9.69 NOTE
r-release-osx-x86_64-mavericks 0.2 NOTE
r-release-windows-ix86+x86_64 0.2 8.00 31.00 39.00 NOTE
r-oldrel-windows-ix86+x86_64 0.2 4.00 33.00 37.00 NOTE

Check Details

Version: 0.2
Check: DESCRIPTION meta-information
Result: NOTE
    Malformed Title field: should not end in a period.
Flavors: r-devel-linux-x86_64-debian-clang, r-devel-linux-x86_64-debian-gcc, r-devel-linux-x86_64-fedora-clang, r-devel-linux-x86_64-fedora-gcc, r-devel-osx-x86_64-clang, r-devel-windows-ix86+x86_64, r-patched-linux-x86_64, r-patched-solaris-sparc, r-patched-solaris-x86, r-release-linux-x86_64, r-release-osx-x86_64-mavericks, r-release-windows-ix86+x86_64, r-oldrel-windows-ix86+x86_64

Version: 0.2
Check: R code for possible problems
Result: NOTE
    available.loglevels: no visible global function definition for
     ‘setNames’
    Undefined global functions or variables:
     setNames
    Consider adding
     importFrom("stats", "setNames")
    to your NAMESPACE file.
Flavors: r-devel-linux-x86_64-debian-clang, r-devel-linux-x86_64-debian-gcc, r-devel-linux-x86_64-fedora-clang, r-devel-linux-x86_64-fedora-gcc, r-devel-osx-x86_64-clang, r-devel-windows-ix86+x86_64, r-patched-linux-x86_64, r-patched-solaris-sparc, r-patched-solaris-x86, r-release-linux-x86_64, r-release-osx-x86_64-mavericks, r-release-windows-ix86+x86_64