CRAN Package Check Results for Package log4r

Last updated on 2014-09-01 23:46:44.

Flavor Version Tinstall Tcheck Ttotal Status Flags
r-devel-linux-x86_64-debian-clang 0.1-4 0.57 8.74 9.31 NOTE
r-devel-linux-x86_64-debian-gcc 0.1-4 0.69 9.12 9.82 NOTE
r-devel-linux-x86_64-fedora-clang 0.1-4 19.76 NOTE
r-devel-linux-x86_64-fedora-gcc 0.1-4 18.05 NOTE
r-devel-osx-x86_64-clang 0.1-4 21.96 NOTE
r-devel-windows-ix86+x86_64 0.1-4 3.00 17.00 20.00 NOTE
r-patched-linux-x86_64 0.1-4 0.58 9.22 9.80 NOTE
r-patched-solaris-sparc 0.1-4 154.80 NOTE
r-patched-solaris-x86 0.1-4 30.50 NOTE
r-release-linux-ix86 0.1-4 0.87 15.66 16.52 NOTE
r-release-linux-x86_64 0.1-4 0.59 9.12 9.70 NOTE
r-release-osx-x86_64-mavericks 0.1-4 NOTE
r-release-windows-ix86+x86_64 0.1-4 3.00 18.00 21.00 NOTE
r-oldrel-windows-ix86+x86_64 0.1-4 2.00 17.00 19.00 NOTE

Check Details

Version: 0.1-4
Check: for hidden files and directories
Result: NOTE
    Found the following hidden files and directories:
     .gitignore
    These were most likely included in error. See section ‘Package
    structure’ in the ‘Writing R Extensions’ manual.
Flavors: r-devel-linux-x86_64-debian-clang, r-devel-linux-x86_64-debian-gcc, r-devel-linux-x86_64-fedora-clang, r-devel-linux-x86_64-fedora-gcc, r-devel-osx-x86_64-clang, r-devel-windows-ix86+x86_64, r-patched-linux-x86_64, r-patched-solaris-sparc, r-patched-solaris-x86, r-release-linux-ix86, r-release-linux-x86_64, r-release-osx-x86_64-mavericks, r-release-windows-ix86+x86_64, r-oldrel-windows-ix86+x86_64

Version: 0.1-4
Check: top-level files
Result: NOTE
    Non-standard files/directories found at top level:
     ‘README.markdown’ ‘build_package.sh’ ‘upload.sh’
Flavors: r-devel-linux-x86_64-fedora-clang, r-devel-linux-x86_64-fedora-gcc

Version: 0.1-4
Check: Rd line widths
Result: NOTE
    Rd file 'verbosity.Rd':
     \examples lines wider than 100 characters:
     type = "integer",
     dest = "verbosity",
     default = 1,
     help = "Verbosity thres ... [TRUNCATED]
    
    These lines will be truncated in the PDF manual.
Flavors: r-devel-linux-x86_64-fedora-clang, r-devel-linux-x86_64-fedora-gcc