CRAN Package Check Results for Package log4r

Last updated on 2015-09-02 23:46:57.

Flavor Version Tinstall Tcheck Ttotal Status Flags
r-devel-linux-x86_64-debian-clang 0.2 0.52 8.58 9.10 NOTE
r-devel-linux-x86_64-debian-gcc 0.2 0.55 8.90 9.44 NOTE
r-devel-linux-x86_64-fedora-clang 0.2 17.46 NOTE
r-devel-linux-x86_64-fedora-gcc 0.2 16.68 NOTE
r-devel-osx-x86_64-clang 0.2 18.03 NOTE
r-devel-windows-ix86+x86_64 0.2 4.00 27.00 31.00 NOTE
r-patched-linux-x86_64 0.2 0.63 9.55 10.18 NOTE
r-patched-solaris-sparc 0.2 131.60 NOTE
r-patched-solaris-x86 0.2 27.20 NOTE
r-release-linux-x86_64 0.2 0.62 9.53 10.15 NOTE
r-release-osx-x86_64-mavericks 0.2 NOTE
r-release-windows-ix86+x86_64 0.2 3.00 18.00 21.00 NOTE
r-oldrel-windows-ix86+x86_64 0.2 4.00 19.00 23.00 OK

Check Details

Version: 0.2
Check: DESCRIPTION meta-information
Result: NOTE
    Malformed Title field: should not end in a period.
Flavors: r-devel-linux-x86_64-debian-clang, r-devel-linux-x86_64-debian-gcc, r-devel-linux-x86_64-fedora-clang, r-devel-linux-x86_64-fedora-gcc, r-devel-osx-x86_64-clang, r-devel-windows-ix86+x86_64, r-patched-linux-x86_64, r-patched-solaris-sparc, r-patched-solaris-x86, r-release-linux-x86_64, r-release-osx-x86_64-mavericks, r-release-windows-ix86+x86_64

Version: 0.2
Check: R code for possible problems
Result: NOTE
    available.loglevels: no visible global function definition for
     ‘setNames’
    Undefined global functions or variables:
     setNames
    Consider adding
     importFrom("stats", "setNames")
    to your NAMESPACE.
Flavors: r-devel-linux-x86_64-debian-clang, r-devel-linux-x86_64-debian-gcc, r-devel-linux-x86_64-fedora-clang, r-devel-linux-x86_64-fedora-gcc, r-devel-windows-ix86+x86_64