CRAN Package Check Results for Package log4r

Last updated on 2017-03-23 03:47:57.

Flavor Version Tinstall Tcheck Ttotal Status Flags
r-devel-linux-x86_64-debian-clang 0.2 0.59 11.05 11.64 NOTE
r-devel-linux-x86_64-debian-gcc 0.2 0.66 11.17 11.83 NOTE
r-devel-linux-x86_64-fedora-clang 0.2 19.40 NOTE --no-stop-on-test-error
r-devel-linux-x86_64-fedora-gcc 0.2 19.09 NOTE --no-stop-on-test-error
r-devel-macos-x86_64-clang 0.2 17.73 NOTE --no-stop-on-test-error
r-devel-windows-ix86+x86_64 0.2 2.00 27.00 29.00 NOTE
r-patched-linux-x86_64 0.2 0.65 9.08 9.73 NOTE
r-patched-solaris-sparc 0.2 116.40 NOTE
r-patched-solaris-x86 0.2 30.00 NOTE
r-release-linux-x86_64 0.2 0.60 8.98 9.58 NOTE
r-release-osx-x86_64-mavericks 0.2 NOTE
r-release-windows-ix86+x86_64 0.2 7.00 26.00 33.00 NOTE
r-oldrel-windows-ix86+x86_64 0.2 3.00 39.00 42.00 NOTE

Check Details

Version: 0.2
Check: DESCRIPTION meta-information
Result: NOTE
    Malformed Title field: should not end in a period.
Flavors: r-devel-linux-x86_64-debian-clang, r-devel-linux-x86_64-debian-gcc, r-devel-windows-ix86+x86_64, r-patched-linux-x86_64, r-patched-solaris-sparc, r-patched-solaris-x86, r-release-linux-x86_64, r-release-osx-x86_64-mavericks, r-release-windows-ix86+x86_64, r-oldrel-windows-ix86+x86_64

Version: 0.2
Check: R code for possible problems
Result: NOTE
    available.loglevels: no visible global function definition for
     ‘setNames’
    Undefined global functions or variables:
     setNames
    Consider adding
     importFrom("stats", "setNames")
    to your NAMESPACE file.
Flavors: r-devel-linux-x86_64-debian-clang, r-devel-linux-x86_64-debian-gcc, r-devel-windows-ix86+x86_64, r-patched-linux-x86_64, r-patched-solaris-sparc, r-patched-solaris-x86, r-release-linux-x86_64, r-release-osx-x86_64-mavericks, r-release-windows-ix86+x86_64

Version: 0.2
Flags: --no-stop-on-test-error
Check: DESCRIPTION meta-information
Result: NOTE
    Malformed Title field: should not end in a period.
Flavors: r-devel-linux-x86_64-fedora-clang, r-devel-linux-x86_64-fedora-gcc, r-devel-macos-x86_64-clang

Version: 0.2
Flags: --no-stop-on-test-error
Check: R code for possible problems
Result: NOTE
    available.loglevels: no visible global function definition for
     ‘setNames’
    Undefined global functions or variables:
     setNames
    Consider adding
     importFrom("stats", "setNames")
    to your NAMESPACE file.
Flavors: r-devel-linux-x86_64-fedora-clang, r-devel-linux-x86_64-fedora-gcc, r-devel-macos-x86_64-clang