CRAN Package Check Results for Package log4r

Last updated on 2016-09-26 03:55:01.

Flavor Version Tinstall Tcheck Ttotal Status Flags
r-devel-linux-x86_64-debian-clang 0.2 0.56 9.17 9.73 NOTE
r-devel-linux-x86_64-debian-gcc 0.2 0.63 9.11 9.74 NOTE
r-devel-linux-x86_64-fedora-clang 0.2 16.39 NOTE
r-devel-linux-x86_64-fedora-gcc 0.2 14.95 NOTE
r-devel-macos-x86_64-clang 0.2 14.98 NOTE
r-devel-windows-ix86+x86_64 0.2 4.00 30.00 34.00 NOTE
r-patched-linux-x86_64 0.2 0.55 9.09 9.64 NOTE
r-patched-solaris-sparc 0.2 103.60 NOTE
r-patched-solaris-x86 0.2 23.40 NOTE
r-release-linux-x86_64 0.2 0.57 9.38 9.95 NOTE
r-release-osx-x86_64-mavericks 0.2 NOTE
r-release-windows-ix86+x86_64 0.2 7.00 36.00 43.00 NOTE
r-oldrel-windows-ix86+x86_64 0.2 4.00 52.00 56.00 NOTE

Check Details

Version: 0.2
Check: DESCRIPTION meta-information
Result: NOTE
    Malformed Title field: should not end in a period.
Flavors: r-devel-linux-x86_64-debian-clang, r-devel-linux-x86_64-debian-gcc, r-devel-linux-x86_64-fedora-clang, r-devel-linux-x86_64-fedora-gcc, r-devel-macos-x86_64-clang, r-devel-windows-ix86+x86_64, r-patched-linux-x86_64, r-patched-solaris-sparc, r-patched-solaris-x86, r-release-linux-x86_64, r-release-osx-x86_64-mavericks, r-release-windows-ix86+x86_64, r-oldrel-windows-ix86+x86_64

Version: 0.2
Check: R code for possible problems
Result: NOTE
    available.loglevels: no visible global function definition for
     ‘setNames’
    Undefined global functions or variables:
     setNames
    Consider adding
     importFrom("stats", "setNames")
    to your NAMESPACE file.
Flavors: r-devel-linux-x86_64-debian-clang, r-devel-linux-x86_64-debian-gcc, r-devel-linux-x86_64-fedora-clang, r-devel-linux-x86_64-fedora-gcc, r-devel-macos-x86_64-clang, r-devel-windows-ix86+x86_64, r-patched-linux-x86_64, r-patched-solaris-sparc, r-patched-solaris-x86, r-release-linux-x86_64, r-release-osx-x86_64-mavericks, r-release-windows-ix86+x86_64