CRAN Package Check Results for Package log4r

Last updated on 2016-05-31 11:50:24.

Flavor Version Tinstall Tcheck Ttotal Status Flags
r-devel-linux-x86_64-debian-gcc 0.2 0.72 9.05 9.77 NOTE
r-devel-linux-x86_64-fedora-clang 0.2 16.60 NOTE
r-devel-linux-x86_64-fedora-gcc 0.2 14.64 NOTE
r-devel-osx-x86_64-clang 0.2 19.36 NOTE
r-devel-windows-ix86+x86_64 0.2 2.00 26.00 28.00 NOTE
r-patched-linux-x86_64 0.2 0.55 10.05 10.59 NOTE
r-patched-solaris-sparc 0.2 102.70 NOTE
r-patched-solaris-x86 0.2 24.50 NOTE
r-release-linux-x86_64 0.2 0.55 8.95 9.50 NOTE
r-release-osx-x86_64-mavericks 0.2 NOTE
r-release-windows-ix86+x86_64 0.2 4.00 25.00 29.00 NOTE
r-oldrel-windows-ix86+x86_64 0.2 3.00 35.00 38.00 NOTE

Check Details

Version: 0.2
Check: DESCRIPTION meta-information
Result: NOTE
    Malformed Title field: should not end in a period.
Flavors: r-devel-linux-x86_64-debian-gcc, r-devel-linux-x86_64-fedora-clang, r-devel-linux-x86_64-fedora-gcc, r-devel-osx-x86_64-clang, r-devel-windows-ix86+x86_64, r-patched-linux-x86_64, r-patched-solaris-sparc, r-patched-solaris-x86, r-release-linux-x86_64, r-release-osx-x86_64-mavericks, r-release-windows-ix86+x86_64, r-oldrel-windows-ix86+x86_64

Version: 0.2
Check: R code for possible problems
Result: NOTE
    available.loglevels: no visible global function definition for
     ‘setNames’
    Undefined global functions or variables:
     setNames
    Consider adding
     importFrom("stats", "setNames")
    to your NAMESPACE file.
Flavors: r-devel-linux-x86_64-debian-gcc, r-devel-linux-x86_64-fedora-clang, r-devel-linux-x86_64-fedora-gcc, r-devel-osx-x86_64-clang, r-devel-windows-ix86+x86_64, r-patched-linux-x86_64, r-patched-solaris-sparc, r-patched-solaris-x86, r-release-linux-x86_64, r-release-osx-x86_64-mavericks, r-release-windows-ix86+x86_64