CRAN Package Check Results for Package log4r

Last updated on 2017-11-24 09:47:54 CET.

Flavor Version Tinstall Tcheck Ttotal Status Flags
r-devel-linux-x86_64-debian-clang 0.2 0.61 16.71 17.32 NOTE
r-devel-linux-x86_64-debian-gcc 0.2 0.76 29.46 30.22 NOTE
r-devel-linux-x86_64-fedora-clang 0.2 18.44 NOTE
r-devel-linux-x86_64-fedora-gcc 0.2 17.63 NOTE
r-devel-windows-ix86+x86_64 0.2 2.00 38.00 40.00 NOTE
r-patched-linux-x86_64 0.2 0.92 33.08 34.00 NOTE
r-patched-solaris-x86 0.2 29.40 NOTE
r-release-linux-x86_64 0.2 0.86 32.28 33.14 NOTE
r-release-windows-ix86+x86_64 0.2 3.00 42.00 45.00 NOTE
r-release-osx-x86_64 0.2 NOTE
r-oldrel-windows-ix86+x86_64 0.2 2.00 41.00 43.00 NOTE
r-oldrel-osx-x86_64 0.2 NOTE

Check Details

Version: 0.2
Check: DESCRIPTION meta-information
Result: NOTE
    Malformed Title field: should not end in a period.
Flavors: r-devel-linux-x86_64-debian-clang, r-devel-linux-x86_64-debian-gcc, r-devel-linux-x86_64-fedora-clang, r-devel-linux-x86_64-fedora-gcc, r-devel-windows-ix86+x86_64, r-patched-linux-x86_64, r-patched-solaris-x86, r-release-linux-x86_64, r-release-windows-ix86+x86_64, r-release-osx-x86_64, r-oldrel-windows-ix86+x86_64, r-oldrel-osx-x86_64

Version: 0.2
Check: R code for possible problems
Result: NOTE
    available.loglevels: no visible global function definition for
     ‘setNames’
    Undefined global functions or variables:
     setNames
    Consider adding
     importFrom("stats", "setNames")
    to your NAMESPACE file.
Flavors: r-devel-linux-x86_64-debian-clang, r-devel-linux-x86_64-debian-gcc, r-devel-linux-x86_64-fedora-clang, r-devel-linux-x86_64-fedora-gcc, r-devel-windows-ix86+x86_64, r-patched-linux-x86_64, r-patched-solaris-x86, r-release-linux-x86_64, r-release-windows-ix86+x86_64, r-release-osx-x86_64, r-oldrel-windows-ix86+x86_64, r-oldrel-osx-x86_64