CRAN Package Check Results for Package log4r

Last updated on 2015-05-30 13:47:19.

Flavor Version Tinstall Tcheck Ttotal Status Flags
r-devel-linux-x86_64-debian-clang 0.2 0.63 8.82 9.45 NOTE
r-devel-linux-x86_64-debian-gcc 0.2 0.55 8.67 9.22 NOTE
r-devel-linux-x86_64-fedora-clang 0.2 18.41 NOTE
r-devel-linux-x86_64-fedora-gcc 0.2 17.67 NOTE
r-devel-osx-x86_64-clang 0.2 21.77 NOTE
r-devel-windows-ix86+x86_64 0.2 2.00 18.00 20.00 NOTE
r-patched-linux-x86_64 0.2 0.56 8.77 9.33 NOTE
r-patched-solaris-sparc 0.2 124.20 NOTE
r-patched-solaris-x86 0.2 26.90 NOTE
r-release-linux-x86_64 0.2 0.67 8.92 9.58 NOTE
r-release-osx-x86_64-mavericks 0.2 NOTE
r-release-osx-x86_64-snowleopard 0.2 NOTE
r-release-windows-ix86+x86_64 0.2 2.00 17.00 19.00 NOTE
r-oldrel-windows-ix86+x86_64 0.2 3.00 19.00 22.00 OK

Check Details

Version: 0.2
Check: DESCRIPTION meta-information
Result: NOTE
    Malformed Title field: should not end in a period.
Flavors: r-devel-linux-x86_64-debian-clang, r-devel-linux-x86_64-debian-gcc, r-devel-linux-x86_64-fedora-clang, r-devel-linux-x86_64-fedora-gcc, r-devel-osx-x86_64-clang, r-devel-windows-ix86+x86_64, r-patched-linux-x86_64, r-patched-solaris-sparc, r-patched-solaris-x86, r-release-linux-x86_64, r-release-osx-x86_64-mavericks, r-release-osx-x86_64-snowleopard, r-release-windows-ix86+x86_64