CRAN Package Check Results for Package log4r

Last updated on 2016-12-03 11:47:34.

Flavor Version Tinstall Tcheck Ttotal Status Flags
r-devel-linux-x86_64-debian-clang 0.2 0.64 10.63 11.27 NOTE
r-devel-linux-x86_64-debian-gcc 0.2 0.64 10.91 11.55 NOTE
r-devel-linux-x86_64-fedora-clang 0.2 20.13 NOTE
r-devel-linux-x86_64-fedora-gcc 0.2 19.92 NOTE
r-devel-macos-x86_64-clang 0.2 17.76 NOTE
r-devel-windows-ix86+x86_64 0.2 3.00 37.00 40.00 NOTE
r-patched-linux-x86_64 0.2 0.63 9.27 9.90 NOTE
r-patched-solaris-sparc 0.2 103.60 NOTE
r-patched-solaris-x86 0.2 23.70 NOTE
r-release-linux-x86_64 0.2 0.59 9.05 9.64 NOTE
r-release-osx-x86_64-mavericks 0.2 NOTE
r-release-windows-ix86+x86_64 0.2 4.00 51.00 55.00 NOTE
r-oldrel-windows-ix86+x86_64 0.2 6.00 21.00 27.00 NOTE

Check Details

Version: 0.2
Check: DESCRIPTION meta-information
Result: NOTE
    Malformed Title field: should not end in a period.
Flavors: r-devel-linux-x86_64-debian-clang, r-devel-linux-x86_64-debian-gcc, r-devel-linux-x86_64-fedora-clang, r-devel-linux-x86_64-fedora-gcc, r-devel-macos-x86_64-clang, r-devel-windows-ix86+x86_64, r-patched-linux-x86_64, r-patched-solaris-sparc, r-patched-solaris-x86, r-release-linux-x86_64, r-release-osx-x86_64-mavericks, r-release-windows-ix86+x86_64, r-oldrel-windows-ix86+x86_64

Version: 0.2
Check: R code for possible problems
Result: NOTE
    available.loglevels: no visible global function definition for
     ‘setNames’
    Undefined global functions or variables:
     setNames
    Consider adding
     importFrom("stats", "setNames")
    to your NAMESPACE file.
Flavors: r-devel-linux-x86_64-debian-clang, r-devel-linux-x86_64-debian-gcc, r-devel-linux-x86_64-fedora-clang, r-devel-linux-x86_64-fedora-gcc, r-devel-macos-x86_64-clang, r-devel-windows-ix86+x86_64, r-patched-linux-x86_64, r-patched-solaris-sparc, r-patched-solaris-x86, r-release-linux-x86_64, r-release-osx-x86_64-mavericks, r-release-windows-ix86+x86_64