CRAN Package Check Results for Package log4r

Last updated on 2017-09-21 18:47:09.

Flavor Version Tinstall Tcheck Ttotal Status Flags
r-devel-linux-x86_64-debian-clang 0.2 0.64 11.62 12.26 NOTE
r-devel-linux-x86_64-debian-gcc 0.2 0.66 11.43 12.10 NOTE
r-devel-linux-x86_64-fedora-clang 0.2 20.45 NOTE
r-devel-linux-x86_64-fedora-gcc 0.2 18.77 NOTE
r-devel-windows-ix86+x86_64 0.2 2.00 26.00 28.00 NOTE
r-patched-linux-x86_64 0.2 2.62 11.59 14.21 NOTE
r-patched-solaris-x86 0.2 28.50 NOTE
r-release-linux-x86_64 0.2 0.70 11.21 11.91 NOTE
r-release-windows-ix86+x86_64 0.2 2.00 29.00 31.00 NOTE
r-release-osx-x86_64 0.2 NOTE
r-oldrel-windows-ix86+x86_64 0.2 2.00 26.00 28.00 NOTE
r-oldrel-osx-x86_64 0.2 NOTE

Check Details

Version: 0.2
Check: DESCRIPTION meta-information
Result: NOTE
    Malformed Title field: should not end in a period.
Flavors: r-devel-linux-x86_64-debian-clang, r-devel-linux-x86_64-debian-gcc, r-devel-linux-x86_64-fedora-clang, r-devel-linux-x86_64-fedora-gcc, r-devel-windows-ix86+x86_64, r-patched-linux-x86_64, r-patched-solaris-x86, r-release-linux-x86_64, r-release-windows-ix86+x86_64, r-release-osx-x86_64, r-oldrel-windows-ix86+x86_64, r-oldrel-osx-x86_64

Version: 0.2
Check: R code for possible problems
Result: NOTE
    available.loglevels: no visible global function definition for
     ‘setNames’
    Undefined global functions or variables:
     setNames
    Consider adding
     importFrom("stats", "setNames")
    to your NAMESPACE file.
Flavors: r-devel-linux-x86_64-debian-clang, r-devel-linux-x86_64-debian-gcc, r-devel-linux-x86_64-fedora-clang, r-devel-linux-x86_64-fedora-gcc, r-devel-windows-ix86+x86_64, r-patched-linux-x86_64, r-patched-solaris-x86, r-release-linux-x86_64, r-release-windows-ix86+x86_64, r-release-osx-x86_64, r-oldrel-windows-ix86+x86_64, r-oldrel-osx-x86_64