CRAN Package Check Results for Package logconcens

Last updated on 2014-08-27 18:48:23.

Flavor Version Tinstall Tcheck Ttotal Status Flags
r-devel-linux-x86_64-debian-clang 0.16-4 1.08 20.88 21.96 NOTE
r-devel-linux-x86_64-debian-gcc 0.16-4 1.24 20.20 21.44 NOTE
r-devel-linux-x86_64-fedora-clang 0.16-4 44.14 NOTE
r-devel-linux-x86_64-fedora-gcc 0.16-4 43.77 NOTE
r-devel-osx-x86_64-clang 0.16-4 40.68 NOTE
r-devel-windows-ix86+x86_64 0.16-4 6.00 50.00 56.00 NOTE
r-patched-linux-x86_64 0.16-4 1.29 20.88 22.16 NOTE
r-patched-solaris-sparc 0.16-4 281.40 NOTE
r-patched-solaris-x86 0.16-4 58.10 NOTE
r-release-linux-ix86 0.16-4 1.68 27.90 29.58 NOTE
r-release-linux-x86_64 0.16-4 1.27 21.60 22.87 NOTE
r-release-osx-x86_64-mavericks 0.16-4 NOTE
r-release-osx-x86_64-snowleopard 0.16-4 OK
r-release-windows-ix86+x86_64 0.16-4 6.00 46.00 52.00 NOTE
r-oldrel-windows-ix86+x86_64 0.16-4 6.00 48.00 54.00 NOTE

Check Details

Version: 0.16-4
Check: dependencies in R code
Result: NOTE
    Package in Depends field not imported from: ‘methods’
     These packages need to be imported from (in the NAMESPACE file)
     for when this namespace is loaded but not attached.
    See the information on DESCRIPTION files in the chapter ‘Creating R
    packages’ of the ‘Writing R Extensions’ manual.
Flavors: r-devel-linux-x86_64-debian-clang, r-devel-linux-x86_64-debian-gcc, r-devel-linux-x86_64-fedora-clang, r-devel-linux-x86_64-fedora-gcc, r-devel-osx-x86_64-clang, r-devel-windows-ix86+x86_64, r-patched-linux-x86_64, r-patched-solaris-sparc, r-patched-solaris-x86, r-release-linux-ix86, r-release-linux-x86_64, r-release-osx-x86_64-mavericks, r-release-windows-ix86+x86_64, r-oldrel-windows-ix86+x86_64