CRAN Package Check Results for Package logconcens

Last updated on 2015-05-05 06:46:41.

Flavor Version Tinstall Tcheck Ttotal Status Flags
r-devel-linux-x86_64-debian-clang 0.16-4 1.16 20.30 21.46 NOTE
r-devel-linux-x86_64-debian-gcc 0.16-4 1.28 19.80 21.07 NOTE
r-devel-linux-x86_64-fedora-clang 0.16-4 42.42 NOTE
r-devel-linux-x86_64-fedora-gcc 0.16-4 39.82 NOTE
r-devel-osx-x86_64-clang 0.16-4 40.66 NOTE
r-devel-windows-ix86+x86_64 0.16-4 5.00 45.00 50.00 NOTE
r-patched-linux-x86_64 0.16-4 1.27 19.52 20.78 NOTE
r-patched-solaris-sparc 0.16-4 297.70 NOTE
r-patched-solaris-x86 0.16-4 53.60 NOTE
r-release-linux-x86_64 0.16-4 1.34 20.74 22.08 NOTE
r-release-osx-x86_64-mavericks 0.16-4 NOTE
r-release-osx-x86_64-snowleopard 0.16-4 NOTE
r-release-windows-ix86+x86_64 0.16-4 6.00 49.00 55.00 NOTE
r-oldrel-windows-ix86+x86_64 0.16-4 5.00 57.00 62.00 NOTE

Check Details

Version: 0.16-4
Check: dependencies in R code
Result: NOTE
    Package in Depends field not imported from: ‘methods’
     These packages need to be imported from (in the NAMESPACE file)
     for when this namespace is loaded but not attached.
Flavors: r-devel-linux-x86_64-debian-clang, r-devel-linux-x86_64-debian-gcc, r-devel-linux-x86_64-fedora-clang, r-devel-linux-x86_64-fedora-gcc, r-devel-osx-x86_64-clang, r-devel-windows-ix86+x86_64, r-patched-linux-x86_64, r-patched-solaris-sparc, r-patched-solaris-x86, r-release-linux-x86_64, r-release-osx-x86_64-mavericks, r-release-osx-x86_64-snowleopard, r-release-windows-ix86+x86_64, r-oldrel-windows-ix86+x86_64

Version: 0.16-4
Check: line endings in Makefiles
Result: NOTE
    Found the following Makefile(s) without a final LF:
     src/Makevars
    Some ‘make’ programs ignore lines not ending in LF.
Flavors: r-devel-linux-x86_64-debian-clang, r-devel-linux-x86_64-debian-gcc, r-devel-linux-x86_64-fedora-clang, r-devel-linux-x86_64-fedora-gcc, r-devel-osx-x86_64-clang, r-devel-windows-ix86+x86_64, r-patched-linux-x86_64, r-patched-solaris-sparc, r-patched-solaris-x86, r-release-linux-x86_64, r-release-osx-x86_64-mavericks, r-release-osx-x86_64-snowleopard, r-release-windows-ix86+x86_64, r-oldrel-windows-ix86+x86_64