CRAN Package Check Results for Package logconcens

Last updated on 2014-10-25 17:46:46.

Flavor Version Tinstall Tcheck Ttotal Status Flags
r-devel-linux-x86_64-debian-clang 0.16-4 1.10 21.30 22.40 NOTE
r-devel-linux-x86_64-debian-gcc 0.16-4 1.30 23.76 25.05 NOTE
r-devel-linux-x86_64-fedora-clang 0.16-4 46.87 NOTE
r-devel-linux-x86_64-fedora-gcc 0.16-4 44.33 NOTE
r-devel-osx-x86_64-clang 0.16-4 44.17 NOTE
r-devel-windows-ix86+x86_64 0.16-4 6.00 45.00 51.00 NOTE
r-patched-linux-x86_64 0.16-4 1.29 21.46 22.76 NOTE
r-patched-solaris-sparc 0.16-4 281.40 NOTE
r-patched-solaris-x86 0.16-4 61.40 NOTE
r-release-linux-ix86 0.16-4 1.68 28.54 30.23 NOTE
r-release-linux-x86_64 0.16-4 1.29 22.84 24.13 NOTE
r-release-osx-x86_64-mavericks 0.16-4 NOTE
r-release-osx-x86_64-snowleopard 0.16-4 OK
r-release-windows-ix86+x86_64 0.16-4 5.00 42.00 47.00 NOTE
r-oldrel-windows-ix86+x86_64 0.16-4 5.00 50.00 55.00 NOTE

Check Details

Version: 0.16-4
Check: dependencies in R code
Result: NOTE
    Package in Depends field not imported from: ‘methods’
     These packages need to be imported from (in the NAMESPACE file)
     for when this namespace is loaded but not attached.
    See the information on DESCRIPTION files in the chapter ‘Creating R
    packages’ of the ‘Writing R Extensions’ manual.
Flavors: r-devel-linux-x86_64-debian-clang, r-devel-linux-x86_64-debian-gcc, r-devel-linux-x86_64-fedora-clang, r-devel-linux-x86_64-fedora-gcc, r-devel-osx-x86_64-clang, r-devel-windows-ix86+x86_64, r-patched-linux-x86_64, r-patched-solaris-sparc, r-patched-solaris-x86, r-release-linux-ix86, r-release-linux-x86_64, r-release-osx-x86_64-mavericks, r-release-windows-ix86+x86_64, r-oldrel-windows-ix86+x86_64