CRAN Package Check Results for Package logconcens

Last updated on 2015-01-26 10:47:10.

Flavor Version Tinstall Tcheck Ttotal Status Flags
r-devel-linux-x86_64-debian-clang 0.16-4 1.13 22.35 23.48 NOTE
r-devel-linux-x86_64-debian-gcc 0.16-4 1.34 21.08 22.42 NOTE
r-devel-linux-x86_64-fedora-clang 0.16-4 48.45 NOTE
r-devel-linux-x86_64-fedora-gcc 0.16-4 45.71 NOTE
r-devel-osx-x86_64-clang 0.16-4 44.77 NOTE
r-devel-windows-ix86+x86_64 0.16-4 10.00 57.00 67.00 NOTE
r-patched-linux-x86_64 0.16-4 1.31 21.72 23.03 NOTE
r-patched-solaris-sparc 0.16-4 260.00 NOTE
r-patched-solaris-x86 0.16-4 62.80 NOTE
r-release-linux-ix86 0.16-4 1.67 26.86 28.53 NOTE
r-release-linux-x86_64 0.16-4 1.33 22.44 23.77 NOTE
r-release-osx-x86_64-mavericks 0.16-4 NOTE
r-release-osx-x86_64-snowleopard 0.16-4 OK
r-release-windows-ix86+x86_64 0.16-4 7.00 52.00 59.00 NOTE
r-oldrel-windows-ix86+x86_64 0.16-4 9.00 52.00 61.00 NOTE

Check Details

Version: 0.16-4
Check: dependencies in R code
Result: NOTE
    Package in Depends field not imported from: ‘methods’
     These packages need to be imported from (in the NAMESPACE file)
     for when this namespace is loaded but not attached.
Flavors: r-devel-linux-x86_64-debian-clang, r-devel-linux-x86_64-debian-gcc, r-devel-linux-x86_64-fedora-clang, r-devel-linux-x86_64-fedora-gcc, r-devel-osx-x86_64-clang, r-devel-windows-ix86+x86_64

Version: 0.16-4
Check: line endings in Makefiles
Result: NOTE
    Found the following Makefile(s) without a final LF:
     src/Makevars
    Some ‘make’ programs ignore lines not ending in LF.
Flavors: r-devel-linux-x86_64-debian-clang, r-devel-linux-x86_64-debian-gcc, r-devel-linux-x86_64-fedora-clang, r-devel-linux-x86_64-fedora-gcc, r-devel-osx-x86_64-clang, r-devel-windows-ix86+x86_64, r-patched-linux-x86_64, r-patched-solaris-x86, r-release-osx-x86_64-mavericks

Version: 0.16-4
Check: dependencies in R code
Result: NOTE
    Package in Depends field not imported from: ‘methods’
     These packages need to be imported from (in the NAMESPACE file)
     for when this namespace is loaded but not attached.
    See the information on DESCRIPTION files in the chapter ‘Creating R
    packages’ of the ‘Writing R Extensions’ manual.
Flavors: r-patched-linux-x86_64, r-patched-solaris-sparc, r-patched-solaris-x86, r-release-linux-ix86, r-release-linux-x86_64, r-release-osx-x86_64-mavericks, r-release-windows-ix86+x86_64, r-oldrel-windows-ix86+x86_64