CRAN Package Check Results for Package logconcens

Last updated on 2014-09-22 23:49:18.

Flavor Version Tinstall Tcheck Ttotal Status Flags
r-devel-linux-x86_64-debian-clang 0.16-4 1.03 20.81 21.84 NOTE
r-devel-linux-x86_64-debian-gcc 0.16-4 1.24 20.70 21.94 NOTE
r-devel-linux-x86_64-fedora-clang 0.16-4 44.81 NOTE
r-devel-linux-x86_64-fedora-gcc 0.16-4 42.58 NOTE
r-devel-osx-x86_64-clang 0.16-4 44.03 NOTE
r-devel-windows-ix86+x86_64 0.16-4 5.00 48.00 53.00 NOTE
r-patched-linux-x86_64 0.16-4 1.25 21.61 22.86 NOTE
r-patched-solaris-sparc 0.16-4 281.40 NOTE
r-patched-solaris-x86 0.16-4 60.50 NOTE
r-release-linux-ix86 0.16-4 1.70 28.46 30.16 NOTE
r-release-linux-x86_64 0.16-4 1.34 21.69 23.03 NOTE
r-release-osx-x86_64-mavericks 0.16-4 NOTE
r-release-osx-x86_64-snowleopard 0.16-4 OK
r-release-windows-ix86+x86_64 0.16-4 5.00 45.00 50.00 NOTE
r-oldrel-windows-ix86+x86_64 0.16-4 6.00 51.00 57.00 NOTE

Check Details

Version: 0.16-4
Check: dependencies in R code
Result: NOTE
    Package in Depends field not imported from: ‘methods’
     These packages need to be imported from (in the NAMESPACE file)
     for when this namespace is loaded but not attached.
    See the information on DESCRIPTION files in the chapter ‘Creating R
    packages’ of the ‘Writing R Extensions’ manual.
Flavors: r-devel-linux-x86_64-debian-clang, r-devel-linux-x86_64-debian-gcc, r-devel-linux-x86_64-fedora-clang, r-devel-linux-x86_64-fedora-gcc, r-devel-osx-x86_64-clang, r-devel-windows-ix86+x86_64, r-patched-linux-x86_64, r-patched-solaris-sparc, r-patched-solaris-x86, r-release-linux-ix86, r-release-linux-x86_64, r-release-osx-x86_64-mavericks, r-release-windows-ix86+x86_64, r-oldrel-windows-ix86+x86_64