CRAN Package Check Results for Package logconcens

Last updated on 2015-03-30 08:50:01.

Flavor Version Tinstall Tcheck Ttotal Status Flags
r-devel-linux-x86_64-debian-clang 0.16-4 1.13 19.99 21.12 NOTE
r-devel-linux-x86_64-debian-gcc 0.16-4 1.26 19.54 20.80 NOTE
r-devel-linux-x86_64-fedora-clang 0.16-4 41.72 NOTE
r-devel-linux-x86_64-fedora-gcc 0.16-4 42.11 NOTE
r-devel-osx-x86_64-clang 0.16-4 44.88 NOTE
r-prerel-windows-ix86+x86_64 0.16-4 6.00 39.00 45.00 NOTE
r-prerel-linux-x86_64 0.16-4 1.23 19.45 20.68 NOTE
r-prerel-solaris-sparc 0.16-4 297.70 NOTE
r-prerel-solaris-x86 0.16-4 55.50 NOTE
r-release-linux-x86_64 0.16-4 1.30 21.76 23.06 NOTE
r-release-osx-x86_64-mavericks 0.16-4 NOTE
r-release-osx-x86_64-snowleopard 0.16-4 OK
r-release-windows-ix86+x86_64 0.16-4 6.00 49.00 55.00 NOTE
r-oldrel-windows-ix86+x86_64 0.16-4 5.00 50.00 55.00 NOTE

Check Details

Version: 0.16-4
Check: dependencies in R code
Result: NOTE
    Package in Depends field not imported from: ‘methods’
     These packages need to be imported from (in the NAMESPACE file)
     for when this namespace is loaded but not attached.
Flavors: r-devel-linux-x86_64-debian-clang, r-devel-linux-x86_64-debian-gcc, r-devel-linux-x86_64-fedora-clang, r-devel-linux-x86_64-fedora-gcc, r-devel-osx-x86_64-clang, r-prerel-windows-ix86+x86_64, r-prerel-linux-x86_64, r-prerel-solaris-sparc, r-prerel-solaris-x86, r-release-linux-x86_64, r-release-windows-ix86+x86_64

Version: 0.16-4
Check: line endings in Makefiles
Result: NOTE
    Found the following Makefile(s) without a final LF:
     src/Makevars
    Some ‘make’ programs ignore lines not ending in LF.
Flavors: r-devel-linux-x86_64-debian-clang, r-devel-linux-x86_64-debian-gcc, r-devel-linux-x86_64-fedora-clang, r-devel-linux-x86_64-fedora-gcc, r-devel-osx-x86_64-clang, r-prerel-windows-ix86+x86_64, r-prerel-linux-x86_64, r-prerel-solaris-sparc, r-prerel-solaris-x86, r-release-linux-x86_64, r-release-osx-x86_64-mavericks, r-release-windows-ix86+x86_64

Version: 0.16-4
Check: dependencies in R code
Result: NOTE
    Package in Depends field not imported from: ‘methods’
     These packages need to be imported from (in the NAMESPACE file)
     for when this namespace is loaded but not attached.
    See the information on DESCRIPTION files in the chapter ‘Creating R
    packages’ of the ‘Writing R Extensions’ manual.
Flavors: r-release-osx-x86_64-mavericks, r-oldrel-windows-ix86+x86_64