CRAN Package Check Results for Package logconcens

Last updated on 2015-06-30 06:47:03.

Flavor Version Tinstall Tcheck Ttotal Status Flags
r-devel-linux-x86_64-debian-clang 0.16-4 1.10 19.35 20.45 NOTE
r-devel-linux-x86_64-debian-gcc 0.16-4 1.25 19.46 20.71 NOTE
r-devel-linux-x86_64-fedora-clang 0.16-4 40.40 NOTE
r-devel-linux-x86_64-fedora-gcc 0.16-4 38.34 NOTE
r-devel-osx-x86_64-clang 0.16-4 39.74 NOTE
r-devel-windows-ix86+x86_64 0.16-4 8.00 43.00 51.00 NOTE
r-patched-linux-x86_64 0.16-4 1.26 19.83 21.09 NOTE
r-patched-solaris-sparc 0.16-4 268.30 NOTE
r-patched-solaris-x86 0.16-4 53.80 NOTE
r-release-linux-x86_64 0.16-4 1.24 19.67 20.91 NOTE
r-release-osx-x86_64-mavericks 0.16-4 NOTE
r-release-windows-ix86+x86_64 0.16-4 7.00 69.00 76.00 NOTE
r-oldrel-windows-ix86+x86_64 0.16-4 10.00 44.00 54.00 NOTE

Check Details

Version: 0.16-4
Check: dependencies in R code
Result: NOTE
    Package in Depends field not imported from: ‘methods’
     These packages need to be imported from (in the NAMESPACE file)
     for when this namespace is loaded but not attached.
Flavors: r-devel-linux-x86_64-debian-clang, r-devel-linux-x86_64-debian-gcc, r-devel-linux-x86_64-fedora-clang, r-devel-linux-x86_64-fedora-gcc, r-devel-osx-x86_64-clang, r-devel-windows-ix86+x86_64, r-patched-linux-x86_64, r-patched-solaris-sparc, r-patched-solaris-x86, r-release-linux-x86_64, r-release-osx-x86_64-mavericks, r-release-windows-ix86+x86_64, r-oldrel-windows-ix86+x86_64

Version: 0.16-4
Check: R code for possible problems
Result: NOTE
    clc.fixdom: no visible global function definition for ‘IQR’
    clc.fixdom: no visible global function definition for ‘dev.new’
    clc.fixdom: no visible global function definition for ‘par’
    clc.fixdom: no visible global function definition for ‘plot’
    clc.fixdom: no visible global function definition for ‘rug’
    clc.fixdom: no visible global function definition for ‘uniroot’
    cure.profile: no visible global function definition for ‘IQR’
    logConCens: no visible global function definition for ‘IQR’
    logcon: no visible global function definition for ‘IQR’
    logcon: no visible global function definition for ‘dev.new’
    logcon: no visible global function definition for ‘plot’
    logcon: no visible global function definition for ‘lines’
    logcon: no visible global function definition for ‘abline’
    logcon: no visible global function definition for ‘rug’
    logconcure: no visible global function definition for ‘IQR’
    plot.lcdensity: no visible global function definition for ‘plot’
    plot.lcdensity: no visible global function definition for ‘points’
    plot.lcdensity: no visible global function definition for ‘abline’
    plot.lcdensity: no visible global function definition for ‘rug’
    plot.lcdensity: no visible global function definition for ‘lines’
    plot.lcdensity: no visible global function definition for ‘polygon’
    plot.lcdensity: no visible global function definition for ‘grey’
    plot.lcdensity: no visible global function definition for ‘box’
    plot.lcdensity: no visible global function definition for ‘tail’
    plotint: no visible global function definition for ‘IQR’
    plotint: no visible global function definition for ‘plot’
    plotint: no visible global function definition for ‘box’
    plotint: no visible global function definition for ‘axis’
    plotint: no visible global function definition for ‘rug’
    plotint: no visible global function definition for ‘segments’
    plotint: no visible global function definition for ‘points’
Flavors: r-devel-linux-x86_64-debian-clang, r-devel-linux-x86_64-debian-gcc, r-devel-windows-ix86+x86_64

Version: 0.16-4
Check: line endings in Makefiles
Result: NOTE
    Found the following Makefile(s) without a final LF:
     src/Makevars
    Some ‘make’ programs ignore lines not ending in LF.
Flavors: r-devel-linux-x86_64-debian-clang, r-devel-linux-x86_64-debian-gcc, r-devel-linux-x86_64-fedora-clang, r-devel-linux-x86_64-fedora-gcc, r-devel-osx-x86_64-clang, r-devel-windows-ix86+x86_64, r-patched-linux-x86_64, r-patched-solaris-sparc, r-patched-solaris-x86, r-release-linux-x86_64, r-release-osx-x86_64-mavericks, r-release-windows-ix86+x86_64, r-oldrel-windows-ix86+x86_64