CRAN Package Check Results for Package logconcens

Last updated on 2014-12-22 19:48:25.

Flavor Version Tinstall Tcheck Ttotal Status Flags
r-devel-linux-x86_64-debian-clang 0.16-4 1.23 22.24 23.47 NOTE
r-devel-linux-x86_64-debian-gcc 0.16-4 1.29 20.80 22.09 NOTE
r-devel-linux-x86_64-fedora-clang 0.16-4 46.92 NOTE
r-devel-linux-x86_64-fedora-gcc 0.16-4 44.12 NOTE
r-devel-osx-x86_64-clang 0.16-4 44.25 NOTE
r-devel-windows-ix86+x86_64 0.16-4 6.00 44.00 50.00 NOTE
r-patched-linux-x86_64 0.16-4 1.30 21.36 22.66 NOTE
r-patched-solaris-sparc 0.16-4 259.90 NOTE
r-patched-solaris-x86 0.16-4 61.90 NOTE
r-release-linux-ix86 0.16-4 1.66 26.87 28.53 NOTE
r-release-linux-x86_64 0.16-4 1.29 22.49 23.78 NOTE
r-release-osx-x86_64-mavericks 0.16-4 NOTE
r-release-osx-x86_64-snowleopard 0.16-4 OK
r-release-windows-ix86+x86_64 0.16-4 6.00 48.00 54.00 NOTE
r-oldrel-windows-ix86+x86_64 0.16-4 6.00 49.00 55.00 NOTE

Check Details

Version: 0.16-4
Check: dependencies in R code
Result: NOTE
    Package in Depends field not imported from: ‘methods’
     These packages need to be imported from (in the NAMESPACE file)
     for when this namespace is loaded but not attached.
    See the information on DESCRIPTION files in the chapter ‘Creating R
    packages’ of the ‘Writing R Extensions’ manual.
Flavors: r-devel-linux-x86_64-debian-clang, r-devel-linux-x86_64-debian-gcc, r-devel-linux-x86_64-fedora-clang, r-devel-linux-x86_64-fedora-gcc, r-devel-osx-x86_64-clang, r-devel-windows-ix86+x86_64, r-patched-linux-x86_64, r-patched-solaris-sparc, r-patched-solaris-x86, r-release-linux-ix86, r-release-linux-x86_64, r-release-osx-x86_64-mavericks, r-release-windows-ix86+x86_64, r-oldrel-windows-ix86+x86_64