CRAN Package Check Results for Package logconcens

Last updated on 2014-04-21 12:31:34.

Flavor Version Tinstall Tcheck Ttotal Status Flags
r-devel-linux-x86_64-debian-clang 0.16-4 1.07 21.97 23.04 NOTE
r-devel-linux-x86_64-debian-gcc 0.16-4 1.26 22.16 23.41 NOTE
r-devel-linux-x86_64-fedora-clang 0.16-4 45.99 NOTE
r-devel-linux-x86_64-fedora-gcc 0.16-4 45.21 NOTE
r-devel-osx-x86_64-clang 0.16-4 40.46 NOTE
r-devel-osx-x86_64-gcc 0.16-4 NOTE
r-devel-windows-ix86+x86_64 0.16-4 6.00 42.00 48.00 NOTE
r-patched-linux-x86_64 0.16-4 1.27 21.82 23.09 NOTE
r-patched-solaris-sparc 0.16-4 263.60 NOTE
r-patched-solaris-x86 0.16-4 58.30 NOTE
r-release-linux-x86_64 0.16-4 1.24 22.00 23.24 NOTE
r-release-osx-x86_64-mavericks 0.16-4 WARN
r-release-osx-x86_64-snowleopard 0.16-4 OK
r-release-windows-ix86+x86_64 0.16-4 7.00 48.00 55.00 NOTE
r-oldrel-windows-ix86+x86_64 0.16-4 6.00 46.00 52.00 NOTE

Check Details

Version: 0.16-4
Check: dependencies in R code
Result: NOTE
    Package in Depends field not imported from: ‘methods’
     These packages need to be imported from (in the NAMESPACE file)
     for when this namespace is loaded but not attached.
    See the information on DESCRIPTION files in the chapter ‘Creating R
    packages’ of the ‘Writing R Extensions’ manual.
Flavors: r-devel-linux-x86_64-debian-clang, r-devel-linux-x86_64-debian-gcc, r-devel-linux-x86_64-fedora-clang, r-devel-linux-x86_64-fedora-gcc, r-devel-osx-x86_64-clang, r-devel-osx-x86_64-gcc, r-devel-windows-ix86+x86_64, r-patched-linux-x86_64, r-patched-solaris-sparc, r-patched-solaris-x86, r-release-linux-x86_64, r-release-osx-x86_64-mavericks, r-release-windows-ix86+x86_64, r-oldrel-windows-ix86+x86_64

Version: 0.16-4
Check: PDF version of manual
Result: WARNING
    LaTeX errors when creating PDF version.
    This typically indicates Rd problems.
    LaTeX errors found:
    ! LaTeX Error: File `upquote.sty' not found.
    
    Type X to quit or <RETURN> to proceed,
    or enter new name. (Default extension: sty)
    
    e64271d/Rd2.tex:8: ==> Fatal error occurred, no output PDF file produced!
Flavor: r-release-osx-x86_64-mavericks