CRAN Package Check Results for Package logcondens

Last updated on 2016-05-28 14:47:51.

Flavor Version Tinstall Tcheck Ttotal Status Flags
r-devel-linux-x86_64-debian-gcc 2.1.4 1.60 39.82 41.43 OK
r-devel-linux-x86_64-fedora-clang 2.1.4 82.22 OK
r-devel-linux-x86_64-fedora-gcc 2.1.4 73.12 OK
r-devel-osx-x86_64-clang 2.1.4 81.38 OK
r-devel-windows-ix86+x86_64 2.1.4 6.00 77.00 83.00 OK
r-patched-linux-x86_64 2.1.4 1.43 39.87 41.30 OK
r-patched-solaris-sparc 2.1.4 496.40 OK
r-patched-solaris-x86 2.1.4 92.70 OK
r-release-linux-x86_64 2.1.4 1.54 40.04 41.58 OK
r-release-osx-x86_64-mavericks 2.1.4 WARN
r-release-windows-ix86+x86_64 2.1.4 8.00 79.00 87.00 OK
r-oldrel-windows-ix86+x86_64 2.1.4 6.00 114.00 120.00 OK

Check Details

Version: 2.1.4
Check: whether package can be installed
Result: WARN
    Found the following significant warnings:
     Warning: 'rgl_init' failed, running with rgl.useNULL = TRUE
Flavor: r-release-osx-x86_64-mavericks

Version: 2.1.4
Check: dependencies in R code
Result: NOTE
    Invalid MIT-MAGIC-COOKIE-1 key
Flavor: r-release-osx-x86_64-mavericks

Version: 2.1.4
Check: S3 generic/method consistency
Result: WARN
    Invalid MIT-MAGIC-COOKIE-1 key
    See section ‘Generic functions and methods’ in the ‘Writing R
    Extensions’ manual.
Flavor: r-release-osx-x86_64-mavericks

Version: 2.1.4
Check: replacement functions
Result: WARN
    Invalid MIT-MAGIC-COOKIE-1 key
    The argument of a replacement function which corresponds to the right
    hand side must be named ‘value’.
Flavor: r-release-osx-x86_64-mavericks

Version: 2.1.4
Check: foreign function calls
Result: NOTE
    Invalid MIT-MAGIC-COOKIE-1 key
    See chapter ‘System and foreign language interfaces’ in the ‘Writing R
    Extensions’ manual.
Flavor: r-release-osx-x86_64-mavericks

Version: 2.1.4
Check: R code for possible problems
Result: NOTE
    Invalid MIT-MAGIC-COOKIE-1 key
Flavor: r-release-osx-x86_64-mavericks

Version: 2.1.4
Check: for missing documentation entries
Result: WARN
    Invalid MIT-MAGIC-COOKIE-1 key
    All user-level objects in a package should have documentation entries.
    See chapter ‘Writing R documentation files’ in the ‘Writing R
    Extensions’ manual.
Flavor: r-release-osx-x86_64-mavericks

Version: 2.1.4
Check: for code/documentation mismatches
Result: WARN
    Invalid MIT-MAGIC-COOKIE-1 key
    Invalid MIT-MAGIC-COOKIE-1 key
    Invalid MIT-MAGIC-COOKIE-1 key
Flavor: r-release-osx-x86_64-mavericks

Version: 2.1.4
Check: Rd \usage sections
Result: NOTE
    Invalid MIT-MAGIC-COOKIE-1 key
    The \usage entries for S3 methods should use the \method markup and not
    their full name.
    See chapter ‘Writing R documentation files’ in the ‘Writing R
    Extensions’ manual.
Flavor: r-release-osx-x86_64-mavericks

Version: 2.1.4
Check: re-building of vignette outputs
Result: NOTE
    Error in re-building vignettes:
     ...
     input string 442 is invalid in this locale
    Error in texi2dvi(file = file, pdf = TRUE, clean = clean, quiet = quiet, :
     Running 'texi2dvi' on 'logcondens.tex' failed.
    LaTeX errors:
    ! LaTeX Error: Missing \begin{document}.
    
    See the LaTeX manual or LaTeX Companion for explanation.
    Type H <return> for immediate help.
     ...
    ! Extra }, or forgotten \endgroup.
    l.16 ...[<f8><f8>㏻~8<9d>NC^^\<cb>d2<ba><ae>^^SB><fd><f4>ӑ<91>^^Q!D&<93><f9>ꫯ<de>}
     <f7><dd>vڙ<9d><9d><b5>,˲,<ce><f9><d7>_^^?=11^^Aa...
    I've deleted a group-closing symbol because it seems to be
    spurious, as in `$x}$'. But perhaps the } is legitimate and
    ! Missing $ inserted.
    <inserted text>
     $
    l.23 ...<aa>mۚ<a6>I<bb>b<8c><fd><fa><eb><af><c8>e<99><aa><aa><c2>-If<c6>X4^^Z-<97>ˊ<a2>p<ce>UU<a5><94>z<bd>^
     7<c9>^^O<91><a3><92><f3><f0><95><c1><be><bb><a7><bf><8c><e8>^^@^<a1>PP^...
    ! You can't use `\spacefactor' in math mode.
    \@ ->\spacefactor
     \@m
    l.24 ...<aa><aa>
    Calls: buildVignettes -> texi2pdf -> texi2dvi
    Execution halted
Flavor: r-release-osx-x86_64-mavericks