CRAN Package Check Results for Package logcondens

Last updated on 2014-04-25 05:47:18.

Flavor Version Tinstall Tcheck Ttotal Status Flags
r-devel-linux-x86_64-debian-clang 2.1.1 1.06 38.25 39.30 OK
r-devel-linux-x86_64-debian-gcc 2.1.1 1.12 37.60 38.72 OK
r-devel-linux-x86_64-fedora-clang 2.1.1 90.81 OK
r-devel-linux-x86_64-fedora-gcc 2.1.1 89.31 OK
r-devel-osx-x86_64-clang 2.1.1 71.57 OK
r-devel-osx-x86_64-gcc 2.1.1 OK
r-devel-windows-ix86+x86_64 2.1.1 3.00 53.00 56.00 OK
r-patched-linux-x86_64 2.1.1 1.05 37.75 38.80 OK
r-patched-solaris-sparc 2.1.1 478.40 OK
r-patched-solaris-x86 2.1.1 96.50 OK
r-release-linux-ix86 2.1.1 2.00 64.00 66.00 OK
r-release-linux-x86_64 2.1.1 1.09 37.41 38.50 OK
r-release-osx-x86_64-mavericks 2.1.1 WARN
r-release-osx-x86_64-snowleopard 2.1.1 OK
r-release-windows-ix86+x86_64 2.1.1 3.00 57.00 60.00 OK
r-oldrel-windows-ix86+x86_64 2.1.1 3.00 56.00 59.00 OK

Check Details

Version: 2.1.1
Check: PDF version of manual
Result: WARNING
    LaTeX errors when creating PDF version.
    This typically indicates Rd problems.
    LaTeX errors found:
    ! LaTeX Error: File `upquote.sty' not found.
    
    Type X to quit or <RETURN> to proceed,
    or enter new name. (Default extension: sty)
    
    3b433197/Rd2.tex:8: ==> Fatal error occurred, no output PDF file produced!
Flavor: r-release-osx-x86_64-mavericks