CRAN Package Check Results for Package logcondens

Last updated on 2015-07-02 07:48:41.

Flavor Version Tinstall Tcheck Ttotal Status Flags
r-devel-linux-x86_64-debian-clang 2.1.3 1.06 36.89 37.95 NOTE
r-devel-linux-x86_64-debian-gcc 2.1.3 1.03 36.37 37.40 NOTE
r-devel-linux-x86_64-fedora-clang 2.1.3 76.23 NOTE
r-devel-linux-x86_64-fedora-gcc 2.1.3 74.57 NOTE
r-devel-osx-x86_64-clang 2.1.3 70.89 OK
r-devel-windows-ix86+x86_64 2.1.3 4.00 56.00 60.00 NOTE
r-patched-linux-x86_64 2.1.3 1.07 36.63 37.70 OK
r-patched-solaris-sparc 2.1.3 506.60 OK
r-patched-solaris-x86 2.1.3 98.20 OK
r-release-linux-x86_64 2.1.3 1.04 37.03 38.06 OK
r-release-osx-x86_64-mavericks 2.1.3 OK
r-release-windows-ix86+x86_64 2.1.3 5.00 60.00 65.00 OK
r-oldrel-windows-ix86+x86_64 2.1.3 5.00 65.00 70.00 OK

Check Details

Version: 2.1.3
Check: R code for possible problems
Result: NOTE
    Q00: no visible global function definition for ‘pnorm’
    Q00: no visible global function definition for ‘dnorm’
    confIntBootLogConROC_t0: no visible binding for global variable
     ‘quantile’
    ftilde: no visible global function definition for ‘dnorm’
    logConCI: no visible binding for global variable ‘quantile’
    logConROC: no visible global function definition for ‘integrate’
    maxDiffCDF: no visible global function definition for ‘uniroot’
    plot.dlc: no visible global function definition for ‘par’
    plot.dlc: no visible global function definition for ‘plot’
    plot.dlc: no visible global function definition for ‘rug’
    plot.dlc: no visible global function definition for ‘lines’
    plot.dlc: no visible global function definition for ‘mtext’
    plot.dlc: no visible global function definition for ‘legend’
    plot.dlc: no visible global function definition for ‘segments’
    plot.dlc: no visible global function definition for ‘abline’
    rLCD: no visible global function definition for ‘runif’
    rlogcon: no visible global function definition for ‘runif’
    rlogcon: no visible global function definition for ‘rnorm’
Flavors: r-devel-linux-x86_64-debian-clang, r-devel-linux-x86_64-debian-gcc, r-devel-linux-x86_64-fedora-gcc, r-devel-windows-ix86+x86_64

Version: 2.1.3
Check: R code for possible problems
Result: NOTE
    Q00: no visible global function definition for ‘pnorm’
    Q00: no visible global function definition for ‘dnorm’
    confIntBootLogConROC_t0: no visible binding for global variable
     ‘quantile’
    ftilde: no visible global function definition for ‘dnorm’
    logConCI: no visible binding for global variable ‘quantile’
    logConROC: no visible global function definition for ‘integrate’
    maxDiffCDF: no visible global function definition for ‘uniroot’
    plot.dlc: no visible global function definition for ‘par’
    plot.dlc: no visible global function definition for ‘plot’
    plot.dlc: no visible global function definition for ‘rug’
    plot.dlc: no visible global function definition for ‘lines’
    plot.dlc: no visible global function definition for ‘mtext’
    plot.dlc: no visible global function definition for ‘legend’
    plot.dlc: no visible global function definition for ‘segments’
    plot.dlc: no visible global function definition for ‘abline’
    rLCD: no visible global function definition for ‘runif’
    rlogcon: no visible global function definition for ‘runif’
    rlogcon: no visible global function definition for ‘rnorm’
    Undefined global functions or variables:
     abline dnorm integrate legend lines mtext par plot pnorm quantile
     rnorm rug runif segments uniroot
Flavor: r-devel-linux-x86_64-fedora-clang