CRAN Package Check Results for Package logcondens

Last updated on 2015-05-26 08:47:57.

Flavor Version Tinstall Tcheck Ttotal Status Flags
r-devel-linux-x86_64-debian-clang 2.1.2 1.48 38.85 40.33 NOTE
r-devel-linux-x86_64-debian-gcc 2.1.2 1.16 37.63 38.79 NOTE
r-devel-linux-x86_64-fedora-clang 2.1.2 79.01 NOTE
r-devel-linux-x86_64-fedora-gcc 2.1.2 74.89 NOTE
r-devel-osx-x86_64-clang 2.1.2 73.65 NOTE
r-devel-windows-ix86+x86_64 2.1.2 5.00 58.00 63.00 OK
r-patched-linux-x86_64 2.1.2 1.09 37.59 38.68 NOTE
r-patched-solaris-sparc 2.1.2 541.10 NOTE
r-patched-solaris-x86 2.1.2 94.50 NOTE
r-release-linux-x86_64 2.1.2 1.22 38.09 39.30 NOTE
r-release-osx-x86_64-mavericks 2.1.2 NOTE
r-release-osx-x86_64-snowleopard 2.1.2 OK
r-release-windows-ix86+x86_64 2.1.2 4.00 60.00 64.00 OK
r-oldrel-windows-ix86+x86_64 2.1.2 6.00 67.00 73.00 OK

Check Details

Version: 2.1.2
Check: S3 generic/method consistency
Result: NOTE
    Found the following apparent S3 methods exported but not registered:
     plot.dlc summary.dlc
    See section ‘Registering S3 methods’ in the ‘Writing R Extensions’
    manual.
Flavors: r-devel-linux-x86_64-debian-clang, r-devel-linux-x86_64-debian-gcc, r-devel-linux-x86_64-fedora-clang, r-devel-linux-x86_64-fedora-gcc, r-devel-osx-x86_64-clang, r-patched-linux-x86_64, r-patched-solaris-sparc, r-patched-solaris-x86, r-release-linux-x86_64

Version: 2.1.2
Check: re-building of vignette outputs
Result: NOTE
    Error in re-building vignettes:
     ...
    Loading required package: logcondens
    Error in texi2dvi(file = file, pdf = TRUE, clean = clean, quiet = quiet, :
     Running 'texi2dvi' on 'logcondens.tex' failed.
    LaTeX errors:
    ! LaTeX Error: Missing \begin{document}.
    
    See the LaTeX manual or LaTeX Companion for explanation.
    Type H <return> for immediate help.
     ...
    ! Extra }, or forgotten \endgroup.
    l.16 ...[<f8><f8>㏻~8<9d>NC^^\<cb>d2<ba><ae>^^SB><fd><f4>ӑ<91>^^Q!D&<93><f9>ꫯ<de>}
     <f7><dd>vڙ<9d><9d><b5>,˲,<ce><f9><d7>_^^?=11^^Aa...
    I've deleted a group-closing symbol because it seems to be
    spurious, as in `$x}$'. But perhaps the } is legitimate and
    ! Missing $ inserted.
    <inserted text>
     $
    l.23 ...<aa>mۚ<a6>I<bb>b<8c><fd><fa><eb><af><c8>e<99><aa><aa><c2>-If<c6>X4^^Z-<97>ˊ<a2>p<ce>UU<a5><94>z<bd>^
     7<c9>^^O<91><a3><92><f3><f0><95><c1><be><bb><a7><bf><8c><e8>^^@^<a1>PP^...
    ! You can't use `\spacefactor' in math mode.
    \@ ->\spacefactor
     \@m
    l.24 ...<aa><aa>
    Calls: buildVignettes -> texi2pdf -> texi2dvi
    Execution halted
Flavor: r-release-osx-x86_64-mavericks