CRAN Package Check Results for Package logcondens

Last updated on 2014-08-23 02:49:58.

Flavor Version Tinstall Tcheck Ttotal Status Flags
r-devel-linux-x86_64-debian-clang 2.1.1 0.99 35.35 36.34 NOTE
r-devel-linux-x86_64-debian-gcc 2.1.1 1.12 34.60 35.72 NOTE
r-devel-linux-x86_64-fedora-clang 2.1.1 88.34 NOTE
r-devel-linux-x86_64-fedora-gcc 2.1.1 86.83 NOTE
r-devel-osx-x86_64-clang 2.1.1 77.11 NOTE
r-devel-windows-ix86+x86_64 2.1.1 3.00 52.00 55.00 OK
r-patched-linux-x86_64 2.1.1 0.98 36.36 37.35 OK
r-patched-solaris-sparc 2.1.1 519.30 OK
r-patched-solaris-x86 2.1.1 109.50 OK
r-release-linux-ix86 2.1.1 1.41 52.31 53.72 OK
r-release-linux-x86_64 2.1.1 1.00 36.38 37.38 OK
r-release-osx-x86_64-mavericks 2.1.1 OK
r-release-osx-x86_64-snowleopard 2.1.1 OK
r-release-windows-ix86+x86_64 2.1.1 4.00 55.00 59.00 OK
r-oldrel-windows-ix86+x86_64 2.1.1 4.00 54.00 58.00 OK

Check Details

Version: 2.1.1
Check: R code for possible problems
Result: NOTE
    c2hat: no visible global function definition for ‘hscv’
    c2hat: no visible global function definition for ‘kdde’
    c2hat: no visible global function definition for ‘hlscv’
    c2hat: no visible global function definition for ‘hpi’
    c2hat: no visible global function definition for ‘hns’
Flavors: r-devel-linux-x86_64-debian-clang, r-devel-linux-x86_64-debian-gcc, r-devel-linux-x86_64-fedora-clang, r-devel-linux-x86_64-fedora-gcc, r-devel-osx-x86_64-clang