CRAN Package Check Results for Package logcondens

Last updated on 2015-04-26 19:47:22.

Flavor Version Tinstall Tcheck Ttotal Status Flags
r-devel-linux-x86_64-debian-clang 2.1.2 1.07 37.42 38.48 NOTE
r-devel-linux-x86_64-debian-gcc 2.1.2 1.06 37.64 38.70 NOTE
r-devel-linux-x86_64-fedora-clang 2.1.2 79.01 NOTE
r-devel-linux-x86_64-fedora-gcc 2.1.2 74.81 NOTE
r-devel-osx-x86_64-clang 2.1.2 73.49 NOTE
r-devel-windows-ix86+x86_64 2.1.2 4.00 56.00 60.00 OK
r-patched-linux-x86_64 2.1.2 1.06 37.93 38.98 NOTE
r-patched-solaris-sparc 2.1.2 542.20 OK
r-patched-solaris-x86 2.1.2 96.40 NOTE
r-release-linux-x86_64 2.1.2 1.08 38.20 39.28 NOTE
r-release-osx-x86_64-mavericks 2.1.2 NOTE
r-release-osx-x86_64-snowleopard 2.1.2 OK
r-release-windows-ix86+x86_64 2.1.2 5.00 57.00 62.00 OK
r-oldrel-windows-ix86+x86_64 2.1.2 4.00 82.00 86.00 OK

Check Details

Version: 2.1.2
Check: S3 generic/method consistency
Result: NOTE
    Found the following apparent S3 methods exported but not registered:
     plot.dlc summary.dlc
    See section ‘Registering S3 methods’ in the ‘Writing R Extensions’
    manual.
Flavors: r-devel-linux-x86_64-debian-clang, r-devel-linux-x86_64-fedora-clang, r-devel-linux-x86_64-fedora-gcc, r-devel-osx-x86_64-clang, r-patched-solaris-x86

Version: 2.1.2
Check: re-building of vignette outputs
Result: NOTE
    Error in re-building vignettes:
     ...
    Loading required package: logcondens
    Error in texi2dvi(file = file, pdf = TRUE, clean = clean, quiet = quiet, :
     Running 'texi2dvi' on 'logcondens.tex' failed.
    LaTeX errors:
    ! LaTeX Error: Missing \begin{document}.
    
    See the LaTeX manual or LaTeX Companion for explanation.
    Type H <return> for immediate help.
     ...
    ! Extra }, or forgotten \endgroup.
    l.16 ...[<f8><f8>㏻~8<9d>NC^^\<cb>d2<ba><ae>^^SB><fd><f4>ӑ<91>^^Q!D&<93><f9>ꫯ<de>}
     <f7><dd>vڙ<9d><9d><b5>,˲,<ce><f9><d7>_^^?=11^^Aa...
    I've deleted a group-closing symbol because it seems to be
    spurious, as in `$x}$'. But perhaps the } is legitimate and
    ! Missing $ inserted.
    <inserted text>
     $
    l.23 ...<aa>mۚ<a6>I<bb>b<8c><fd><fa><eb><af><c8>e<99><aa><aa><c2>-If<c6>X4^^Z-<97>ˊ<a2>p<ce>UU<a5><94>z<bd>^
     7<c9>^^O<91><a3><92><f3><f0><95><c1><be><bb><a7><bf><8c><e8>^^@^<a1>PP^...
    ! You can't use `\spacefactor' in math mode.
    \@ ->\spacefactor
     \@m
    l.24 ...<aa><aa>
    Calls: buildVignettes -> texi2pdf -> texi2dvi
    Execution halted
Flavor: r-release-osx-x86_64-mavericks