CRAN Package Check Results for Package logcondiscr

Last updated on 2015-07-03 16:47:24.

Flavor Version Tinstall Tcheck Ttotal Status Flags
r-devel-linux-x86_64-debian-clang 1.0.5 2.79 37.33 40.12 NOTE
r-devel-linux-x86_64-debian-gcc 1.0.5 2.63 35.16 37.79 NOTE
r-devel-linux-x86_64-fedora-clang 1.0.6 59.12 OK
r-devel-linux-x86_64-fedora-gcc 1.0.6 74.20 OK
r-devel-osx-x86_64-clang 1.0.5 72.46 OK
r-devel-windows-ix86+x86_64 1.0.5 9.00 56.00 65.00 NOTE
r-patched-linux-x86_64 1.0.5 2.75 35.75 38.50 OK
r-patched-solaris-sparc 1.0.6 501.70 OK
r-patched-solaris-x86 1.0.5 107.40 OK
r-release-linux-x86_64 1.0.5 2.65 37.14 39.80 OK
r-release-osx-x86_64-mavericks 1.0.5 OK
r-release-windows-ix86+x86_64 1.0.5 11.00 54.00 65.00 OK
r-oldrel-windows-ix86+x86_64 1.0.5 11.00 71.00 82.00 OK

Check Details

Version: 1.0.5
Check: R code for possible problems
Result: NOTE
    logConDiscrCI: no visible binding for global variable ‘quantile’
    logConDiscrCI: no visible global function definition for ‘qnorm’
    rTriangular: no visible global function definition for ‘runif’
    rTriangular: no visible global function definition for ‘rexp’
    Undefined global functions or variables:
     qnorm quantile rexp runif
Flavors: r-devel-linux-x86_64-debian-clang, r-devel-linux-x86_64-debian-gcc, r-devel-windows-ix86+x86_64