CRAN Package Check Results for Package logcondiscr

Last updated on 2014-04-23 17:47:47.

Flavor Version Tinstall Tcheck Ttotal Status Flags
r-devel-linux-x86_64-debian-clang 1.0.5 3.78 47.50 51.29 OK
r-devel-linux-x86_64-debian-gcc 1.0.5 3.76 48.54 52.30 OK
r-devel-linux-x86_64-fedora-clang 1.0.5 118.45 OK
r-devel-linux-x86_64-fedora-gcc 1.0.5 113.59 OK
r-devel-osx-x86_64-clang 1.0.5 88.76 OK
r-devel-osx-x86_64-gcc 1.0.5 ERROR
r-devel-windows-ix86+x86_64 1.0.5 11.00 64.00 75.00 OK
r-patched-linux-x86_64 1.0.5 3.70 47.14 50.85 OK
r-patched-solaris-sparc 1.0.5 635.50 OK
r-patched-solaris-x86 1.0.5 152.90 OK
r-release-linux-ix86 1.0.5 6.00 75.00 81.00 OK
r-release-linux-x86_64 1.0.5 3.74 46.44 50.18 OK
r-release-osx-x86_64-mavericks 1.0.5 WARN
r-release-osx-x86_64-snowleopard 1.0.5 OK
r-release-windows-ix86+x86_64 1.0.5 11.00 68.00 79.00 OK
r-oldrel-windows-ix86+x86_64 1.0.5 11.00 62.00 73.00 OK

Check Details

Version: 1.0.5
Check: package dependencies
Result: ERROR
    Package required but not available: ‘cobs’
    
    See the information on DESCRIPTION files in the chapter ‘Creating R
    packages’ of the ‘Writing R Extensions’ manual.
Flavor: r-devel-osx-x86_64-gcc

Version: 1.0.5
Check: PDF version of manual
Result: WARNING
    LaTeX errors when creating PDF version.
    This typically indicates Rd problems.
    LaTeX errors found:
    ! LaTeX Error: File `upquote.sty' not found.
    
    Type X to quit or <RETURN> to proceed,
    or enter new name. (Default extension: sty)
    
    6426bfb/Rd2.tex:8: ==> Fatal error occurred, no output PDF file produced!
Flavor: r-release-osx-x86_64-mavericks