Last updated on 2022-07-06 08:51:52 CEST.
Flavor | Version | Tinstall | Tcheck | Ttotal | Status | Flags |
---|---|---|---|---|---|---|
r-devel-linux-x86_64-debian-clang | 0.2.2 | 3.64 | 51.45 | 55.09 | OK | |
r-devel-linux-x86_64-debian-gcc | 0.2.2 | 2.42 | 40.45 | 42.87 | OK | |
r-devel-linux-x86_64-fedora-clang | 0.2.2 | 81.88 | OK | |||
r-devel-linux-x86_64-fedora-gcc | 0.2.2 | 75.32 | OK | |||
r-devel-windows-x86_64 | 0.2.2 | 74.00 | 107.00 | 181.00 | NOTE | |
r-patched-linux-x86_64 | 0.2.2 | 4.72 | 50.83 | 55.55 | OK | |
r-release-linux-x86_64 | 0.2.2 | 3.32 | 50.00 | 53.32 | OK | |
r-release-macos-arm64 | 0.2.2 | 30.00 | OK | |||
r-release-macos-x86_64 | 0.2.2 | 43.00 | OK | |||
r-release-windows-x86_64 | 0.2.2 | 40.00 | 116.00 | 156.00 | NOTE | |
r-oldrel-macos-arm64 | 0.2.2 | 36.00 | OK | |||
r-oldrel-macos-x86_64 | 0.2.2 | 41.00 | OK | |||
r-oldrel-windows-ix86+x86_64 | 0.2.2 | 8.00 | 94.00 | 102.00 | NOTE |
Version: 0.2.2
Check: package dependencies
Result: NOTE
Package suggested but not available for checking: 'rsyslog'
Flavors: r-devel-windows-x86_64, r-release-windows-x86_64, r-oldrel-windows-ix86+x86_64
Version: 0.2.2
Check: Rd cross-references
Result: NOTE
Package unavailable to check Rd xrefs: 'rsyslog'
Flavor: r-oldrel-windows-ix86+x86_64