CRAN Package Check Results for Package logging

Last updated on 2015-07-29 17:48:04.

Flavor Version Tinstall Tcheck Ttotal Status Flags
r-devel-linux-x86_64-debian-clang 0.7-103 0.68 11.11 11.79 NOTE
r-devel-linux-x86_64-debian-gcc 0.7-103 0.70 10.92 11.62 NOTE
r-devel-linux-x86_64-fedora-clang 0.7-103 21.39 NOTE
r-devel-linux-x86_64-fedora-gcc 0.7-103 20.02 NOTE
r-devel-osx-x86_64-clang 0.7-103 20.43 NOTE
r-devel-windows-ix86+x86_64 0.7-103 3.00 28.00 31.00 NOTE
r-patched-linux-x86_64 0.7-103 0.67 10.62 11.30 NOTE
r-patched-solaris-sparc 0.7-103 127.00 NOTE
r-patched-solaris-x86 0.7-103 32.30 NOTE
r-release-linux-x86_64 0.7-103 0.68 10.72 11.39 NOTE
r-release-osx-x86_64-mavericks 0.7-103 NOTE
r-release-windows-ix86+x86_64 0.7-103 3.00 18.00 21.00 NOTE
r-oldrel-windows-ix86+x86_64 0.7-103 3.00 20.00 23.00 NOTE

Check Details

Version: 0.7-103
Check: dependencies in R code
Result: NOTE
    Package in Depends field not imported from: ‘methods’
     These packages need to be imported from (in the NAMESPACE file)
     for when this namespace is loaded but not attached.
Flavors: r-devel-linux-x86_64-debian-clang, r-devel-linux-x86_64-debian-gcc, r-devel-linux-x86_64-fedora-clang, r-devel-linux-x86_64-fedora-gcc, r-devel-osx-x86_64-clang, r-devel-windows-ix86+x86_64, r-patched-linux-x86_64, r-patched-solaris-sparc, r-patched-solaris-x86, r-release-linux-x86_64, r-release-osx-x86_64-mavericks, r-release-windows-ix86+x86_64, r-oldrel-windows-ix86+x86_64

Version: 0.7-103
Check: S3 generic/method consistency
Result: NOTE
    Found the following apparent S3 methods exported but not registered:
     updateOptions.environment
    See section ‘Registering S3 methods’ in the ‘Writing R Extensions’
    manual.
Flavors: r-devel-linux-x86_64-debian-clang, r-devel-linux-x86_64-debian-gcc, r-devel-linux-x86_64-fedora-clang, r-devel-linux-x86_64-fedora-gcc, r-devel-osx-x86_64-clang, r-patched-linux-x86_64, r-patched-solaris-sparc, r-patched-solaris-x86, r-release-linux-x86_64

Version: 0.7-103
Check: R code for possible problems
Result: NOTE
    Logger: no visible global function definition for ‘new’
    Undefined global functions or variables:
     new
    Consider adding
     importFrom("methods", "new")
    to your NAMESPACE.
Flavors: r-devel-linux-x86_64-debian-clang, r-devel-linux-x86_64-debian-gcc, r-devel-linux-x86_64-fedora-clang, r-devel-linux-x86_64-fedora-gcc, r-devel-windows-ix86+x86_64