CRAN Package Check Results for Package logging

Last updated on 2014-09-16 08:49:47.

Flavor Version Tinstall Tcheck Ttotal Status Flags
r-devel-linux-x86_64-debian-clang 0.7-103 0.71 11.12 11.83 NOTE
r-devel-linux-x86_64-debian-gcc 0.7-103 0.69 10.88 11.57 NOTE
r-devel-linux-x86_64-fedora-clang 0.7-103 24.04 NOTE
r-devel-linux-x86_64-fedora-gcc 0.7-103 22.27 NOTE
r-devel-osx-x86_64-clang 0.7-103 25.93 NOTE
r-devel-windows-ix86+x86_64 0.7-103 2.00 18.00 20.00 NOTE
r-patched-linux-x86_64 0.7-103 0.73 11.52 12.24 NOTE
r-patched-solaris-sparc 0.7-103 138.70 NOTE
r-patched-solaris-x86 0.7-103 38.20 NOTE
r-release-linux-ix86 0.7-103 1.08 18.27 19.35 NOTE
r-release-linux-x86_64 0.7-103 0.75 12.44 13.19 NOTE
r-release-osx-x86_64-mavericks 0.7-103 NOTE
r-release-windows-ix86+x86_64 0.7-103 2.00 25.00 27.00 NOTE
r-oldrel-windows-ix86+x86_64 0.7-103 5.00 27.00 32.00 NOTE

Check Details

Version: 0.7-103
Check: dependencies in R code
Result: NOTE
    Package in Depends field not imported from: ‘methods’
     These packages need to be imported from (in the NAMESPACE file)
     for when this namespace is loaded but not attached.
    See the information on DESCRIPTION files in the chapter ‘Creating R
    packages’ of the ‘Writing R Extensions’ manual.
Flavors: r-devel-linux-x86_64-debian-clang, r-devel-linux-x86_64-debian-gcc, r-devel-linux-x86_64-fedora-clang, r-devel-linux-x86_64-fedora-gcc, r-devel-osx-x86_64-clang, r-devel-windows-ix86+x86_64, r-patched-linux-x86_64, r-patched-solaris-sparc, r-patched-solaris-x86, r-release-linux-ix86, r-release-linux-x86_64, r-release-osx-x86_64-mavericks, r-release-windows-ix86+x86_64, r-oldrel-windows-ix86+x86_64