CRAN Package Check Results for Package logging

Last updated on 2017-10-19 12:49:32.

Flavor Version Tinstall Tcheck Ttotal Status Flags
r-devel-linux-x86_64-debian-clang 0.7-103 0.87 12.90 13.77 NOTE
r-devel-linux-x86_64-debian-gcc 0.7-103 1.25 14.33 15.58 NOTE
r-devel-linux-x86_64-fedora-clang 0.7-103 24.62 NOTE
r-devel-linux-x86_64-fedora-gcc 0.7-103 23.05 NOTE
r-devel-windows-ix86+x86_64 0.7-103 5.00 31.00 36.00 NOTE
r-patched-linux-x86_64 0.7-103 0.88 13.89 14.78 NOTE
r-patched-solaris-x86 0.7-103 35.90 NOTE
r-release-linux-x86_64 0.7-103 0.92 13.68 14.60 NOTE
r-release-windows-ix86+x86_64 0.7-103 3.00 30.00 33.00 NOTE
r-release-osx-x86_64 0.7-103 NOTE
r-oldrel-windows-ix86+x86_64 0.7-103 5.00 34.00 39.00 NOTE
r-oldrel-osx-x86_64 0.7-103 NOTE

Check Details

Version: 0.7-103
Check: dependencies in R code
Result: NOTE
    Package in Depends field not imported from: ‘methods’
     These packages need to be imported from (in the NAMESPACE file)
     for when this namespace is loaded but not attached.
Flavors: r-devel-linux-x86_64-debian-clang, r-devel-linux-x86_64-debian-gcc, r-devel-linux-x86_64-fedora-clang, r-devel-linux-x86_64-fedora-gcc, r-devel-windows-ix86+x86_64, r-patched-linux-x86_64, r-patched-solaris-x86, r-release-linux-x86_64, r-release-windows-ix86+x86_64, r-release-osx-x86_64, r-oldrel-windows-ix86+x86_64, r-oldrel-osx-x86_64

Version: 0.7-103
Check: S3 generic/method consistency
Result: NOTE
    Found the following apparent S3 methods exported but not registered:
     updateOptions.environment
    See section ‘Registering S3 methods’ in the ‘Writing R Extensions’
    manual.
Flavors: r-devel-linux-x86_64-debian-clang, r-devel-linux-x86_64-debian-gcc, r-devel-linux-x86_64-fedora-clang, r-devel-linux-x86_64-fedora-gcc, r-patched-linux-x86_64, r-patched-solaris-x86, r-release-linux-x86_64

Version: 0.7-103
Check: R code for possible problems
Result: NOTE
    Logger: no visible global function definition for ‘new’
    Undefined global functions or variables:
     new
    Consider adding
     importFrom("methods", "new")
    to your NAMESPACE file (and ensure that your DESCRIPTION Imports field
    contains 'methods').
Flavors: r-devel-linux-x86_64-debian-clang, r-devel-linux-x86_64-debian-gcc, r-devel-linux-x86_64-fedora-clang, r-devel-linux-x86_64-fedora-gcc, r-devel-windows-ix86+x86_64, r-patched-linux-x86_64, r-patched-solaris-x86, r-release-linux-x86_64, r-release-windows-ix86+x86_64, r-release-osx-x86_64, r-oldrel-windows-ix86+x86_64, r-oldrel-osx-x86_64