CRAN Package Check Results for Package logging

Last updated on 2015-01-29 07:48:49.

Flavor Version Tinstall Tcheck Ttotal Status Flags
r-devel-linux-x86_64-debian-clang 0.7-103 0.82 11.02 11.83 NOTE
r-devel-linux-x86_64-debian-gcc 0.7-103 0.72 10.55 11.28 NOTE
r-devel-linux-x86_64-fedora-clang 0.7-103 24.74 NOTE
r-devel-linux-x86_64-fedora-gcc 0.7-103 24.19 NOTE
r-devel-osx-x86_64-clang 0.7-103 27.47 NOTE
r-devel-windows-ix86+x86_64 0.7-103 3.00 20.00 23.00 NOTE
r-patched-linux-x86_64 0.7-103 0.91 11.29 12.20 NOTE
r-patched-solaris-sparc 0.7-103 142.00 NOTE
r-patched-solaris-x86 0.7-103 38.10 NOTE
r-release-linux-ix86 0.7-103 1.03 17.24 18.27 NOTE
r-release-linux-x86_64 0.7-103 0.72 11.36 12.08 NOTE
r-release-osx-x86_64-mavericks 0.7-103 NOTE
r-release-windows-ix86+x86_64 0.7-103 2.00 19.00 21.00 NOTE
r-oldrel-windows-ix86+x86_64 0.7-103 3.00 19.00 22.00 NOTE

Check Details

Version: 0.7-103
Check: dependencies in R code
Result: NOTE
    Package in Depends field not imported from: ‘methods’
     These packages need to be imported from (in the NAMESPACE file)
     for when this namespace is loaded but not attached.
Flavors: r-devel-linux-x86_64-debian-clang, r-devel-linux-x86_64-debian-gcc, r-devel-linux-x86_64-fedora-clang, r-devel-linux-x86_64-fedora-gcc, r-devel-osx-x86_64-clang, r-devel-windows-ix86+x86_64

Version: 0.7-103
Check: S3 generic/method consistency
Result: NOTE
    Found the following apparent S3 methods exported but not registered:
     updateOptions.environment
    See section ‘Registering S3 methods’ in the ‘Writing R Extensions’
    manual.
Flavors: r-devel-linux-x86_64-debian-clang, r-devel-linux-x86_64-debian-gcc, r-devel-linux-x86_64-fedora-clang, r-devel-linux-x86_64-fedora-gcc, r-devel-osx-x86_64-clang

Version: 0.7-103
Check: dependencies in R code
Result: NOTE
    Package in Depends field not imported from: ‘methods’
     These packages need to be imported from (in the NAMESPACE file)
     for when this namespace is loaded but not attached.
    See the information on DESCRIPTION files in the chapter ‘Creating R
    packages’ of the ‘Writing R Extensions’ manual.
Flavors: r-patched-linux-x86_64, r-patched-solaris-sparc, r-patched-solaris-x86, r-release-linux-ix86, r-release-linux-x86_64, r-release-osx-x86_64-mavericks, r-release-windows-ix86+x86_64, r-oldrel-windows-ix86+x86_64