CRAN Package Check Results for Package logging

Last updated on 2016-09-30 06:47:34.

Flavor Version Tinstall Tcheck Ttotal Status Flags
r-devel-linux-x86_64-debian-clang 0.7-103 0.81 12.73 13.54 NOTE
r-devel-linux-x86_64-debian-gcc 0.7-103 0.72 12.44 13.15 NOTE
r-devel-linux-x86_64-fedora-clang 0.7-103 22.19 NOTE
r-devel-linux-x86_64-fedora-gcc 0.7-103 18.22 NOTE
r-devel-macos-x86_64-clang 0.7-103 17.48 NOTE
r-devel-windows-ix86+x86_64 0.7-103 4.00 36.00 40.00 NOTE
r-patched-linux-x86_64 0.7-103 0.68 11.05 11.72 NOTE
r-patched-solaris-sparc 0.7-103 124.80 NOTE
r-patched-solaris-x86 0.7-103 28.30 NOTE
r-release-linux-x86_64 0.7-103 0.69 11.22 11.91 NOTE
r-release-osx-x86_64-mavericks 0.7-103 NOTE
r-release-windows-ix86+x86_64 0.7-103 2.00 30.00 32.00 NOTE
r-oldrel-windows-ix86+x86_64 0.7-103 2.00 27.00 29.00 NOTE

Check Details

Version: 0.7-103
Check: dependencies in R code
Result: NOTE
    Package in Depends field not imported from: ‘methods’
     These packages need to be imported from (in the NAMESPACE file)
     for when this namespace is loaded but not attached.
Flavors: r-devel-linux-x86_64-debian-clang, r-devel-linux-x86_64-debian-gcc, r-devel-linux-x86_64-fedora-clang, r-devel-linux-x86_64-fedora-gcc, r-devel-macos-x86_64-clang, r-devel-windows-ix86+x86_64, r-patched-linux-x86_64, r-patched-solaris-sparc, r-patched-solaris-x86, r-release-linux-x86_64, r-release-osx-x86_64-mavericks, r-release-windows-ix86+x86_64, r-oldrel-windows-ix86+x86_64

Version: 0.7-103
Check: S3 generic/method consistency
Result: NOTE
    Found the following apparent S3 methods exported but not registered:
     updateOptions.environment
    See section ‘Registering S3 methods’ in the ‘Writing R Extensions’
    manual.
Flavors: r-devel-linux-x86_64-debian-clang, r-devel-linux-x86_64-debian-gcc, r-devel-linux-x86_64-fedora-clang, r-devel-linux-x86_64-fedora-gcc, r-devel-macos-x86_64-clang, r-patched-linux-x86_64, r-patched-solaris-sparc, r-patched-solaris-x86, r-release-linux-x86_64

Version: 0.7-103
Check: R code for possible problems
Result: NOTE
    Logger: no visible global function definition for ‘new’
    Undefined global functions or variables:
     new
    Consider adding
     importFrom("methods", "new")
    to your NAMESPACE file (and ensure that your DESCRIPTION Imports field
    contains 'methods').
Flavors: r-devel-linux-x86_64-debian-clang, r-devel-linux-x86_64-debian-gcc, r-devel-linux-x86_64-fedora-clang, r-devel-linux-x86_64-fedora-gcc, r-devel-macos-x86_64-clang, r-devel-windows-ix86+x86_64, r-patched-linux-x86_64, r-patched-solaris-sparc, r-patched-solaris-x86, r-release-linux-x86_64, r-release-osx-x86_64-mavericks, r-release-windows-ix86+x86_64