CRAN Package Check Results for Package logging

Last updated on 2014-07-25 21:47:54.

Flavor Version Tinstall Tcheck Ttotal Status Flags
r-devel-linux-x86_64-debian-clang 0.7-103 0.93 11.33 12.26 NOTE
r-devel-linux-x86_64-debian-gcc 0.7-103 0.72 11.08 11.79 NOTE
r-devel-linux-x86_64-fedora-clang 0.7-103 25.07 NOTE
r-devel-linux-x86_64-fedora-gcc 0.7-103 23.91 NOTE
r-devel-osx-x86_64-clang 0.7-103 27.68 NOTE
r-devel-windows-ix86+x86_64 0.7-103 3.00 17.00 20.00 NOTE
r-patched-linux-x86_64 0.7-103 0.73 11.03 11.76 NOTE
r-patched-solaris-sparc 0.7-103 150.10 NOTE
r-patched-solaris-x86 0.7-103 37.50 NOTE
r-release-linux-ix86 0.7-103 1.07 17.94 19.02 NOTE
r-release-linux-x86_64 0.7-103 0.81 11.29 12.10 NOTE
r-release-osx-x86_64-mavericks 0.7-103 NOTE
r-release-windows-ix86+x86_64 0.7-103 3.00 20.00 23.00 NOTE
r-oldrel-windows-ix86+x86_64 0.7-103 2.00 19.00 21.00 NOTE

Check Details

Version: 0.7-103
Check: dependencies in R code
Result: NOTE
    Package in Depends field not imported from: ‘methods’
     These packages need to be imported from (in the NAMESPACE file)
     for when this namespace is loaded but not attached.
    See the information on DESCRIPTION files in the chapter ‘Creating R
    packages’ of the ‘Writing R Extensions’ manual.
Flavors: r-devel-linux-x86_64-debian-clang, r-devel-linux-x86_64-debian-gcc, r-devel-linux-x86_64-fedora-clang, r-devel-linux-x86_64-fedora-gcc, r-devel-osx-x86_64-clang, r-devel-windows-ix86+x86_64, r-patched-linux-x86_64, r-patched-solaris-sparc, r-patched-solaris-x86, r-release-linux-ix86, r-release-linux-x86_64, r-release-osx-x86_64-mavericks, r-release-windows-ix86+x86_64, r-oldrel-windows-ix86+x86_64