CRAN Package Check Results for Package logging

Last updated on 2014-04-18 18:47:15.

Flavor Version Tinstall Tcheck Ttotal Status Flags
r-devel-linux-x86_64-debian-clang 0.7-103 0.77 11.75 12.52 NOTE
r-devel-linux-x86_64-debian-gcc NOTE
r-devel-linux-x86_64-fedora-clang 0.7-103 26.11 NOTE
r-devel-linux-x86_64-fedora-gcc 0.7-103 24.28 NOTE
r-devel-macosx-x86_64-clang 0.7-103 27.56 NOTE
r-devel-macosx-x86_64-gcc 0.7-103 NOTE
r-devel-windows-ix86+x86_64 0.7-103 2.00 20.00 22.00 NOTE
r-patched-linux-x86_64 0.7-103 0.84 12.05 12.89 NOTE
r-patched-solaris-sparc 0.7-103 150.10 NOTE
r-patched-solaris-x86 0.7-103 38.60 NOTE
r-release-linux-ix86 0.7-103 2.00 25.00 27.00 NOTE
r-release-linux-x86_64 0.7-103 0.79 12.02 12.81 NOTE
r-release-windows-ix86+x86_64 0.7-103 5.00 26.00 31.00 NOTE
r-oldrel-windows-ix86+x86_64 0.7-103 2.00 19.00 21.00 NOTE

Check Details

Version: 0.7-103
Check: dependencies in R code
Result: NOTE
    Package in Depends field not imported from: ‘methods’
     These packages need to be imported from (in the NAMESPACE file)
     for when this namespace is loaded but not attached.
    See the information on DESCRIPTION files in the chapter ‘Creating R
    packages’ of the ‘Writing R Extensions’ manual.
Flavors: r-devel-linux-x86_64-debian-clang, r-devel-linux-x86_64-debian-gcc, r-devel-linux-x86_64-fedora-clang, r-devel-linux-x86_64-fedora-gcc, r-devel-macosx-x86_64-clang, r-devel-macosx-x86_64-gcc, r-devel-windows-ix86+x86_64, r-patched-linux-x86_64, r-patched-solaris-sparc, r-patched-solaris-x86, r-release-linux-ix86, r-release-linux-x86_64, r-release-windows-ix86+x86_64, r-oldrel-windows-ix86+x86_64

Version: 0.7-103
Check: package dependencies
Result: NOTE
    Package suggested but not available for checking: ‘XML’
Flavor: r-devel-macosx-x86_64-gcc