CRAN Package Check Results for Package logging

Last updated on 2017-06-27 16:46:52.

Flavor Version Tinstall Tcheck Ttotal Status Flags
r-devel-linux-x86_64-debian-clang 0.7-103 0.90 13.72 14.62 NOTE
r-devel-linux-x86_64-debian-gcc 0.7-103 1.00 13.71 14.71 NOTE
r-devel-linux-x86_64-fedora-clang 0.7-103 23.04 NOTE
r-devel-linux-x86_64-fedora-gcc 0.7-103 22.23 NOTE
r-devel-windows-ix86+x86_64 0.7-103 3.00 29.00 32.00 NOTE
r-patched-linux-x86_64 0.7-103 0.95 12.95 13.89 NOTE
r-patched-solaris-sparc 0.7-103 140.30 NOTE
r-patched-solaris-x86 0.7-103 34.30 NOTE
r-release-linux-x86_64 0.7-103 0.90 12.81 13.70 NOTE
r-release-windows-ix86+x86_64 0.7-103 5.00 30.00 35.00 NOTE
r-release-osx-x86_64 0.7-103 NOTE
r-oldrel-windows-ix86+x86_64 0.7-103 5.00 34.00 39.00 NOTE
r-oldrel-osx-x86_64 0.7-103 NOTE

Check Details

Version: 0.7-103
Check: dependencies in R code
Result: NOTE
    Package in Depends field not imported from: ‘methods’
     These packages need to be imported from (in the NAMESPACE file)
     for when this namespace is loaded but not attached.
Flavors: r-devel-linux-x86_64-debian-clang, r-devel-linux-x86_64-debian-gcc, r-devel-linux-x86_64-fedora-clang, r-devel-linux-x86_64-fedora-gcc, r-devel-windows-ix86+x86_64, r-patched-linux-x86_64, r-patched-solaris-sparc, r-patched-solaris-x86, r-release-linux-x86_64, r-release-windows-ix86+x86_64, r-release-osx-x86_64, r-oldrel-windows-ix86+x86_64, r-oldrel-osx-x86_64

Version: 0.7-103
Check: S3 generic/method consistency
Result: NOTE
    Found the following apparent S3 methods exported but not registered:
     updateOptions.environment
    See section ‘Registering S3 methods’ in the ‘Writing R Extensions’
    manual.
Flavors: r-devel-linux-x86_64-debian-clang, r-devel-linux-x86_64-debian-gcc, r-devel-linux-x86_64-fedora-clang, r-devel-linux-x86_64-fedora-gcc, r-patched-linux-x86_64, r-patched-solaris-sparc, r-patched-solaris-x86, r-release-linux-x86_64

Version: 0.7-103
Check: R code for possible problems
Result: NOTE
    Logger: no visible global function definition for ‘new’
    Undefined global functions or variables:
     new
    Consider adding
     importFrom("methods", "new")
    to your NAMESPACE file (and ensure that your DESCRIPTION Imports field
    contains 'methods').
Flavors: r-devel-linux-x86_64-debian-clang, r-devel-linux-x86_64-debian-gcc, r-devel-linux-x86_64-fedora-clang, r-devel-linux-x86_64-fedora-gcc, r-devel-windows-ix86+x86_64, r-patched-linux-x86_64, r-patched-solaris-sparc, r-patched-solaris-x86, r-release-linux-x86_64, r-release-windows-ix86+x86_64, r-release-osx-x86_64, r-oldrel-windows-ix86+x86_64, r-oldrel-osx-x86_64