CRAN Package Check Results for Package logging

Last updated on 2016-12-02 23:48:08.

Flavor Version Tinstall Tcheck Ttotal Status Flags
r-devel-linux-x86_64-debian-clang 0.7-103 0.95 12.67 13.62 NOTE
r-devel-linux-x86_64-debian-gcc 0.7-103 0.89 12.79 13.67 NOTE
r-devel-linux-x86_64-fedora-clang 0.7-103 23.90 NOTE
r-devel-linux-x86_64-fedora-gcc 0.7-103 24.99 NOTE
r-devel-macos-x86_64-clang 0.7-103 21.41 NOTE
r-devel-windows-ix86+x86_64 0.7-103 3.00 31.00 34.00 NOTE
r-patched-linux-x86_64 0.7-103 0.67 10.82 11.49 NOTE
r-patched-solaris-sparc 0.7-103 124.80 NOTE
r-patched-solaris-x86 0.7-103 29.00 NOTE
r-release-linux-x86_64 0.7-103 0.67 10.83 11.50 NOTE
r-release-osx-x86_64-mavericks 0.7-103 NOTE
r-release-windows-ix86+x86_64 0.7-103 9.00 45.00 54.00 NOTE
r-oldrel-windows-ix86+x86_64 0.7-103 7.00 32.00 39.00 NOTE

Check Details

Version: 0.7-103
Check: dependencies in R code
Result: NOTE
    Package in Depends field not imported from: ‘methods’
     These packages need to be imported from (in the NAMESPACE file)
     for when this namespace is loaded but not attached.
Flavors: r-devel-linux-x86_64-debian-clang, r-devel-linux-x86_64-debian-gcc, r-devel-linux-x86_64-fedora-clang, r-devel-linux-x86_64-fedora-gcc, r-devel-macos-x86_64-clang, r-devel-windows-ix86+x86_64, r-patched-linux-x86_64, r-patched-solaris-sparc, r-patched-solaris-x86, r-release-linux-x86_64, r-release-osx-x86_64-mavericks, r-release-windows-ix86+x86_64, r-oldrel-windows-ix86+x86_64

Version: 0.7-103
Check: S3 generic/method consistency
Result: NOTE
    Found the following apparent S3 methods exported but not registered:
     updateOptions.environment
    See section ‘Registering S3 methods’ in the ‘Writing R Extensions’
    manual.
Flavors: r-devel-linux-x86_64-debian-clang, r-devel-linux-x86_64-debian-gcc, r-devel-linux-x86_64-fedora-clang, r-devel-linux-x86_64-fedora-gcc, r-devel-macos-x86_64-clang, r-patched-linux-x86_64, r-patched-solaris-sparc, r-patched-solaris-x86, r-release-linux-x86_64

Version: 0.7-103
Check: R code for possible problems
Result: NOTE
    Logger: no visible global function definition for ‘new’
    Undefined global functions or variables:
     new
    Consider adding
     importFrom("methods", "new")
    to your NAMESPACE file (and ensure that your DESCRIPTION Imports field
    contains 'methods').
Flavors: r-devel-linux-x86_64-debian-clang, r-devel-linux-x86_64-debian-gcc, r-devel-linux-x86_64-fedora-clang, r-devel-linux-x86_64-fedora-gcc, r-devel-macos-x86_64-clang, r-devel-windows-ix86+x86_64, r-patched-linux-x86_64, r-patched-solaris-sparc, r-patched-solaris-x86, r-release-linux-x86_64, r-release-osx-x86_64-mavericks, r-release-windows-ix86+x86_64