CRAN Package Check Results for Package logistf

Last updated on 2015-07-03 23:47:39.

Flavor Version Tinstall Tcheck Ttotal Status Flags
r-devel-linux-x86_64-debian-clang 1.21 3.82 43.76 47.57 NOTE
r-devel-linux-x86_64-debian-gcc 1.21 3.84 40.06 43.90 NOTE
r-devel-linux-x86_64-fedora-clang 1.21 93.79 NOTE
r-devel-linux-x86_64-fedora-gcc 1.21 84.46 NOTE
r-devel-osx-x86_64-clang 1.21 77.54 NOTE
r-devel-windows-ix86+x86_64 1.21 19.00 82.00 101.00 NOTE
r-patched-linux-x86_64 1.21 3.89 40.86 44.75 NOTE
r-patched-solaris-sparc 1.21 566.30 NOTE
r-patched-solaris-x86 1.21 125.00 NOTE
r-release-linux-x86_64 1.21 5.00 40.82 45.82 NOTE
r-release-osx-x86_64-mavericks 1.21 NOTE
r-release-windows-ix86+x86_64 1.21 17.00 84.00 101.00 NOTE
r-oldrel-windows-ix86+x86_64 1.21 17.00 113.00 130.00 NOTE

Check Details

Version: 1.21
Check: dependencies in R code
Result: NOTE
    'library' or 'require' calls to packages already attached by Depends:
     ‘mgcv’ ‘mice’
     Please remove these calls from your code.
    Packages in Depends field not imported from:
     ‘mgcv’ ‘mice’
     These packages need to be imported from (in the NAMESPACE file)
     for when this namespace is loaded but not attached.
Flavors: r-devel-linux-x86_64-debian-clang, r-devel-linux-x86_64-debian-gcc, r-devel-linux-x86_64-fedora-clang, r-devel-linux-x86_64-fedora-gcc, r-devel-osx-x86_64-clang, r-devel-windows-ix86+x86_64, r-patched-linux-x86_64, r-patched-solaris-sparc, r-patched-solaris-x86, r-release-linux-x86_64, r-release-osx-x86_64-mavericks, r-release-windows-ix86+x86_64, r-oldrel-windows-ix86+x86_64

Version: 1.21
Check: R code for possible problems
Result: NOTE
    CLIP.confint : <anonymous>: no visible global function definition for
     ‘complete’
    CLIP.confint: no visible global function definition for ‘as.formula’
    CLIP.confint : inner.CLIP: no visible binding for global variable
     ‘grid’
    CLIP.confint : inner.CLIP: no visible global function definition for
     ‘model.matrix’
    CLIP.confint : inner.CLIP: no visible global function definition for
     ‘model.response’
    CLIP.confint : inner.CLIP: no visible global function definition for
     ‘model.frame’
    CLIP.confint : inner.CLIP: no visible global function definition for
     ‘as.formula’
    CLIP.confint : inner.CLIP: no visible global function definition for
     ‘uniroot’
    CLIP.profile : <anonymous>: no visible global function definition for
     ‘complete’
    CLIP.profile: no visible global function definition for ‘as.formula’
    CLIP.profile: no visible binding for global variable ‘grid’
    CLIP.profile: no visible global function definition for ‘model.matrix’
    CLIP.profile: no visible global function definition for
     ‘model.response’
    CLIP.profile: no visible global function definition for ‘model.frame’
    CLIP.profile: no visible global function definition for ‘qnorm’
    PVR.confint: no visible global function definition for ‘qnorm’
    add1.logistf: no visible global function definition for ‘model.frame’
    add1.logistf: no visible global function definition for ‘terms’
    add1.logistf: no visible global function definition for ‘as.formula’
    add1.logistf: no visible global function definition for ‘anova’
    add1.logistf: no visible global function definition for ‘update’
    anova.logistf: no visible global function definition for ‘pchisq’
    anova.logistf: no visible global function definition for ‘terms’
    anova.logistf: no visible global function definition for ‘as.formula’
    backward: no visible global function definition for ‘terms’
    backward: no visible global function definition for ‘drop1’
    backward: no visible global function definition for ‘as.formula’
    backward: no visible global function definition for ‘update’
    drop1.logistf: no visible global function definition for ‘terms’
    drop1.logistf: no visible global function definition for ‘as.formula’
    drop1.logistf: no visible global function definition for ‘anova’
    forward: no visible global function definition for ‘model.frame’
    forward: no visible global function definition for ‘add1’
    forward: no visible global function definition for ‘as.formula’
    forward: no visible global function definition for ‘update’
    forward: no visible global function definition for ‘terms’
    logistf: no visible global function definition for ‘model.response’
    logistf: no visible global function definition for ‘model.matrix’
    logistf: no visible global function definition for ‘model.weights’
    logistf: no visible global function definition for ‘model.offset’
    logistf: no visible global function definition for ‘pchisq’
    logistf: no visible global function definition for ‘qnorm’
    logistf: no visible global function definition for ‘qchisq’
    logistf.fit: no visible global function definition for ‘uniquecombs’
    logistf.fit.old: no visible global function definition for
     ‘uniquecombs’
    logistf.pdf: no visible global function definition for ‘pchisq’
    logistftest: no visible global function definition for ‘model.frame’
    logistftest: no visible global function definition for ‘model.response’
    logistftest: no visible global function definition for ‘model.matrix’
    logistftest: no visible global function definition for ‘model.offset’
    logistftest: no visible global function definition for ‘pchisq’
    logistpl: no visible global function definition for ‘head’
    logistpl.old: no visible global function definition for ‘lm’
    logistpl.old: no visible global function definition for ‘prcomp’
    logistpl.old: no visible global function definition for ‘predict’
    plot.logistf.profile: no visible global function definition for
     ‘density’
    plot.logistf.profile : <anonymous>: no visible global function
     definition for ‘density’
    plot.logistf.profile: no visible global function definition for ‘plot’
    plot.logistf.profile: no visible global function definition for
     ‘abline’
    plot.logistf.profile: no visible global function definition for ‘lines’
    pool.RR: no visible global function definition for ‘vcov’
    pool.RR: no visible global function definition for ‘coef’
    print.anova.logistf: no visible global function definition for
     ‘capture.output’
    print.logistf: no visible global function definition for ‘qchisq’
    print.logistf: no visible global function definition for ‘pchisq’
    profile.logistf: no visible global function definition for
     ‘model.frame’
    profile.logistf: no visible global function definition for
     ‘model.matrix’
    profile.logistf: no visible global function definition for
     ‘model.offset’
    profile.logistf: no visible global function definition for
     ‘model.weights’
    profile.logistf: no visible global function definition for ‘qchisq’
    profile.logistf: no visible global function definition for ‘qnorm’
    profile.logistf: no visible global function definition for ‘par’
    profile.logistf: no visible global function definition for ‘points’
    profile.logistf: no visible global function definition for ‘segments’
    profile.logistf: no visible global function definition for ‘axis’
    profile.logistf: no visible global function definition for ‘mtext’
    profile.logistf: no visible global function definition for ‘legend’
    profile.logistf: no visible global function definition for ‘title’
    profile.logistf: no visible global function definition for ‘pnorm’
    summary.logistf: no visible global function definition for ‘qchisq’
    summary.logistf: no visible global function definition for ‘pchisq’
    summary.logistf: no visible global function definition for ‘coef’
    terms.logistf: no visible global function definition for ‘glm’
    terms.logistf: no visible binding for global variable ‘binomial’
    terms.logistf: no visible global function definition for ‘terms’
    Undefined global functions or variables:
     abline add1 anova as.formula axis binomial capture.output coef
     complete density drop1 glm grid head legend lines lm model.frame
     model.matrix model.offset model.response model.weights mtext par
     pchisq plot pnorm points prcomp predict qchisq qnorm segments terms
     title uniquecombs uniroot update vcov
Flavors: r-devel-linux-x86_64-debian-clang, r-devel-linux-x86_64-debian-gcc, r-devel-linux-x86_64-fedora-clang, r-devel-linux-x86_64-fedora-gcc, r-devel-windows-ix86+x86_64

Version: 1.21
Check: R code for possible problems
Result: NOTE
    CLIP.confint : <anonymous>: no visible global function definition for
     ‘complete’
    CLIP.profile : <anonymous>: no visible global function definition for
     ‘complete’
    logistf.fit: no visible global function definition for ‘uniquecombs’
    logistf.fit.old: no visible global function definition for
     ‘uniquecombs’
    Undefined global functions or variables:
     complete uniquecombs
Flavor: r-devel-osx-x86_64-clang

Version: 1.21
Check: R code for possible problems
Result: NOTE
    CLIP.confint : <anonymous>: no visible global function definition for
     ‘complete’
    CLIP.profile : <anonymous>: no visible global function definition for
     ‘complete’
    logistf.fit: no visible global function definition for ‘uniquecombs’
    logistf.fit.old: no visible global function definition for
     ‘uniquecombs’
Flavors: r-patched-linux-x86_64, r-patched-solaris-sparc, r-patched-solaris-x86, r-release-linux-x86_64, r-release-osx-x86_64-mavericks, r-release-windows-ix86+x86_64, r-oldrel-windows-ix86+x86_64