CRAN Package Check Results for Package logistf

Last updated on 2014-07-22 19:47:52.

Flavor Version Tinstall Tcheck Ttotal Status Flags
r-devel-linux-x86_64-debian-clang 1.21 4.82 53.59 58.41 NOTE
r-devel-linux-x86_64-debian-gcc 1.21 5.00 53.86 58.86 NOTE
r-devel-linux-x86_64-fedora-clang 1.21 144.98 NOTE
r-devel-linux-x86_64-fedora-gcc 1.21 132.82 NOTE
r-devel-osx-x86_64-clang 1.21 108.26 NOTE
r-devel-windows-ix86+x86_64 1.21 15.00 99.00 114.00 NOTE
r-patched-linux-x86_64 1.21 5.33 53.57 58.90 NOTE
r-patched-solaris-sparc 1.21 719.50 NOTE
r-patched-solaris-x86 1.21 177.40 NOTE
r-release-linux-ix86 1.21 6.17 66.73 72.90 NOTE
r-release-linux-x86_64 1.21 5.24 54.36 59.60 NOTE
r-release-osx-x86_64-mavericks 1.21 NOTE
r-release-osx-x86_64-snowleopard 1.21 ERROR
r-release-windows-ix86+x86_64 1.21 6.00 1.00 7.00 ERROR
r-oldrel-windows-ix86+x86_64 1.21 6.00 1.00 7.00 ERROR

Check Details

Version: 1.21
Check: dependencies in R code
Result: NOTE
    'library' or 'require' calls to packages already attached by Depends:
     ‘mgcv’ ‘mice’
     Please remove these calls from your code.
    Packages in Depends field not imported from:
     ‘mgcv’ ‘mice’
     These packages need to be imported from (in the NAMESPACE file)
     for when this namespace is loaded but not attached.
    See the information on DESCRIPTION files in the chapter ‘Creating R
    packages’ of the ‘Writing R Extensions’ manual.
Flavors: r-devel-linux-x86_64-debian-clang, r-devel-linux-x86_64-debian-gcc, r-devel-linux-x86_64-fedora-clang, r-devel-linux-x86_64-fedora-gcc, r-devel-osx-x86_64-clang, r-devel-windows-ix86+x86_64, r-patched-linux-x86_64, r-patched-solaris-sparc, r-patched-solaris-x86, r-release-linux-ix86, r-release-linux-x86_64, r-release-osx-x86_64-mavericks

Version: 1.21
Check: whether package can be installed
Result: ERROR
    Installation failed.
    See ‘/Volumes/XT3/Builds/R-dev-web/QA/Simon/packages/snowleopard-x86_64/results/3.1/logistf.Rcheck/00install.out’ for details.
Flavor: r-release-osx-x86_64-snowleopard

Version: 1.21
Check: whether package can be installed
Result: ERROR
    Installation failed.
    See 'd:/Rcompile/CRANpkg/local/3.1/logistf.Rcheck/00install.out' for details.
Flavor: r-release-windows-ix86+x86_64

Version: 1.21
Check: whether package can be installed
Result: ERROR
    Installation failed.
    See 'd:/Rcompile/CRANpkg/local/3.0/logistf.Rcheck/00install.out' for details.
Flavor: r-oldrel-windows-ix86+x86_64