CRAN Package Check Results for Package logistf

Last updated on 2017-11-23 00:47:22 CET.

Flavor Version Tinstall Tcheck Ttotal Status Flags
r-devel-linux-x86_64-debian-clang 1.22 4.30 70.37 74.67 NOTE
r-devel-linux-x86_64-debian-gcc 1.22 4.72 88.83 93.54 NOTE
r-devel-linux-x86_64-fedora-clang 1.22 89.13 NOTE
r-devel-linux-x86_64-fedora-gcc 1.22 135.14 NOTE
r-devel-windows-ix86+x86_64 1.22 13.00 110.00 123.00 OK
r-patched-linux-x86_64 1.22 3.94 48.38 52.32 NOTE
r-patched-solaris-x86 1.22 146.40 OK
r-release-linux-x86_64 1.22 3.84 48.69 52.53 NOTE
r-release-windows-ix86+x86_64 1.22 13.00 111.00 124.00 OK
r-release-osx-x86_64 1.22 OK
r-oldrel-windows-ix86+x86_64 1.22 13.00 115.00 128.00 OK
r-oldrel-osx-x86_64 1.22 OK

Check Details

Version: 1.22
Check: compiled code
Result: NOTE
    File ‘logistf/libs/logistf.so’:
     Found no calls to: ‘R_registerRoutines’, ‘R_useDynamicSymbols’
    
    It is good practice to register native routines and to disable symbol
    search.
    
    See ‘Writing portable packages’ in the ‘Writing R Extensions’ manual.
Flavors: r-devel-linux-x86_64-debian-clang, r-devel-linux-x86_64-debian-gcc, r-devel-linux-x86_64-fedora-clang, r-devel-linux-x86_64-fedora-gcc, r-patched-linux-x86_64, r-release-linux-x86_64