CRAN Package Check Results for Package logistf

Last updated on 2018-04-24 00:47:03 CEST.

Flavor Version Tinstall Tcheck Ttotal Status Flags
r-devel-linux-x86_64-debian-clang 1.22 8.01 69.31 77.32 NOTE
r-devel-linux-x86_64-debian-gcc 1.22 7.02 58.81 65.83 NOTE
r-devel-linux-x86_64-fedora-clang 1.22 103.57 NOTE
r-devel-linux-x86_64-fedora-gcc 1.22 97.35 NOTE
r-devel-windows-ix86+x86_64 1.22 20.00 116.00 136.00 OK
r-devel-osx-x86_64 1.22 OK
r-patched-linux-x86_64 1.22 5.61 74.11 79.72 NOTE
r-patched-solaris-x86 1.22 145.20 OK
r-release-linux-x86_64 1.22 8.50 73.67 82.17 NOTE
r-release-windows-ix86+x86_64 1.22 13.00 157.00 170.00 OK
r-release-osx-x86_64 1.22 OK
r-oldrel-windows-ix86+x86_64 1.22 11.00 155.00 166.00 OK

Check Details

Version: 1.22
Check: compiled code
Result: NOTE
    File ‘logistf/libs/logistf.so’:
     Found no calls to: ‘R_registerRoutines’, ‘R_useDynamicSymbols’
    
    It is good practice to register native routines and to disable symbol
    search.
    
    See ‘Writing portable packages’ in the ‘Writing R Extensions’ manual.
Flavors: r-devel-linux-x86_64-debian-clang, r-devel-linux-x86_64-debian-gcc, r-devel-linux-x86_64-fedora-clang, r-devel-linux-x86_64-fedora-gcc, r-patched-linux-x86_64, r-release-linux-x86_64