CRAN Package Check Results for Package logistf

Last updated on 2014-04-18 01:47:48.

Flavor Version Tinstall Tcheck Ttotal Status Flags
r-devel-linux-x86_64-debian-clang 1.21 5.01 55.67 60.68 NOTE
r-devel-linux-x86_64-debian-gcc 1.21 5.59 55.61 61.20 NOTE
r-devel-linux-x86_64-fedora-clang 1.21 137.04 NOTE
r-devel-linux-x86_64-fedora-gcc 1.21 133.72 NOTE
r-devel-macosx-x86_64-clang 1.21 111.71 NOTE
r-devel-macosx-x86_64-gcc 1.21 NOTE
r-devel-windows-ix86+x86_64 1.21 16.00 97.00 113.00 NOTE
r-patched-linux-x86_64 1.21 5.60 56.57 62.17 NOTE
r-patched-solaris-sparc 1.21 719.50 NOTE
r-patched-solaris-x86 1.21 172.10 NOTE
r-release-linux-ix86 1.21 11.00 88.00 99.00 NOTE
r-release-linux-x86_64 1.21 5.58 55.66 61.24 NOTE
r-release-macosx-x86_64 1.21 ERROR
r-release-windows-ix86+x86_64 1.21 17.00 96.00 113.00 NOTE
r-oldrel-windows-ix86+x86_64 1.21 15.00 96.00 111.00 NOTE

Check Details

Version: 1.21
Check: dependencies in R code
Result: NOTE
    'library' or 'require' calls to packages already attached by Depends:
     ‘mgcv’ ‘mice’
     Please remove these calls from your code.
    Packages in Depends field not imported from:
     ‘mgcv’ ‘mice’
     These packages need to be imported from (in the NAMESPACE file)
     for when this namespace is loaded but not attached.
    See the information on DESCRIPTION files in the chapter ‘Creating R
    packages’ of the ‘Writing R Extensions’ manual.
Flavors: r-devel-linux-x86_64-debian-clang, r-devel-linux-x86_64-debian-gcc, r-devel-linux-x86_64-fedora-clang, r-devel-linux-x86_64-fedora-gcc, r-devel-macosx-x86_64-clang, r-devel-macosx-x86_64-gcc, r-devel-windows-ix86+x86_64, r-patched-linux-x86_64, r-patched-solaris-sparc, r-patched-solaris-x86, r-release-linux-ix86, r-release-linux-x86_64, r-release-windows-ix86+x86_64, r-oldrel-windows-ix86+x86_64

Version: 1.21
Check: whether package can be installed
Result: ERROR
    Installation failed.
    See ‘/Volumes/XT3/Builds/R-dev-web/QA/Simon/packages/snowleopard-x86_64/results/3.1/logistf.Rcheck/00install.out’ for details.
Flavor: r-release-macosx-x86_64