CRAN Package Check Results for Package logistf

Last updated on 2017-04-24 10:47:26.

Flavor Version Tinstall Tcheck Ttotal Status Flags
r-devel-linux-x86_64-debian-clang 1.22 4.72 48.95 53.67 NOTE
r-devel-linux-x86_64-debian-gcc 1.22 3.92 48.14 52.06 NOTE
r-devel-linux-x86_64-fedora-clang 1.22 108.48 NOTE --no-stop-on-test-error
r-devel-linux-x86_64-fedora-gcc 1.22 102.79 NOTE --no-stop-on-test-error
r-devel-windows-ix86+x86_64 1.22 20.00 154.00 174.00 OK
r-patched-linux-x86_64 1.22 3.83 46.44 50.26 NOTE
r-patched-solaris-sparc 1.22 633.00 OK
r-patched-solaris-x86 1.22 148.10 OK
r-release-linux-x86_64 1.22 3.80 47.38 51.18 NOTE
r-release-windows-ix86+x86_64 1.22 13.00 127.00 140.00 OK
r-release-osx-x86_64 1.22 OK
r-oldrel-windows-ix86+x86_64 1.22 12.00 100.00 112.00 OK
r-oldrel-osx-x86_64 1.22 OK

Check Details

Version: 1.22
Check: compiled code
Result: NOTE
    File ‘logistf/libs/logistf.so’:
     Found no calls to: ‘R_registerRoutines’, ‘R_useDynamicSymbols’
    
    It is good practice to register native routines and to disable symbol
    search.
    
    See ‘Writing portable packages’ in the ‘Writing R Extensions’ manual.
Flavors: r-devel-linux-x86_64-debian-clang, r-devel-linux-x86_64-debian-gcc, r-patched-linux-x86_64, r-release-linux-x86_64

Version: 1.22
Flags: --no-stop-on-test-error
Check: compiled code
Result: NOTE
    File ‘logistf/libs/logistf.so’:
     Found no calls to: ‘R_registerRoutines’, ‘R_useDynamicSymbols’
    
    It is good practice to register native routines and to disable symbol
    search.
    
    See ‘Writing portable packages’ in the ‘Writing R Extensions’ manual.
Flavors: r-devel-linux-x86_64-fedora-clang, r-devel-linux-x86_64-fedora-gcc