CRAN Package Check Results for Package logistf

Last updated on 2015-03-01 19:48:07.

Flavor Version Tinstall Tcheck Ttotal Status Flags
r-devel-linux-x86_64-debian-clang 1.21 3.98 41.78 45.76 NOTE
r-devel-linux-x86_64-debian-gcc 1.21 3.90 40.53 44.43 NOTE
r-devel-linux-x86_64-fedora-clang 1.21 96.16 NOTE
r-devel-linux-x86_64-fedora-gcc 1.21 90.72 NOTE
r-devel-osx-x86_64-clang 1.21 87.17 NOTE
r-devel-windows-ix86+x86_64 1.21 14.00 83.00 97.00 NOTE
r-patched-linux-x86_64 1.21 5.46 54.06 59.52 NOTE
r-patched-solaris-sparc 1.21 694.90 NOTE
r-patched-solaris-x86 1.21 171.60 NOTE
r-release-linux-ix86 1.21 5.92 63.84 69.77 NOTE
r-release-linux-x86_64 1.21 5.57 56.25 61.82 NOTE
r-release-osx-x86_64-mavericks 1.21 NOTE
r-release-osx-x86_64-snowleopard 1.21 ERROR
r-release-windows-ix86+x86_64 1.21 15.00 107.00 122.00 NOTE
r-oldrel-windows-ix86+x86_64 1.21 16.00 109.00 125.00 NOTE

Check Details

Version: 1.21
Check: dependencies in R code
Result: NOTE
    'library' or 'require' calls to packages already attached by Depends:
     ‘mgcv’ ‘mice’
     Please remove these calls from your code.
    Packages in Depends field not imported from:
     ‘mgcv’ ‘mice’
     These packages need to be imported from (in the NAMESPACE file)
     for when this namespace is loaded but not attached.
Flavors: r-devel-linux-x86_64-debian-clang, r-devel-linux-x86_64-debian-gcc, r-devel-linux-x86_64-fedora-clang, r-devel-linux-x86_64-fedora-gcc, r-devel-osx-x86_64-clang, r-devel-windows-ix86+x86_64, r-patched-linux-x86_64, r-patched-solaris-x86

Version: 1.21
Check: R code for possible problems
Result: NOTE
    CLIP.confint : <anonymous>: no visible global function definition for
     ‘complete’
    CLIP.profile : <anonymous>: no visible global function definition for
     ‘complete’
    logistf.fit: no visible global function definition for ‘uniquecombs’
    logistf.fit.old: no visible global function definition for
     ‘uniquecombs’
Flavors: r-devel-linux-x86_64-debian-clang, r-devel-linux-x86_64-debian-gcc, r-devel-linux-x86_64-fedora-clang, r-devel-linux-x86_64-fedora-gcc, r-devel-osx-x86_64-clang, r-devel-windows-ix86+x86_64, r-patched-linux-x86_64, r-patched-solaris-sparc, r-patched-solaris-x86, r-release-linux-ix86, r-release-linux-x86_64, r-release-osx-x86_64-mavericks, r-release-windows-ix86+x86_64

Version: 1.21
Check: dependencies in R code
Result: NOTE
    'library' or 'require' calls to packages already attached by Depends:
     ‘mgcv’ ‘mice’
     Please remove these calls from your code.
    Packages in Depends field not imported from:
     ‘mgcv’ ‘mice’
     These packages need to be imported from (in the NAMESPACE file)
     for when this namespace is loaded but not attached.
    See the information on DESCRIPTION files in the chapter ‘Creating R
    packages’ of the ‘Writing R Extensions’ manual.
Flavors: r-patched-solaris-sparc, r-release-linux-ix86, r-release-linux-x86_64, r-release-osx-x86_64-mavericks, r-release-windows-ix86+x86_64, r-oldrel-windows-ix86+x86_64

Version: 1.21
Check: whether package can be installed
Result: ERROR
    Installation failed.
Flavor: r-release-osx-x86_64-snowleopard