CRAN Package Check Results for Package logistf

Last updated on 2014-10-31 16:47:43.

Flavor Version Tinstall Tcheck Ttotal Status Flags
r-devel-linux-x86_64-debian-clang 1.21 5.22 51.89 57.12 NOTE
r-devel-linux-x86_64-debian-gcc 1.21 4.89 50.50 55.39 NOTE
r-devel-linux-x86_64-fedora-clang 1.21 127.48 NOTE
r-devel-linux-x86_64-fedora-gcc 1.21 128.74 NOTE
r-devel-osx-x86_64-clang 1.21 107.78 NOTE
r-devel-windows-ix86+x86_64 1.21 15.00 96.00 111.00 NOTE
r-patched-linux-x86_64 1.21 5.12 53.30 58.42 NOTE
r-patched-solaris-sparc 1.21 708.60 NOTE
r-patched-solaris-x86 1.21 170.40 NOTE
r-release-linux-ix86 1.21 6.13 67.73 73.86 NOTE
r-release-linux-x86_64 1.21 5.25 55.55 60.80 NOTE
r-release-osx-x86_64-mavericks 1.21 NOTE
r-release-osx-x86_64-snowleopard 1.21 ERROR
r-release-windows-ix86+x86_64 1.21 16.00 105.00 121.00 NOTE
r-oldrel-windows-ix86+x86_64 1.21 16.00 108.00 124.00 NOTE

Check Details

Version: 1.21
Check: dependencies in R code
Result: NOTE
    'library' or 'require' calls to packages already attached by Depends:
     ‘mgcv’ ‘mice’
     Please remove these calls from your code.
    Packages in Depends field not imported from:
     ‘mgcv’ ‘mice’
     These packages need to be imported from (in the NAMESPACE file)
     for when this namespace is loaded but not attached.
    See the information on DESCRIPTION files in the chapter ‘Creating R
    packages’ of the ‘Writing R Extensions’ manual.
Flavors: r-devel-linux-x86_64-debian-clang, r-devel-linux-x86_64-debian-gcc, r-devel-linux-x86_64-fedora-clang, r-devel-linux-x86_64-fedora-gcc, r-devel-osx-x86_64-clang, r-devel-windows-ix86+x86_64, r-patched-linux-x86_64, r-patched-solaris-sparc, r-patched-solaris-x86, r-release-linux-ix86, r-release-linux-x86_64, r-release-osx-x86_64-mavericks, r-release-windows-ix86+x86_64, r-oldrel-windows-ix86+x86_64

Version: 1.21
Check: R code for possible problems
Result: NOTE
    CLIP.confint : <anonymous>: no visible global function definition for
     ‘complete’
    CLIP.profile : <anonymous>: no visible global function definition for
     ‘complete’
    logistf.fit: no visible global function definition for ‘uniquecombs’
    logistf.fit.old: no visible global function definition for
     ‘uniquecombs’
Flavors: r-devel-linux-x86_64-debian-clang, r-devel-linux-x86_64-debian-gcc, r-devel-linux-x86_64-fedora-clang, r-devel-linux-x86_64-fedora-gcc, r-devel-osx-x86_64-clang, r-devel-windows-ix86+x86_64, r-patched-linux-x86_64, r-patched-solaris-sparc, r-patched-solaris-x86

Version: 1.21
Check: whether package can be installed
Result: ERROR
    Installation failed.
Flavor: r-release-osx-x86_64-snowleopard