CRAN Package Check Results for Package logistf

Last updated on 2014-12-21 09:51:30.

Flavor Version Tinstall Tcheck Ttotal Status Flags
r-devel-linux-x86_64-debian-clang 1.21 5.13 52.56 57.68 NOTE
r-devel-linux-x86_64-debian-gcc 1.21 4.86 50.44 55.30 NOTE
r-devel-linux-x86_64-fedora-clang 1.21 133.95 NOTE
r-devel-linux-x86_64-fedora-gcc 1.21 116.89 NOTE
r-devel-osx-x86_64-clang 1.21 111.30 NOTE
r-devel-windows-ix86+x86_64 1.21 18.00 104.00 122.00 NOTE
r-patched-linux-x86_64 1.21 5.08 53.57 58.65 NOTE
r-patched-solaris-sparc 1.21 708.60 NOTE
r-patched-solaris-x86 1.21 171.40 NOTE
r-release-linux-ix86 1.21 5.82 63.20 69.02 NOTE
r-release-linux-x86_64 1.21 5.05 54.41 59.46 NOTE
r-release-osx-x86_64-mavericks 1.21 NOTE
r-release-osx-x86_64-snowleopard 1.21 ERROR
r-release-windows-ix86+x86_64 1.21 17.00 106.00 123.00 NOTE
r-oldrel-windows-ix86+x86_64 1.21 15.00 103.00 118.00 NOTE

Check Details

Version: 1.21
Check: dependencies in R code
Result: NOTE
    'library' or 'require' calls to packages already attached by Depends:
     ‘mgcv’ ‘mice’
     Please remove these calls from your code.
    Packages in Depends field not imported from:
     ‘mgcv’ ‘mice’
     These packages need to be imported from (in the NAMESPACE file)
     for when this namespace is loaded but not attached.
    See the information on DESCRIPTION files in the chapter ‘Creating R
    packages’ of the ‘Writing R Extensions’ manual.
Flavors: r-devel-linux-x86_64-debian-clang, r-devel-linux-x86_64-debian-gcc, r-devel-linux-x86_64-fedora-clang, r-devel-linux-x86_64-fedora-gcc, r-devel-osx-x86_64-clang, r-devel-windows-ix86+x86_64, r-patched-linux-x86_64, r-patched-solaris-sparc, r-patched-solaris-x86, r-release-linux-ix86, r-release-linux-x86_64, r-release-osx-x86_64-mavericks, r-release-windows-ix86+x86_64, r-oldrel-windows-ix86+x86_64

Version: 1.21
Check: R code for possible problems
Result: NOTE
    CLIP.confint : <anonymous>: no visible global function definition for
     ‘complete’
    CLIP.profile : <anonymous>: no visible global function definition for
     ‘complete’
    logistf.fit: no visible global function definition for ‘uniquecombs’
    logistf.fit.old: no visible global function definition for
     ‘uniquecombs’
Flavors: r-devel-linux-x86_64-debian-clang, r-devel-linux-x86_64-debian-gcc, r-devel-linux-x86_64-fedora-clang, r-devel-linux-x86_64-fedora-gcc, r-devel-osx-x86_64-clang, r-devel-windows-ix86+x86_64, r-patched-linux-x86_64, r-patched-solaris-sparc, r-patched-solaris-x86, r-release-linux-ix86, r-release-linux-x86_64, r-release-windows-ix86+x86_64

Version: 1.21
Check: whether package can be installed
Result: ERROR
    Installation failed.
Flavor: r-release-osx-x86_64-snowleopard