CRAN Package Check Results for Package logistf

Last updated on 2015-01-25 09:51:31.

Flavor Version Tinstall Tcheck Ttotal Status Flags
r-devel-linux-x86_64-debian-clang 1.21 4.86 51.47 56.33 NOTE
r-devel-linux-x86_64-debian-gcc 1.21 4.77 49.97 54.74 NOTE
r-devel-linux-x86_64-fedora-clang 1.21 136.58 NOTE
r-devel-linux-x86_64-fedora-gcc 1.21 126.83 NOTE
r-devel-osx-x86_64-clang 1.21 110.48 NOTE
r-devel-windows-ix86+x86_64 1.21 17.00 99.00 116.00 NOTE
r-patched-linux-x86_64 1.21 5.12 53.81 58.93 NOTE
r-patched-solaris-sparc 1.21 694.90 NOTE
r-patched-solaris-x86 1.21 172.70 NOTE
r-release-linux-ix86 1.21 5.82 63.12 68.94 NOTE
r-release-linux-x86_64 1.21 5.26 53.74 59.00 NOTE
r-release-osx-x86_64-mavericks 1.21 NOTE
r-release-osx-x86_64-snowleopard 1.21 ERROR
r-release-windows-ix86+x86_64 1.21 18.00 111.00 129.00 NOTE
r-oldrel-windows-ix86+x86_64 1.21 17.00 105.00 122.00 NOTE

Check Details

Version: 1.21
Check: dependencies in R code
Result: NOTE
    'library' or 'require' calls to packages already attached by Depends:
     ‘mgcv’ ‘mice’
     Please remove these calls from your code.
    Packages in Depends field not imported from:
     ‘mgcv’ ‘mice’
     These packages need to be imported from (in the NAMESPACE file)
     for when this namespace is loaded but not attached.
Flavors: r-devel-linux-x86_64-debian-clang, r-devel-linux-x86_64-debian-gcc, r-devel-linux-x86_64-fedora-clang, r-devel-linux-x86_64-fedora-gcc, r-devel-osx-x86_64-clang, r-devel-windows-ix86+x86_64

Version: 1.21
Check: R code for possible problems
Result: NOTE
    CLIP.confint : <anonymous>: no visible global function definition for
     ‘complete’
    CLIP.profile : <anonymous>: no visible global function definition for
     ‘complete’
    logistf.fit: no visible global function definition for ‘uniquecombs’
    logistf.fit.old: no visible global function definition for
     ‘uniquecombs’
Flavors: r-devel-linux-x86_64-debian-clang, r-devel-linux-x86_64-debian-gcc, r-devel-linux-x86_64-fedora-clang, r-devel-linux-x86_64-fedora-gcc, r-devel-osx-x86_64-clang, r-devel-windows-ix86+x86_64, r-patched-linux-x86_64, r-patched-solaris-sparc, r-patched-solaris-x86, r-release-linux-ix86, r-release-linux-x86_64, r-release-osx-x86_64-mavericks, r-release-windows-ix86+x86_64

Version: 1.21
Check: dependencies in R code
Result: NOTE
    'library' or 'require' calls to packages already attached by Depends:
     ‘mgcv’ ‘mice’
     Please remove these calls from your code.
    Packages in Depends field not imported from:
     ‘mgcv’ ‘mice’
     These packages need to be imported from (in the NAMESPACE file)
     for when this namespace is loaded but not attached.
    See the information on DESCRIPTION files in the chapter ‘Creating R
    packages’ of the ‘Writing R Extensions’ manual.
Flavors: r-patched-linux-x86_64, r-patched-solaris-sparc, r-patched-solaris-x86, r-release-linux-ix86, r-release-linux-x86_64, r-release-osx-x86_64-mavericks, r-release-windows-ix86+x86_64, r-oldrel-windows-ix86+x86_64

Version: 1.21
Check: whether package can be installed
Result: ERROR
    Installation failed.
Flavor: r-release-osx-x86_64-snowleopard