CRAN Package Check Results for Package logistf

Last updated on 2017-05-25 23:52:53.

Flavor Version Tinstall Tcheck Ttotal Status Flags
r-devel-linux-x86_64-debian-clang 1.22 4.66 52.21 56.87 NOTE
r-devel-linux-x86_64-debian-gcc 1.22 3.84 46.60 50.44 NOTE
r-devel-linux-x86_64-fedora-clang 1.22 108.36 NOTE --no-stop-on-test-error
r-devel-linux-x86_64-fedora-gcc 1.22 104.28 NOTE --no-stop-on-test-error
r-devel-windows-ix86+x86_64 1.22 12.00 112.00 124.00 OK
r-patched-linux-x86_64 1.22 3.78 47.09 50.87 NOTE
r-patched-solaris-sparc 1.22 633.00 OK
r-patched-solaris-x86 1.22 148.40 OK
r-release-linux-x86_64 1.22 3.86 48.29 52.15 NOTE
r-release-windows-ix86+x86_64 1.22 18.00 122.00 140.00 OK
r-release-osx-x86_64 1.22 OK
r-oldrel-windows-ix86+x86_64 1.22 17.00 109.00 126.00 OK
r-oldrel-osx-x86_64 1.22 OK

Check Details

Version: 1.22
Check: compiled code
Result: NOTE
    File ‘logistf/libs/logistf.so’:
     Found no calls to: ‘R_registerRoutines’, ‘R_useDynamicSymbols’
    
    It is good practice to register native routines and to disable symbol
    search.
    
    See ‘Writing portable packages’ in the ‘Writing R Extensions’ manual.
Flavors: r-devel-linux-x86_64-debian-clang, r-devel-linux-x86_64-debian-gcc, r-patched-linux-x86_64, r-release-linux-x86_64

Version: 1.22
Flags: --no-stop-on-test-error
Check: compiled code
Result: NOTE
    File ‘logistf/libs/logistf.so’:
     Found no calls to: ‘R_registerRoutines’, ‘R_useDynamicSymbols’
    
    It is good practice to register native routines and to disable symbol
    search.
    
    See ‘Writing portable packages’ in the ‘Writing R Extensions’ manual.
Flavors: r-devel-linux-x86_64-fedora-clang, r-devel-linux-x86_64-fedora-gcc