CRAN Package Check Results for Package logistf

Last updated on 2017-03-26 11:53:48.

Flavor Version Tinstall Tcheck Ttotal Status Flags
r-devel-linux-x86_64-debian-clang 1.22 4.84 49.39 54.23 NOTE
r-devel-linux-x86_64-debian-gcc 1.22 3.84 50.71 54.54 NOTE
r-devel-linux-x86_64-fedora-clang 1.22 107.74 NOTE --no-stop-on-test-error
r-devel-linux-x86_64-fedora-gcc 1.22 102.11 NOTE --no-stop-on-test-error
r-devel-macos-x86_64-clang 1.22 85.57 NOTE --no-stop-on-test-error
r-patched-linux-x86_64 1.22 3.88 46.34 50.22 NOTE
r-patched-solaris-sparc 1.22 633.00 OK
r-patched-solaris-x86 1.22 155.30 OK
r-release-linux-x86_64 1.22 3.58 43.09 46.67 OK
r-release-osx-x86_64-mavericks 1.22 OK
r-release-windows-ix86+x86_64 1.22 17.00 107.00 124.00 OK
r-oldrel-windows-ix86+x86_64 1.22 14.00 109.00 123.00 OK

Check Details

Version: 1.22
Check: compiled code
Result: NOTE
    File ‘logistf/libs/logistf.so’:
     Found no calls to: ‘R_registerRoutines’, ‘R_useDynamicSymbols’
    
    It is good practice to register native routines and to disable symbol
    search.
    
    See ‘Writing portable packages’ in the ‘Writing R Extensions’ manual.
Flavors: r-devel-linux-x86_64-debian-clang, r-devel-linux-x86_64-debian-gcc, r-patched-linux-x86_64

Version: 1.22
Flags: --no-stop-on-test-error
Check: compiled code
Result: NOTE
    File ‘logistf/libs/logistf.so’:
     Found no calls to: ‘R_registerRoutines’, ‘R_useDynamicSymbols’
    
    It is good practice to register native routines and to disable symbol
    search.
    
    See ‘Writing portable packages’ in the ‘Writing R Extensions’ manual.
Flavors: r-devel-linux-x86_64-fedora-clang, r-devel-linux-x86_64-fedora-gcc, r-devel-macos-x86_64-clang