CRAN Package Check Results for Package logistf

Last updated on 2014-08-27 10:47:51.

Flavor Version Tinstall Tcheck Ttotal Status Flags
r-devel-linux-x86_64-debian-clang 1.21 4.78 51.22 55.99 NOTE
r-devel-linux-x86_64-debian-gcc 1.21 4.89 49.62 54.51 NOTE
r-devel-linux-x86_64-fedora-clang 1.21 133.00 NOTE
r-devel-linux-x86_64-fedora-gcc 1.21 127.24 NOTE
r-devel-osx-x86_64-clang 1.21 101.14 NOTE
r-devel-windows-ix86+x86_64 1.21 16.00 115.00 131.00 NOTE
r-patched-linux-x86_64 1.21 5.18 53.08 58.25 NOTE
r-patched-solaris-sparc 1.21 707.10 NOTE
r-patched-solaris-x86 1.21 179.40 NOTE
r-release-linux-ix86 1.21 6.10 66.98 73.08 NOTE
r-release-linux-x86_64 1.21 5.24 54.27 59.51 NOTE
r-release-osx-x86_64-mavericks 1.21 NOTE
r-release-osx-x86_64-snowleopard 1.21 ERROR
r-release-windows-ix86+x86_64 1.21 16.00 107.00 123.00 NOTE
r-oldrel-windows-ix86+x86_64 1.21 15.00 101.00 116.00 NOTE

Check Details

Version: 1.21
Check: dependencies in R code
Result: NOTE
    'library' or 'require' calls to packages already attached by Depends:
     ‘mgcv’ ‘mice’
     Please remove these calls from your code.
    Packages in Depends field not imported from:
     ‘mgcv’ ‘mice’
     These packages need to be imported from (in the NAMESPACE file)
     for when this namespace is loaded but not attached.
    See the information on DESCRIPTION files in the chapter ‘Creating R
    packages’ of the ‘Writing R Extensions’ manual.
Flavors: r-devel-linux-x86_64-debian-clang, r-devel-linux-x86_64-debian-gcc, r-devel-linux-x86_64-fedora-clang, r-devel-linux-x86_64-fedora-gcc, r-devel-osx-x86_64-clang, r-devel-windows-ix86+x86_64, r-patched-linux-x86_64, r-patched-solaris-sparc, r-patched-solaris-x86, r-release-linux-ix86, r-release-linux-x86_64, r-release-osx-x86_64-mavericks, r-release-windows-ix86+x86_64, r-oldrel-windows-ix86+x86_64

Version: 1.21
Check: R code for possible problems
Result: NOTE
    CLIP.confint : <anonymous>: no visible global function definition for
     ‘complete’
    CLIP.profile : <anonymous>: no visible global function definition for
     ‘complete’
    logistf.fit: no visible global function definition for ‘uniquecombs’
    logistf.fit.old: no visible global function definition for
     ‘uniquecombs’
Flavors: r-devel-linux-x86_64-debian-clang, r-devel-linux-x86_64-debian-gcc, r-devel-linux-x86_64-fedora-clang, r-devel-linux-x86_64-fedora-gcc, r-devel-osx-x86_64-clang, r-devel-windows-ix86+x86_64

Version: 1.21
Check: whether package can be installed
Result: ERROR
    Installation failed.
Flavor: r-release-osx-x86_64-snowleopard