CRAN Package Check Results for Package logistf

Last updated on 2015-05-22 09:47:38.

Flavor Version Tinstall Tcheck Ttotal Status Flags
r-devel-linux-x86_64-debian-clang 1.21 3.79 42.21 46.00 NOTE
r-devel-linux-x86_64-debian-gcc 1.21 4.16 41.07 45.23 NOTE
r-devel-linux-x86_64-fedora-clang 1.21 97.06 NOTE
r-devel-linux-x86_64-fedora-gcc 1.21 88.49 NOTE
r-devel-osx-x86_64-clang 1.21 82.24 NOTE
r-devel-windows-ix86+x86_64 1.21 19.00 85.00 104.00 NOTE
r-patched-linux-x86_64 1.21 3.88 41.86 45.74 NOTE
r-patched-solaris-sparc 1.21 545.30 NOTE
r-patched-solaris-x86 1.21 125.40 NOTE
r-release-linux-x86_64 1.21 3.94 42.43 46.37 NOTE
r-release-osx-x86_64-mavericks 1.21 NOTE
r-release-osx-x86_64-snowleopard 1.21 NOTE
r-release-windows-ix86+x86_64 1.21 12.00 84.00 96.00 NOTE
r-oldrel-windows-ix86+x86_64 1.21 18.00 105.00 123.00 NOTE

Check Details

Version: 1.21
Check: dependencies in R code
Result: NOTE
    'library' or 'require' calls to packages already attached by Depends:
     ‘mgcv’ ‘mice’
     Please remove these calls from your code.
    Packages in Depends field not imported from:
     ‘mgcv’ ‘mice’
     These packages need to be imported from (in the NAMESPACE file)
     for when this namespace is loaded but not attached.
Flavors: r-devel-linux-x86_64-debian-clang, r-devel-linux-x86_64-debian-gcc, r-devel-linux-x86_64-fedora-clang, r-devel-linux-x86_64-fedora-gcc, r-devel-osx-x86_64-clang, r-devel-windows-ix86+x86_64, r-patched-linux-x86_64, r-patched-solaris-sparc, r-patched-solaris-x86, r-release-linux-x86_64, r-release-osx-x86_64-mavericks, r-release-osx-x86_64-snowleopard, r-release-windows-ix86+x86_64, r-oldrel-windows-ix86+x86_64

Version: 1.21
Check: R code for possible problems
Result: NOTE
    CLIP.confint : <anonymous>: no visible global function definition for
     ‘complete’
    CLIP.profile : <anonymous>: no visible global function definition for
     ‘complete’
    logistf.fit: no visible global function definition for ‘uniquecombs’
    logistf.fit.old: no visible global function definition for
     ‘uniquecombs’
Flavors: r-devel-linux-x86_64-debian-clang, r-devel-linux-x86_64-debian-gcc, r-devel-linux-x86_64-fedora-clang, r-devel-linux-x86_64-fedora-gcc, r-devel-osx-x86_64-clang, r-devel-windows-ix86+x86_64, r-patched-linux-x86_64, r-patched-solaris-sparc, r-patched-solaris-x86, r-release-linux-x86_64, r-release-osx-x86_64-mavericks, r-release-osx-x86_64-snowleopard, r-release-windows-ix86+x86_64, r-oldrel-windows-ix86+x86_64