CRAN Package Check Results for Package logistf

Last updated on 2017-07-25 19:48:12.

Flavor Version Tinstall Tcheck Ttotal Status Flags
r-devel-linux-x86_64-debian-clang 1.22 4.69 55.53 60.22 NOTE
r-devel-linux-x86_64-debian-gcc 1.22 3.64 55.77 59.41 NOTE
r-devel-linux-x86_64-fedora-clang 1.22 112.33 NOTE
r-devel-linux-x86_64-fedora-gcc 1.22 107.47 NOTE
r-devel-windows-ix86+x86_64 1.22 14.00 119.00 133.00 OK
r-patched-linux-x86_64 1.22 3.85 56.46 60.31 NOTE
r-patched-solaris-x86 1.22 147.80 OK
r-release-linux-x86_64 1.22 4.01 56.18 60.19 NOTE
r-release-windows-ix86+x86_64 1.22 13.00 143.00 156.00 OK
r-release-osx-x86_64 1.22 OK
r-oldrel-windows-ix86+x86_64 1.22 11.00 112.00 123.00 OK
r-oldrel-osx-x86_64 1.22 OK

Check Details

Version: 1.22
Check: compiled code
Result: NOTE
    File ‘logistf/libs/logistf.so’:
     Found no calls to: ‘R_registerRoutines’, ‘R_useDynamicSymbols’
    
    It is good practice to register native routines and to disable symbol
    search.
    
    See ‘Writing portable packages’ in the ‘Writing R Extensions’ manual.
Flavors: r-devel-linux-x86_64-debian-clang, r-devel-linux-x86_64-debian-gcc, r-devel-linux-x86_64-fedora-clang, r-devel-linux-x86_64-fedora-gcc, r-patched-linux-x86_64, r-release-linux-x86_64