CRAN Package Check Results for Package logistf

Last updated on 2017-09-22 02:47:36.

Flavor Version Tinstall Tcheck Ttotal Status Flags
r-devel-linux-x86_64-debian-clang 1.22 4.65 49.18 53.83 NOTE
r-devel-linux-x86_64-debian-gcc 1.22 3.98 48.97 52.95 NOTE
r-devel-linux-x86_64-fedora-clang 1.22 112.17 NOTE
r-devel-linux-x86_64-fedora-gcc 1.22 108.77 NOTE
r-devel-windows-ix86+x86_64 1.22 13.00 102.00 115.00 OK
r-patched-linux-x86_64 1.22 4.03 49.09 53.12 NOTE
r-patched-solaris-x86 1.22 147.20 OK
r-release-linux-x86_64 1.22 3.94 47.89 51.83 NOTE
r-release-windows-ix86+x86_64 1.22 13.00 118.00 131.00 OK
r-release-osx-x86_64 1.22 OK
r-oldrel-windows-ix86+x86_64 1.22 12.00 95.00 107.00 OK
r-oldrel-osx-x86_64 1.22 OK

Check Details

Version: 1.22
Check: compiled code
Result: NOTE
    File ‘logistf/libs/logistf.so’:
     Found no calls to: ‘R_registerRoutines’, ‘R_useDynamicSymbols’
    
    It is good practice to register native routines and to disable symbol
    search.
    
    See ‘Writing portable packages’ in the ‘Writing R Extensions’ manual.
Flavors: r-devel-linux-x86_64-debian-clang, r-devel-linux-x86_64-debian-gcc, r-devel-linux-x86_64-fedora-clang, r-devel-linux-x86_64-fedora-gcc, r-patched-linux-x86_64, r-release-linux-x86_64