CRAN Package Check Results for Package logitnorm

Last updated on 2015-01-31 13:48:26.

Flavor Version Tinstall Tcheck Ttotal Status Flags
r-devel-linux-x86_64-debian-clang 0.8.29 0.62 10.07 10.69 NOTE
r-devel-linux-x86_64-debian-gcc 0.8.29 0.68 9.81 10.49 NOTE
r-devel-linux-x86_64-fedora-clang 0.8.29 22.72 NOTE
r-devel-linux-x86_64-fedora-gcc 0.8.29 22.27 NOTE
r-devel-osx-x86_64-clang 0.8.29 26.14 OK
r-devel-windows-ix86+x86_64 0.8.29 3.00 19.00 22.00 OK
r-patched-linux-x86_64 0.8.29 0.82 11.26 12.08 NOTE
r-patched-solaris-sparc 0.8.29 137.50 OK
r-patched-solaris-x86 0.8.29 34.70 OK
r-release-linux-ix86 0.8.29 0.94 17.36 18.30 NOTE
r-release-linux-x86_64 0.8.29 0.74 10.73 11.47 NOTE
r-release-osx-x86_64-mavericks 0.8.29 OK
r-release-windows-ix86+x86_64 0.8.29 3.00 20.00 23.00 OK
r-oldrel-windows-ix86+x86_64 0.8.29 3.00 19.00 22.00 OK

Check Details

Version: 0.8.29
Check: top-level files
Result: NOTE
    Non-standard files/directories found at top level:
     ‘_genPackage.R’ ‘scratch’
Flavors: r-devel-linux-x86_64-debian-clang, r-devel-linux-x86_64-debian-gcc, r-devel-linux-x86_64-fedora-clang, r-devel-linux-x86_64-fedora-gcc, r-patched-linux-x86_64, r-release-linux-ix86, r-release-linux-x86_64