CRAN Package Check Results for Package logitnorm

Last updated on 2022-01-20 13:50:13 CET.

Flavor Version Tinstall Tcheck Ttotal Status Flags
r-devel-linux-x86_64-debian-clang 0.8.38 NOTE
r-devel-linux-x86_64-debian-gcc 0.8.38 1.79 30.16 31.95 NOTE
r-devel-linux-x86_64-fedora-clang 0.8.38 50.78 NOTE
r-devel-linux-x86_64-fedora-gcc 0.8.38 39.44 NOTE
r-devel-windows-x86_64-new-UL 0.8.38 50.00 61.00 111.00 NOTE
r-devel-windows-x86_64-new-TK 0.8.38 NOTE
r-patched-linux-x86_64 0.8.38 2.66 35.67 38.33 NOTE
r-release-linux-x86_64 0.8.38 2.34 35.70 38.04 NOTE
r-release-macos-arm64 0.8.38 NOTE
r-release-macos-x86_64 0.8.38 NOTE
r-release-windows-ix86+x86_64 0.8.38 5.00 49.00 54.00 NOTE
r-oldrel-macos-x86_64 0.8.38 OK
r-oldrel-windows-ix86+x86_64 0.8.38 7.00 47.00 54.00 OK

Check Details

Version: 0.8.38
Check: LazyData
Result: NOTE
     'LazyData' is specified without a 'data' directory
Flavors: r-devel-linux-x86_64-debian-clang, r-devel-linux-x86_64-debian-gcc, r-devel-linux-x86_64-fedora-clang, r-devel-linux-x86_64-fedora-gcc, r-devel-windows-x86_64-new-UL, r-devel-windows-x86_64-new-TK, r-patched-linux-x86_64, r-release-linux-x86_64, r-release-macos-arm64, r-release-macos-x86_64, r-release-windows-ix86+x86_64