CRAN Package Check Results for Package logitnorm

Last updated on 2014-09-21 03:49:05.

Flavor Version Tinstall Tcheck Ttotal Status Flags
r-devel-linux-x86_64-debian-clang 0.8.29 0.71 10.32 11.03 NOTE
r-devel-linux-x86_64-debian-gcc 0.8.29 0.54 10.08 10.62 NOTE
r-devel-linux-x86_64-fedora-clang 0.8.29 21.72 NOTE
r-devel-linux-x86_64-fedora-gcc 0.8.29 20.22 NOTE
r-devel-osx-x86_64-clang 0.8.29 25.67 OK
r-devel-windows-ix86+x86_64 0.8.29 2.00 18.00 20.00 OK
r-patched-linux-x86_64 0.8.29 0.78 10.58 11.37 NOTE
r-patched-solaris-sparc 0.8.29 123.00 OK
r-patched-solaris-x86 0.8.29 32.90 OK
r-release-linux-ix86 0.8.29 0.90 16.98 17.88 OK
r-release-linux-x86_64 0.8.29 0.73 10.93 11.66 NOTE
r-release-osx-x86_64-mavericks 0.8.29 OK
r-release-windows-ix86+x86_64 0.8.29 2.00 20.00 22.00 OK
r-oldrel-windows-ix86+x86_64 0.8.29 2.00 18.00 20.00 OK

Check Details

Version: 0.8.29
Check: top-level files
Result: NOTE
    Non-standard files/directories found at top level:
     ‘_genPackage.R’ ‘scratch’
Flavors: r-devel-linux-x86_64-debian-clang, r-devel-linux-x86_64-debian-gcc, r-devel-linux-x86_64-fedora-clang, r-devel-linux-x86_64-fedora-gcc, r-patched-linux-x86_64, r-release-linux-x86_64