CRAN Package Check Results for Package logitnorm

Last updated on 2015-05-22 17:46:41.

Flavor Version Tinstall Tcheck Ttotal Status Flags
r-devel-linux-x86_64-debian-clang 0.8.29 0.60 10.39 11.00 NOTE
r-devel-linux-x86_64-debian-gcc 0.8.29 0.76 10.04 10.79 NOTE
r-devel-linux-x86_64-fedora-clang 0.8.29 20.52 NOTE
r-devel-linux-x86_64-fedora-gcc 0.8.29 19.72 NOTE
r-devel-osx-x86_64-clang 0.8.29 23.84 NOTE
r-devel-windows-ix86+x86_64 0.8.29 3.00 18.00 21.00 NOTE
r-patched-linux-x86_64 0.8.29 0.63 10.67 11.30 NOTE
r-patched-solaris-sparc 0.8.29 117.60 NOTE
r-patched-solaris-x86 0.8.29 30.70 NOTE
r-release-linux-x86_64 0.8.29 0.71 10.57 11.28 NOTE
r-release-osx-x86_64-mavericks 0.8.29 NOTE
r-release-osx-x86_64-snowleopard 0.8.29 NOTE
r-release-windows-ix86+x86_64 0.8.29 2.00 20.00 22.00 NOTE
r-oldrel-windows-ix86+x86_64 0.8.29 4.00 22.00 26.00 OK

Check Details

Version: 0.8.29
Check: DESCRIPTION meta-information
Result: NOTE
    Malformed Title field: should not end in a period.
Flavors: r-devel-linux-x86_64-debian-clang, r-devel-linux-x86_64-debian-gcc, r-devel-linux-x86_64-fedora-clang, r-devel-linux-x86_64-fedora-gcc, r-devel-osx-x86_64-clang, r-devel-windows-ix86+x86_64, r-patched-linux-x86_64, r-patched-solaris-sparc, r-patched-solaris-x86, r-release-linux-x86_64, r-release-osx-x86_64-mavericks, r-release-osx-x86_64-snowleopard, r-release-windows-ix86+x86_64

Version: 0.8.29
Check: top-level files
Result: NOTE
    Non-standard files/directories found at top level:
     ‘_genPackage.R’ ‘scratch’
Flavors: r-devel-linux-x86_64-debian-clang, r-devel-linux-x86_64-debian-gcc, r-devel-linux-x86_64-fedora-clang, r-devel-linux-x86_64-fedora-gcc, r-patched-linux-x86_64, r-release-linux-x86_64