CRAN Package Check Results for Package logitnorm

Last updated on 2014-08-29 23:48:50.

Flavor Version Tinstall Tcheck Ttotal Status Flags
r-devel-linux-x86_64-debian-clang 0.8.29 0.58 9.79 10.37 OK
r-devel-linux-x86_64-debian-gcc 0.8.29 0.55 9.70 10.25 OK
r-devel-linux-x86_64-fedora-clang 0.8.29 22.13 NOTE
r-devel-linux-x86_64-fedora-gcc 0.8.29 20.18 NOTE
r-devel-osx-x86_64-clang 0.8.29 23.43 OK
r-devel-windows-ix86+x86_64 0.8.29 3.00 20.00 23.00 OK
r-patched-linux-x86_64 0.8.29 0.63 10.03 10.66 OK
r-patched-solaris-sparc 0.8.29 123.00 OK
r-patched-solaris-x86 0.8.29 33.20 OK
r-release-linux-ix86 0.8.29 0.89 16.72 17.61 OK
r-release-linux-x86_64 0.8.29 0.78 10.36 11.14 OK
r-release-osx-x86_64-mavericks 0.8.29 OK
r-release-windows-ix86+x86_64 0.8.29 3.00 19.00 22.00 OK
r-oldrel-windows-ix86+x86_64 0.8.29 2.00 18.00 20.00 OK

Check Details

Version: 0.8.29
Check: top-level files
Result: NOTE
    Non-standard files/directories found at top level:
     ‘_genPackage.R’ ‘scratch’
Flavors: r-devel-linux-x86_64-fedora-clang, r-devel-linux-x86_64-fedora-gcc