CRAN Package Check Results for Package logitnorm

Last updated on 2015-03-01 19:48:07.

Flavor Version Tinstall Tcheck Ttotal Status Flags
r-devel-linux-x86_64-debian-clang 0.8.29 0.60 10.44 11.03 NOTE
r-devel-linux-x86_64-debian-gcc 0.8.29 0.70 11.02 11.72 NOTE
r-devel-linux-x86_64-fedora-clang 0.8.29 21.28 NOTE
r-devel-linux-x86_64-fedora-gcc 0.8.29 20.47 NOTE
r-devel-osx-x86_64-clang 0.8.29 24.79 NOTE
r-devel-windows-ix86+x86_64 0.8.29 3.00 20.00 23.00 NOTE
r-patched-linux-x86_64 0.8.29 0.60 10.79 11.39 NOTE
r-patched-solaris-sparc 0.8.29 137.50 OK
r-patched-solaris-x86 0.8.29 34.70 OK
r-release-linux-ix86 0.8.29 0.89 16.97 17.86 NOTE
r-release-linux-x86_64 0.8.29 0.63 11.04 11.67 NOTE
r-release-osx-x86_64-mavericks 0.8.29 OK
r-release-windows-ix86+x86_64 0.8.29 3.00 20.00 23.00 OK
r-oldrel-windows-ix86+x86_64 0.8.29 3.00 19.00 22.00 OK

Check Details

Version: 0.8.29
Check: DESCRIPTION meta-information
Result: NOTE
    Malformed Title field: should not end in a period.
Flavors: r-devel-linux-x86_64-debian-clang, r-devel-linux-x86_64-debian-gcc, r-devel-linux-x86_64-fedora-clang, r-devel-linux-x86_64-fedora-gcc, r-devel-osx-x86_64-clang, r-devel-windows-ix86+x86_64

Version: 0.8.29
Check: top-level files
Result: NOTE
    Non-standard files/directories found at top level:
     ‘_genPackage.R’ ‘scratch’
Flavors: r-devel-linux-x86_64-debian-clang, r-devel-linux-x86_64-debian-gcc, r-devel-linux-x86_64-fedora-clang, r-devel-linux-x86_64-fedora-gcc, r-patched-linux-x86_64, r-release-linux-ix86, r-release-linux-x86_64