CRAN Package Check Results for Package logitnorm

Last updated on 2014-04-24 17:49:46.

Flavor Version Tinstall Tcheck Ttotal Status Flags
r-devel-linux-x86_64-debian-clang 0.8.29 0.66 10.53 11.19 OK
r-devel-linux-x86_64-debian-gcc 0.8.29 0.62 10.60 11.22 OK
r-devel-linux-x86_64-fedora-clang 0.8.29 22.30 NOTE
r-devel-linux-x86_64-fedora-gcc 0.8.29 21.05 NOTE
r-devel-osx-x86_64-clang 0.8.29 22.90 OK
r-devel-osx-x86_64-gcc 0.8.29 OK
r-devel-windows-ix86+x86_64 0.8.29 2.00 16.00 18.00 OK
r-patched-linux-x86_64 0.8.29 0.68 10.55 11.23 OK
r-patched-solaris-sparc 0.8.29 138.50 OK
r-patched-solaris-x86 0.8.29 33.40 OK
r-release-linux-ix86 0.8.29 1.00 23.00 24.00 OK
r-release-linux-x86_64 0.8.29 0.69 10.50 11.19 OK
r-release-osx-x86_64-mavericks 0.8.29 WARN
r-release-windows-ix86+x86_64 0.8.29 5.00 24.00 29.00 OK
r-oldrel-windows-ix86+x86_64 0.8.29 2.00 18.00 20.00 OK

Check Details

Version: 0.8.29
Check: top-level files
Result: NOTE
    Non-standard files/directories found at top level:
     ‘_genPackage.R’ ‘scratch’
Flavors: r-devel-linux-x86_64-fedora-clang, r-devel-linux-x86_64-fedora-gcc

Version: 0.8.29
Check: PDF version of manual
Result: WARNING
    LaTeX errors when creating PDF version.
    This typically indicates Rd problems.
    LaTeX errors found:
    ! LaTeX Error: File `upquote.sty' not found.
    
    Type X to quit or <RETURN> to proceed,
    or enter new name. (Default extension: sty)
    
    7a1d6e92/Rd2.tex:8: ==> Fatal error occurred, no output PDF file produced!
Flavor: r-release-osx-x86_64-mavericks