CRAN Package Check Results for Package logitnorm

Last updated on 2014-10-25 19:47:40.

Flavor Version Tinstall Tcheck Ttotal Status Flags
r-devel-linux-x86_64-debian-clang 0.8.29 0.68 10.74 11.43 NOTE
r-devel-linux-x86_64-debian-gcc 0.8.29 0.61 10.79 11.40 NOTE
r-devel-linux-x86_64-fedora-clang 0.8.29 22.59 NOTE
r-devel-linux-x86_64-fedora-gcc 0.8.29 21.75 NOTE
r-devel-osx-x86_64-clang 0.8.29 25.42 OK
r-devel-windows-ix86+x86_64 0.8.29 2.00 18.00 20.00 OK
r-patched-linux-x86_64 0.8.29 0.64 11.02 11.67 NOTE
r-patched-solaris-sparc 0.8.29 123.00 OK
r-patched-solaris-x86 0.8.29 34.90 OK
r-release-linux-ix86 0.8.29 0.88 16.96 17.84 OK
r-release-linux-x86_64 0.8.29 0.60 10.54 11.14 NOTE
r-release-osx-x86_64-mavericks 0.8.29 OK
r-release-windows-ix86+x86_64 0.8.29 2.00 20.00 22.00 OK
r-oldrel-windows-ix86+x86_64 0.8.29 2.00 18.00 20.00 OK

Check Details

Version: 0.8.29
Check: top-level files
Result: NOTE
    Non-standard files/directories found at top level:
     ‘_genPackage.R’ ‘scratch’
Flavors: r-devel-linux-x86_64-debian-clang, r-devel-linux-x86_64-debian-gcc, r-devel-linux-x86_64-fedora-clang, r-devel-linux-x86_64-fedora-gcc, r-patched-linux-x86_64, r-release-linux-x86_64