CRAN Package Check Results for Package logitnorm

Last updated on 2015-09-02 06:48:02.

Flavor Version Tinstall Tcheck Ttotal Status Flags
r-devel-linux-x86_64-debian-clang 0.8.29 0.57 9.57 10.14 NOTE
r-devel-linux-x86_64-debian-gcc 0.8.29 0.65 9.75 10.40 NOTE
r-devel-linux-x86_64-fedora-clang 0.8.29 20.48 NOTE
r-devel-linux-x86_64-fedora-gcc 0.8.29 18.69 NOTE
r-devel-osx-x86_64-clang 0.8.29 19.94 NOTE
r-devel-windows-ix86+x86_64 0.8.29 2.00 30.00 32.00 NOTE
r-patched-linux-x86_64 0.8.29 0.61 10.04 10.65 NOTE
r-patched-solaris-sparc 0.8.29 119.50 NOTE
r-patched-solaris-x86 0.8.29 31.10 NOTE
r-release-linux-x86_64 0.8.29 0.69 10.04 10.74 NOTE
r-release-osx-x86_64-mavericks 0.8.29 NOTE
r-release-windows-ix86+x86_64 0.8.29 3.00 21.00 24.00 NOTE
r-oldrel-windows-ix86+x86_64 0.8.29 5.00 22.00 27.00 OK

Check Details

Version: 0.8.29
Check: DESCRIPTION meta-information
Result: NOTE
    Malformed Title field: should not end in a period.
Flavors: r-devel-linux-x86_64-debian-clang, r-devel-linux-x86_64-debian-gcc, r-devel-linux-x86_64-fedora-clang, r-devel-linux-x86_64-fedora-gcc, r-devel-osx-x86_64-clang, r-devel-windows-ix86+x86_64, r-patched-linux-x86_64, r-patched-solaris-sparc, r-patched-solaris-x86, r-release-linux-x86_64, r-release-osx-x86_64-mavericks, r-release-windows-ix86+x86_64

Version: 0.8.29
Check: top-level files
Result: NOTE
    Non-standard files/directories found at top level:
     ‘_genPackage.R’ ‘scratch’
Flavors: r-devel-linux-x86_64-debian-clang, r-devel-linux-x86_64-debian-gcc, r-devel-linux-x86_64-fedora-clang, r-devel-linux-x86_64-fedora-gcc, r-patched-linux-x86_64, r-release-linux-x86_64

Version: 0.8.29
Check: R code for possible problems
Result: NOTE
    dlogitnorm: no visible global function definition for ‘qlogis’
    dlogitnorm: no visible global function definition for ‘dnorm’
    invlogit: no visible global function definition for ‘plogis’
    logit: no visible global function definition for ‘qlogis’
    modeLogitnorm: no visible global function definition for ‘optimize’
    momentsLogitnorm : fExp: no visible global function definition for
     ‘plogis’
    momentsLogitnorm : fExp: no visible global function definition for
     ‘dnorm’
    momentsLogitnorm: no visible global function definition for ‘integrate’
    momentsLogitnorm : fVar: no visible global function definition for
     ‘plogis’
    momentsLogitnorm : fVar: no visible global function definition for
     ‘dnorm’
    plogitnorm: no visible global function definition for ‘qlogis’
    plogitnorm: no visible global function definition for ‘pnorm’
    qlogitnorm: no visible global function definition for ‘qnorm’
    qlogitnorm: no visible global function definition for ‘plogis’
    rlogitnorm: no visible global function definition for ‘plogis’
    rlogitnorm: no visible global function definition for ‘rnorm’
    twCoefLogitnorm: no visible global function definition for ‘optim’
    twCoefLogitnormCi: no visible global function definition for ‘qnorm’
    twCoefLogitnormE: no visible global function definition for ‘optim’
    twCoefLogitnormMLE: no visible global function definition for
     ‘optimize’
    twCoefLogitnormN: no visible global function definition for ‘optim’
    Undefined global functions or variables:
     dnorm integrate optim optimize plogis pnorm qlogis qnorm rnorm
    Consider adding
     importFrom("stats", "dnorm", "integrate", "optim", "optimize",
     "plogis", "pnorm", "qlogis", "qnorm", "rnorm")
    to your NAMESPACE.
Flavors: r-devel-linux-x86_64-debian-clang, r-devel-linux-x86_64-debian-gcc, r-devel-linux-x86_64-fedora-clang, r-devel-linux-x86_64-fedora-gcc, r-devel-windows-ix86+x86_64