CRAN Package Check Results for Package logitnorm

Last updated on 2014-12-18 23:47:52.

Flavor Version Tinstall Tcheck Ttotal Status Flags
r-devel-linux-x86_64-debian-clang 0.8.29 0.67 11.52 12.19 NOTE
r-devel-linux-x86_64-debian-gcc 0.8.29 0.61 10.56 11.17 NOTE
r-devel-linux-x86_64-fedora-clang 0.8.29 24.18 NOTE
r-devel-linux-x86_64-fedora-gcc 0.8.29 22.35 NOTE
r-devel-osx-x86_64-clang 0.8.29 25.22 OK
r-devel-windows-ix86+x86_64 0.8.29 3.00 41.00 44.00 OK
r-patched-linux-x86_64 0.8.29 0.86 11.04 11.90 NOTE
r-patched-solaris-sparc 0.8.29 123.00 OK
r-patched-solaris-x86 0.8.29 35.50 OK
r-release-linux-ix86 0.8.29 0.91 16.65 17.56 OK
r-release-linux-x86_64 0.8.29 0.62 10.65 11.27 NOTE
r-release-osx-x86_64-mavericks 0.8.29 OK
r-release-windows-ix86+x86_64 0.8.29 2.00 25.00 27.00 OK
r-oldrel-windows-ix86+x86_64 0.8.29 2.00 18.00 20.00 OK

Check Details

Version: 0.8.29
Check: top-level files
Result: NOTE
    Non-standard files/directories found at top level:
     ‘_genPackage.R’ ‘scratch’
Flavors: r-devel-linux-x86_64-debian-clang, r-devel-linux-x86_64-debian-gcc, r-devel-linux-x86_64-fedora-clang, r-devel-linux-x86_64-fedora-gcc, r-patched-linux-x86_64, r-release-linux-x86_64