CRAN Package Check Results for Package logitnorm

Last updated on 2015-04-26 23:46:51.

Flavor Version Tinstall Tcheck Ttotal Status Flags
r-devel-linux-x86_64-debian-clang 0.8.29 0.60 10.50 11.10 NOTE
r-devel-linux-x86_64-debian-gcc 0.8.29 0.62 11.24 11.86 NOTE
r-devel-linux-x86_64-fedora-clang 0.8.29 20.30 NOTE
r-devel-linux-x86_64-fedora-gcc 0.8.29 19.14 NOTE
r-devel-osx-x86_64-clang 0.8.29 23.89 NOTE
r-devel-windows-ix86+x86_64 0.8.29 3.00 19.00 22.00 NOTE
r-patched-linux-x86_64 0.8.29 0.64 10.96 11.60 NOTE
r-patched-solaris-sparc 0.8.29 117.60 NOTE
r-patched-solaris-x86 0.8.29 30.60 NOTE
r-release-linux-x86_64 0.8.29 0.60 10.19 10.78 NOTE
r-release-osx-x86_64-mavericks 0.8.29 NOTE
r-release-osx-x86_64-snowleopard 0.8.29 NOTE
r-release-windows-ix86+x86_64 0.8.29 2.00 20.00 22.00 NOTE
r-oldrel-windows-ix86+x86_64 0.8.29 4.00 22.00 26.00 OK

Check Details

Version: 0.8.29
Check: DESCRIPTION meta-information
Result: NOTE
    Malformed Title field: should not end in a period.
Flavors: r-devel-linux-x86_64-debian-clang, r-devel-linux-x86_64-fedora-clang, r-devel-linux-x86_64-fedora-gcc, r-devel-osx-x86_64-clang, r-devel-windows-ix86+x86_64, r-patched-solaris-sparc, r-patched-solaris-x86, r-release-osx-x86_64-mavericks, r-release-osx-x86_64-snowleopard, r-release-windows-ix86+x86_64

Version: 0.8.29
Check: top-level files
Result: NOTE
    Non-standard files/directories found at top level:
     ‘_genPackage.R’ ‘scratch’
Flavors: r-devel-linux-x86_64-debian-clang, r-devel-linux-x86_64-fedora-clang, r-devel-linux-x86_64-fedora-gcc