CRAN Package Check Results for Package logitnorm

Last updated on 2014-11-26 11:48:39.

Flavor Version Tinstall Tcheck Ttotal Status Flags
r-devel-linux-x86_64-debian-clang 0.8.29 0.66 11.96 12.62 NOTE
r-devel-linux-x86_64-debian-gcc 0.8.29 0.65 11.14 11.79 NOTE
r-devel-linux-x86_64-fedora-clang 0.8.29 24.33 NOTE
r-devel-linux-x86_64-fedora-gcc 0.8.29 24.57 NOTE
r-devel-osx-x86_64-clang 0.8.29 26.00 OK
r-devel-windows-ix86+x86_64 0.8.29 2.00 18.00 20.00 OK
r-patched-linux-x86_64 0.8.29 0.63 10.92 11.55 NOTE
r-patched-solaris-sparc 0.8.29 123.00 OK
r-patched-solaris-x86 0.8.29 34.30 OK
r-release-linux-ix86 0.8.29 0.89 16.64 17.53 OK
r-release-linux-x86_64 0.8.29 0.67 10.90 11.57 NOTE
r-release-osx-x86_64-mavericks 0.8.29 OK
r-release-windows-ix86+x86_64 0.8.29 2.00 25.00 27.00 OK
r-oldrel-windows-ix86+x86_64 0.8.29 2.00 18.00 20.00 OK

Check Details

Version: 0.8.29
Check: top-level files
Result: NOTE
    Non-standard files/directories found at top level:
     ‘_genPackage.R’ ‘scratch’
Flavors: r-devel-linux-x86_64-debian-clang, r-devel-linux-x86_64-debian-gcc, r-devel-linux-x86_64-fedora-clang, r-devel-linux-x86_64-fedora-gcc, r-patched-linux-x86_64, r-release-linux-x86_64