CRAN Package Check Results for Package logitnorm

Last updated on 2014-07-23 22:47:03.

Flavor Version Tinstall Tcheck Ttotal Status Flags
r-devel-linux-x86_64-debian-clang 0.8.29 0.62 10.03 10.64 OK
r-devel-linux-x86_64-debian-gcc 0.8.29 0.62 10.04 10.66 OK
r-devel-linux-x86_64-fedora-clang 0.8.29 22.63 NOTE
r-devel-linux-x86_64-fedora-gcc 0.8.29 20.53 NOTE
r-devel-osx-x86_64-clang 0.8.29 24.17 OK
r-devel-windows-ix86+x86_64 0.8.29 2.00 17.00 19.00 OK
r-patched-linux-x86_64 0.8.29 0.61 10.03 10.64 OK
r-patched-solaris-sparc 0.8.29 138.50 OK
r-patched-solaris-x86 0.8.29 32.50 OK
r-release-linux-ix86 0.8.29 0.88 16.81 17.69 OK
r-release-linux-x86_64 0.8.29 0.62 10.40 11.03 OK
r-release-osx-x86_64-mavericks 0.8.29 OK
r-release-windows-ix86+x86_64 0.8.29 3.00 19.00 22.00 OK
r-oldrel-windows-ix86+x86_64 0.8.29 2.00 18.00 20.00 OK

Check Details

Version: 0.8.29
Check: top-level files
Result: NOTE
    Non-standard files/directories found at top level:
     ‘_genPackage.R’ ‘scratch’
Flavors: r-devel-linux-x86_64-fedora-clang, r-devel-linux-x86_64-fedora-gcc