CRAN Package Check Results for Package loglognorm

Last updated on 2015-09-01 09:47:54.

Flavor Version Tinstall Tcheck Ttotal Status Flags
r-devel-linux-x86_64-debian-clang 1.0.1 0.71 7.41 8.12 NOTE
r-devel-linux-x86_64-debian-gcc 1.0.1 0.67 7.57 8.24 NOTE
r-devel-linux-x86_64-fedora-clang 1.0.1 15.78 NOTE
r-devel-linux-x86_64-fedora-gcc 1.0.1 14.62 NOTE
r-devel-osx-x86_64-clang 1.0.1 16.29 NOTE
r-devel-windows-ix86+x86_64 1.0.1 4.00 27.00 31.00 NOTE
r-patched-linux-x86_64 1.0.1 0.82 7.87 8.70 NOTE
r-patched-solaris-sparc 1.0.1 95.20 NOTE
r-patched-solaris-x86 1.0.1 25.70 NOTE
r-release-linux-x86_64 1.0.1 0.78 7.87 8.65 NOTE
r-release-osx-x86_64-mavericks 1.0.1 NOTE
r-release-windows-ix86+x86_64 1.0.1 6.00 18.00 24.00 NOTE
r-oldrel-windows-ix86+x86_64 1.0.1 7.00 18.00 25.00 OK

Check Details

Version: 1.0.1
Check: DESCRIPTION meta-information
Result: NOTE
    Malformed Description field: should contain one or more complete sentences.
Flavors: r-devel-linux-x86_64-debian-clang, r-devel-linux-x86_64-debian-gcc, r-devel-linux-x86_64-fedora-clang, r-devel-linux-x86_64-fedora-gcc, r-devel-osx-x86_64-clang, r-devel-windows-ix86+x86_64, r-patched-linux-x86_64, r-patched-solaris-sparc, r-patched-solaris-x86, r-release-linux-x86_64, r-release-osx-x86_64-mavericks, r-release-windows-ix86+x86_64

Version: 1.0.1
Check: R code for possible problems
Result: NOTE
    rloglognorm: no visible global function definition for ‘runif’
    Undefined global functions or variables:
     runif
    Consider adding
     importFrom("stats", "runif")
    to your NAMESPACE.
Flavors: r-devel-linux-x86_64-debian-clang, r-devel-linux-x86_64-debian-gcc, r-devel-linux-x86_64-fedora-clang, r-devel-linux-x86_64-fedora-gcc, r-devel-windows-ix86+x86_64