CRAN Package Check Results for Package loglognorm

Last updated on 2015-06-30 15:47:11.

Flavor Version Tinstall Tcheck Ttotal Status Flags
r-devel-linux-x86_64-debian-clang 1.0.1 0.71 7.56 8.27 NOTE
r-devel-linux-x86_64-debian-gcc 1.0.1 0.71 7.53 8.24 NOTE
r-devel-linux-x86_64-fedora-clang 1.0.1 15.85 NOTE
r-devel-linux-x86_64-fedora-gcc 1.0.1 14.81 NOTE
r-devel-osx-x86_64-clang 1.0.1 17.73 NOTE
r-devel-windows-ix86+x86_64 1.0.1 8.00 25.00 33.00 NOTE
r-patched-linux-x86_64 1.0.1 0.85 8.31 9.16 NOTE
r-patched-solaris-sparc 1.0.1 106.60 NOTE
r-patched-solaris-x86 1.0.1 25.10 NOTE
r-release-linux-x86_64 1.0.1 0.75 7.98 8.74 NOTE
r-release-osx-x86_64-mavericks 1.0.1 NOTE
r-release-windows-ix86+x86_64 1.0.1 3.00 18.00 21.00 NOTE
r-oldrel-windows-ix86+x86_64 1.0.1 7.00 18.00 25.00 OK

Check Details

Version: 1.0.1
Check: DESCRIPTION meta-information
Result: NOTE
    Malformed Description field: should contain one or more complete sentences.
Flavors: r-devel-linux-x86_64-debian-clang, r-devel-linux-x86_64-debian-gcc, r-devel-linux-x86_64-fedora-clang, r-devel-linux-x86_64-fedora-gcc, r-devel-osx-x86_64-clang, r-devel-windows-ix86+x86_64, r-patched-linux-x86_64, r-patched-solaris-sparc, r-patched-solaris-x86, r-release-linux-x86_64, r-release-osx-x86_64-mavericks, r-release-windows-ix86+x86_64

Version: 1.0.1
Check: R code for possible problems
Result: NOTE
    rloglognorm: no visible global function definition for ‘runif’
Flavors: r-devel-linux-x86_64-debian-clang, r-devel-linux-x86_64-debian-gcc, r-devel-linux-x86_64-fedora-clang