CRAN Package Check Results for Package loglognorm

Last updated on 2015-03-06 23:48:21.

Flavor Version Tinstall Tcheck Ttotal Status Flags
r-devel-linux-x86_64-debian-clang 1.0.1 0.80 7.87 8.67 NOTE
r-devel-linux-x86_64-debian-gcc 1.0.1 0.78 8.28 9.06 NOTE
r-devel-linux-x86_64-fedora-clang 1.0.1 16.59 NOTE
r-devel-linux-x86_64-fedora-gcc 1.0.1 15.84 NOTE
r-devel-osx-x86_64-clang 1.0.1 20.79 NOTE
r-devel-windows-ix86+x86_64 1.0.1 6.00 17.00 23.00 NOTE
r-patched-linux-x86_64 1.0.1 0.82 8.73 9.55 OK
r-patched-solaris-sparc 1.0.1 117.00 OK
r-patched-solaris-x86 1.0.1 30.60 OK
r-release-linux-ix86 1.0.1 1.25 14.16 15.41 OK
r-release-linux-x86_64 1.0.1 0.82 8.60 9.42 OK
r-release-osx-x86_64-mavericks 1.0.1 OK
r-release-windows-ix86+x86_64 1.0.1 6.00 23.00 29.00 OK
r-oldrel-windows-ix86+x86_64 1.0.1 4.00 17.00 21.00 OK

Check Details

Version: 1.0.1
Check: DESCRIPTION meta-information
Result: NOTE
    Malformed Description field: should contain one or more complete sentences.
Flavors: r-devel-linux-x86_64-debian-clang, r-devel-linux-x86_64-debian-gcc, r-devel-linux-x86_64-fedora-clang, r-devel-linux-x86_64-fedora-gcc, r-devel-osx-x86_64-clang, r-devel-windows-ix86+x86_64