CRAN Package Check Results for Package loglognorm

Last updated on 2017-02-24 19:48:18.

Flavor Version Tinstall Tcheck Ttotal Status Flags
r-devel-linux-x86_64-debian-clang 1.0.1 0.94 9.77 10.71 NOTE
r-devel-linux-x86_64-debian-gcc 1.0.1 0.94 9.45 10.39 NOTE
r-devel-linux-x86_64-fedora-clang 1.0.1 17.35 NOTE --no-stop-on-test-error
r-devel-linux-x86_64-fedora-gcc 1.0.1 15.82 NOTE --no-stop-on-test-error
r-devel-macos-x86_64-clang 1.0.1 16.34 NOTE --no-stop-on-test-error
r-devel-windows-ix86+x86_64 1.0.1 5.00 34.00 39.00 NOTE
r-patched-linux-x86_64 1.0.1 0.78 8.01 8.80 NOTE
r-patched-solaris-sparc 1.0.1 86.50 NOTE
r-patched-solaris-x86 1.0.1 22.30 NOTE
r-release-linux-x86_64 1.0.1 0.80 7.78 8.57 NOTE
r-release-osx-x86_64-mavericks 1.0.1 NOTE
r-release-windows-ix86+x86_64 1.0.1 4.00 24.00 28.00 NOTE
r-oldrel-windows-ix86+x86_64 1.0.1 5.00 23.00 28.00 NOTE

Check Details

Version: 1.0.1
Check: DESCRIPTION meta-information
Result: NOTE
    Malformed Description field: should contain one or more complete sentences.
Flavors: r-devel-linux-x86_64-debian-clang, r-devel-linux-x86_64-debian-gcc, r-devel-windows-ix86+x86_64, r-patched-linux-x86_64, r-patched-solaris-sparc, r-patched-solaris-x86, r-release-linux-x86_64, r-release-osx-x86_64-mavericks, r-release-windows-ix86+x86_64, r-oldrel-windows-ix86+x86_64

Version: 1.0.1
Check: R code for possible problems
Result: NOTE
    rloglognorm: no visible global function definition for ‘runif’
    Undefined global functions or variables:
     runif
    Consider adding
     importFrom("stats", "runif")
    to your NAMESPACE file.
Flavors: r-devel-linux-x86_64-debian-clang, r-devel-linux-x86_64-debian-gcc, r-devel-windows-ix86+x86_64, r-patched-linux-x86_64, r-patched-solaris-sparc, r-patched-solaris-x86, r-release-linux-x86_64, r-release-osx-x86_64-mavericks, r-release-windows-ix86+x86_64

Version: 1.0.1
Check: compiled code
Result: NOTE
    File ‘loglognorm/libs/loglognorm.so’:
     Found no calls to: ‘R_registerRoutines’, ‘R_useDynamicSymbols’
    
    It is good practice to register native routines and to disable symbol
    search.
    
    See ‘Writing portable packages’ in the ‘Writing R Extensions’ manual.
Flavors: r-devel-linux-x86_64-debian-clang, r-devel-linux-x86_64-debian-gcc

Version: 1.0.1
Flags: --no-stop-on-test-error
Check: DESCRIPTION meta-information
Result: NOTE
    Malformed Description field: should contain one or more complete sentences.
Flavors: r-devel-linux-x86_64-fedora-clang, r-devel-linux-x86_64-fedora-gcc, r-devel-macos-x86_64-clang

Version: 1.0.1
Flags: --no-stop-on-test-error
Check: R code for possible problems
Result: NOTE
    rloglognorm: no visible global function definition for ‘runif’
    Undefined global functions or variables:
     runif
    Consider adding
     importFrom("stats", "runif")
    to your NAMESPACE file.
Flavors: r-devel-linux-x86_64-fedora-clang, r-devel-linux-x86_64-fedora-gcc, r-devel-macos-x86_64-clang

Version: 1.0.1
Flags: --no-stop-on-test-error
Check: compiled code
Result: NOTE
    File ‘loglognorm/libs/loglognorm.so’:
     Found no calls to: ‘R_registerRoutines’, ‘R_useDynamicSymbols’
    
    It is good practice to register native routines and to disable symbol
    search.
    
    See ‘Writing portable packages’ in the ‘Writing R Extensions’ manual.
Flavors: r-devel-linux-x86_64-fedora-clang, r-devel-linux-x86_64-fedora-gcc, r-devel-macos-x86_64-clang