CRAN Package Check Results for Package loglognorm

Last updated on 2015-04-02 03:48:57.

Flavor Version Tinstall Tcheck Ttotal Status Flags
r-devel-linux-x86_64-debian-clang 1.0.1 0.76 8.05 8.81 NOTE
r-devel-linux-x86_64-debian-gcc 1.0.1 0.75 9.04 9.79 NOTE
r-devel-linux-x86_64-fedora-clang 1.0.1 17.13 NOTE
r-devel-linux-x86_64-fedora-gcc 1.0.1 16.90 NOTE
r-devel-osx-x86_64-clang 1.0.1 23.91 NOTE
r-prerel-windows-ix86+x86_64 1.0.1 9.00 16.00 25.00 NOTE
r-prerel-linux-x86_64 1.0.1 0.78 8.06 8.83 NOTE
r-prerel-solaris-sparc 1.0.1 91.40 NOTE
r-prerel-solaris-x86 1.0.1 26.00 NOTE
r-release-linux-x86_64 1.0.1 0.83 8.48 9.31 OK
r-release-osx-x86_64-mavericks 1.0.1 OK
r-release-windows-ix86+x86_64 1.0.1 7.00 18.00 25.00 OK
r-oldrel-windows-ix86+x86_64 1.0.1 4.00 17.00 21.00 OK

Check Details

Version: 1.0.1
Check: DESCRIPTION meta-information
Result: NOTE
    Malformed Description field: should contain one or more complete sentences.
Flavors: r-devel-linux-x86_64-debian-clang, r-devel-linux-x86_64-debian-gcc, r-devel-linux-x86_64-fedora-clang, r-devel-linux-x86_64-fedora-gcc, r-devel-osx-x86_64-clang, r-prerel-windows-ix86+x86_64, r-prerel-linux-x86_64, r-prerel-solaris-sparc, r-prerel-solaris-x86