CRAN Package Check Results for Package loglognorm

Last updated on 2015-05-22 17:46:41.

Flavor Version Tinstall Tcheck Ttotal Status Flags
r-devel-linux-x86_64-debian-clang 1.0.1 0.76 7.96 8.72 NOTE
r-devel-linux-x86_64-debian-gcc 1.0.1 0.81 7.95 8.76 NOTE
r-devel-linux-x86_64-fedora-clang 1.0.1 16.60 NOTE
r-devel-linux-x86_64-fedora-gcc 1.0.1 15.21 NOTE
r-devel-osx-x86_64-clang 1.0.1 20.41 NOTE
r-devel-windows-ix86+x86_64 1.0.1 8.00 17.00 25.00 NOTE
r-patched-linux-x86_64 1.0.1 0.78 7.80 8.59 NOTE
r-patched-solaris-sparc 1.0.1 91.40 NOTE
r-patched-solaris-x86 1.0.1 25.60 NOTE
r-release-linux-x86_64 1.0.1 0.80 8.16 8.96 NOTE
r-release-osx-x86_64-mavericks 1.0.1 NOTE
r-release-osx-x86_64-snowleopard 1.0.1 NOTE
r-release-windows-ix86+x86_64 1.0.1 3.00 18.00 21.00 NOTE
r-oldrel-windows-ix86+x86_64 1.0.1 7.00 18.00 25.00 OK

Check Details

Version: 1.0.1
Check: DESCRIPTION meta-information
Result: NOTE
    Malformed Description field: should contain one or more complete sentences.
Flavors: r-devel-linux-x86_64-debian-clang, r-devel-linux-x86_64-debian-gcc, r-devel-linux-x86_64-fedora-clang, r-devel-linux-x86_64-fedora-gcc, r-devel-osx-x86_64-clang, r-devel-windows-ix86+x86_64, r-patched-linux-x86_64, r-patched-solaris-sparc, r-patched-solaris-x86, r-release-linux-x86_64, r-release-osx-x86_64-mavericks, r-release-osx-x86_64-snowleopard, r-release-windows-ix86+x86_64