CRAN Package Check Results for Package loglognorm

Last updated on 2016-07-30 23:47:33.

Flavor Version Tinstall Tcheck Ttotal Status Flags
r-devel-linux-x86_64-debian-clang 1.0.1 0.75 8.06 8.81 NOTE
r-devel-linux-x86_64-debian-gcc 1.0.1 0.74 8.14 8.88 NOTE
r-devel-linux-x86_64-fedora-clang 1.0.1 14.48 NOTE
r-devel-linux-x86_64-fedora-gcc 1.0.1 12.89 NOTE
r-devel-osx-x86_64-clang 1.0.1 13.55 NOTE
r-devel-windows-ix86+x86_64 1.0.1 4.00 24.00 28.00 NOTE
r-patched-linux-x86_64 1.0.1 0.78 8.05 8.83 NOTE
r-patched-solaris-sparc 1.0.1 85.60 NOTE
r-patched-solaris-x86 1.0.1 20.20 NOTE
r-release-linux-x86_64 1.0.1 0.90 10.07 10.97 NOTE
r-release-osx-x86_64-mavericks 1.0.1 NOTE
r-release-windows-ix86+x86_64 1.0.1 4.00 31.00 35.00 NOTE
r-oldrel-windows-ix86+x86_64 1.0.1 5.00 15.00 20.00 NOTE

Check Details

Version: 1.0.1
Check: DESCRIPTION meta-information
Result: NOTE
    Malformed Description field: should contain one or more complete sentences.
Flavors: r-devel-linux-x86_64-debian-clang, r-devel-linux-x86_64-debian-gcc, r-devel-linux-x86_64-fedora-clang, r-devel-linux-x86_64-fedora-gcc, r-devel-osx-x86_64-clang, r-devel-windows-ix86+x86_64, r-patched-linux-x86_64, r-patched-solaris-sparc, r-patched-solaris-x86, r-release-linux-x86_64, r-release-osx-x86_64-mavericks, r-release-windows-ix86+x86_64, r-oldrel-windows-ix86+x86_64

Version: 1.0.1
Check: R code for possible problems
Result: NOTE
    rloglognorm: no visible global function definition for ‘runif’
    Undefined global functions or variables:
     runif
    Consider adding
     importFrom("stats", "runif")
    to your NAMESPACE file.
Flavors: r-devel-linux-x86_64-debian-clang, r-devel-linux-x86_64-debian-gcc, r-devel-linux-x86_64-fedora-clang, r-devel-linux-x86_64-fedora-gcc, r-devel-osx-x86_64-clang, r-devel-windows-ix86+x86_64, r-patched-linux-x86_64, r-patched-solaris-sparc, r-patched-solaris-x86, r-release-linux-x86_64, r-release-osx-x86_64-mavericks, r-release-windows-ix86+x86_64