CRAN Package Check Results for Package loglognorm

Last updated on 2016-09-28 15:48:01.

Flavor Version Tinstall Tcheck Ttotal Status Flags
r-devel-linux-x86_64-debian-clang 1.0.1 0.86 7.89 8.75 NOTE
r-devel-linux-x86_64-debian-gcc 1.0.1 0.79 8.23 9.01 NOTE
r-devel-linux-x86_64-fedora-clang 1.0.1 14.37 NOTE
r-devel-linux-x86_64-fedora-gcc 1.0.1 13.63 NOTE
r-devel-macos-x86_64-clang 1.0.1 13.71 NOTE
r-devel-windows-ix86+x86_64 1.0.1 7.00 31.00 38.00 NOTE
r-patched-linux-x86_64 1.0.1 0.80 7.94 8.74 NOTE
r-patched-solaris-sparc 1.0.1 85.60 NOTE
r-patched-solaris-x86 1.0.1 20.00 NOTE
r-release-linux-x86_64 1.0.1 0.84 8.30 9.14 NOTE
r-release-osx-x86_64-mavericks 1.0.1 NOTE
r-release-windows-ix86+x86_64 1.0.1 4.00 25.00 29.00 NOTE
r-oldrel-windows-ix86+x86_64 1.0.1 5.00 15.00 20.00 NOTE

Check Details

Version: 1.0.1
Check: DESCRIPTION meta-information
Result: NOTE
    Malformed Description field: should contain one or more complete sentences.
Flavors: r-devel-linux-x86_64-debian-clang, r-devel-linux-x86_64-debian-gcc, r-devel-linux-x86_64-fedora-clang, r-devel-linux-x86_64-fedora-gcc, r-devel-macos-x86_64-clang, r-devel-windows-ix86+x86_64, r-patched-linux-x86_64, r-patched-solaris-sparc, r-patched-solaris-x86, r-release-linux-x86_64, r-release-osx-x86_64-mavericks, r-release-windows-ix86+x86_64, r-oldrel-windows-ix86+x86_64

Version: 1.0.1
Check: R code for possible problems
Result: NOTE
    rloglognorm: no visible global function definition for ‘runif’
    Undefined global functions or variables:
     runif
    Consider adding
     importFrom("stats", "runif")
    to your NAMESPACE file.
Flavors: r-devel-linux-x86_64-debian-clang, r-devel-linux-x86_64-debian-gcc, r-devel-linux-x86_64-fedora-clang, r-devel-linux-x86_64-fedora-gcc, r-devel-macos-x86_64-clang, r-devel-windows-ix86+x86_64, r-patched-linux-x86_64, r-patched-solaris-sparc, r-patched-solaris-x86, r-release-linux-x86_64, r-release-osx-x86_64-mavericks, r-release-windows-ix86+x86_64