CRAN Package Check Results for Package loglognorm

Last updated on 2016-08-28 06:49:34.

Flavor Version Tinstall Tcheck Ttotal Status Flags
r-devel-linux-x86_64-debian-clang 1.0.1 0.83 8.21 9.03 NOTE
r-devel-linux-x86_64-debian-gcc 1.0.1 0.83 8.27 9.10 NOTE
r-devel-linux-x86_64-fedora-clang 1.0.1 14.32 NOTE
r-devel-linux-x86_64-fedora-gcc 1.0.1 13.55 NOTE
r-devel-osx-x86_64-clang 1.0.1 13.51 NOTE
r-devel-windows-ix86+x86_64 1.0.1 6.00 35.00 41.00 NOTE
r-patched-linux-x86_64 1.0.1 0.84 8.00 8.84 NOTE
r-patched-solaris-sparc 1.0.1 85.60 NOTE
r-patched-solaris-x86 1.0.1 20.60 NOTE
r-release-linux-x86_64 1.0.1 1.02 8.27 9.29 NOTE
r-release-osx-x86_64-mavericks 1.0.1 NOTE
r-release-windows-ix86+x86_64 1.0.1 4.00 31.00 35.00 NOTE
r-oldrel-windows-ix86+x86_64 1.0.1 5.00 15.00 20.00 NOTE

Check Details

Version: 1.0.1
Check: DESCRIPTION meta-information
Result: NOTE
    Malformed Description field: should contain one or more complete sentences.
Flavors: r-devel-linux-x86_64-debian-clang, r-devel-linux-x86_64-debian-gcc, r-devel-linux-x86_64-fedora-clang, r-devel-linux-x86_64-fedora-gcc, r-devel-osx-x86_64-clang, r-devel-windows-ix86+x86_64, r-patched-linux-x86_64, r-patched-solaris-sparc, r-patched-solaris-x86, r-release-linux-x86_64, r-release-osx-x86_64-mavericks, r-release-windows-ix86+x86_64, r-oldrel-windows-ix86+x86_64

Version: 1.0.1
Check: R code for possible problems
Result: NOTE
    rloglognorm: no visible global function definition for ‘runif’
    Undefined global functions or variables:
     runif
    Consider adding
     importFrom("stats", "runif")
    to your NAMESPACE file.
Flavors: r-devel-linux-x86_64-debian-clang, r-devel-linux-x86_64-debian-gcc, r-devel-linux-x86_64-fedora-clang, r-devel-linux-x86_64-fedora-gcc, r-devel-osx-x86_64-clang, r-devel-windows-ix86+x86_64, r-patched-linux-x86_64, r-patched-solaris-sparc, r-patched-solaris-x86, r-release-linux-x86_64, r-release-osx-x86_64-mavericks, r-release-windows-ix86+x86_64