CRAN Package Check Results for Package logmult

Last updated on 2014-10-24 09:54:58.

Flavor Version Tinstall Tcheck Ttotal Status Flags
r-devel-linux-x86_64-debian-clang 0.6 4.16 77.67 81.83 NOTE
r-devel-linux-x86_64-debian-gcc 0.6 3.74 77.10 80.84 NOTE
r-devel-linux-x86_64-fedora-clang 0.6 179.28 NOTE
r-devel-linux-x86_64-fedora-gcc 0.6 170.51 NOTE
r-devel-osx-x86_64-clang 0.6 153.24 NOTE
r-devel-windows-ix86+x86_64 0.6 10.00 98.00 108.00 NOTE
r-patched-linux-x86_64 0.6 4.06 79.48 83.54 NOTE
r-patched-solaris-sparc 0.6 1009.10 NOTE
r-patched-solaris-x86 0.6 248.00 NOTE
r-release-linux-ix86 0.6 4.98 97.88 102.86 OK
r-release-linux-x86_64 0.6 4.07 80.58 84.64 OK
r-release-osx-x86_64-mavericks 0.6 OK
r-release-osx-x86_64-snowleopard 0.6 OK
r-release-windows-ix86+x86_64 0.6 12.00 108.00 120.00 OK
r-oldrel-windows-ix86+x86_64 0.6 11.00 101.00 112.00 OK

Check Details

Version: 0.6
Check: R code for possible problems
Result: NOTE
    plot.assoc: no visible global function definition for ‘ellipse’
Flavors: r-devel-linux-x86_64-debian-clang, r-devel-linux-x86_64-debian-gcc, r-devel-linux-x86_64-fedora-clang, r-devel-linux-x86_64-fedora-gcc, r-devel-osx-x86_64-clang, r-devel-windows-ix86+x86_64, r-patched-linux-x86_64, r-patched-solaris-sparc, r-patched-solaris-x86