CRAN Package Check Results for Package logmult

Last updated on 2014-11-28 12:46:50.

Flavor Version Tinstall Tcheck Ttotal Status Flags
r-devel-linux-x86_64-debian-clang 0.6 3.98 77.08 81.06 NOTE
r-devel-linux-x86_64-debian-gcc 0.6 3.76 75.39 79.15 NOTE
r-devel-linux-x86_64-fedora-clang 0.6 183.76 NOTE
r-devel-linux-x86_64-fedora-gcc 0.6 197.40 NOTE
r-devel-osx-x86_64-clang 0.6 156.64 NOTE
r-devel-windows-ix86+x86_64 0.6 10.00 100.00 110.00 NOTE
r-patched-linux-x86_64 0.6 4.00 77.73 81.74 NOTE
r-patched-solaris-sparc 0.6 1009.10 NOTE
r-patched-solaris-x86 0.6 244.10 NOTE
r-release-linux-ix86 0.6 4.68 93.71 98.40 NOTE
r-release-linux-x86_64 0.6 4.00 78.02 82.03 NOTE
r-release-osx-x86_64-mavericks 0.6 OK
r-release-osx-x86_64-snowleopard 0.6 OK
r-release-windows-ix86+x86_64 0.6 12.00 118.00 130.00 NOTE
r-oldrel-windows-ix86+x86_64 0.6 11.00 100.00 111.00 OK

Check Details

Version: 0.6
Check: R code for possible problems
Result: NOTE
    plot.assoc: no visible global function definition for ‘ellipse’
Flavors: r-devel-linux-x86_64-debian-clang, r-devel-linux-x86_64-debian-gcc, r-devel-linux-x86_64-fedora-clang, r-devel-linux-x86_64-fedora-gcc, r-devel-osx-x86_64-clang, r-devel-windows-ix86+x86_64, r-patched-linux-x86_64, r-patched-solaris-sparc, r-patched-solaris-x86, r-release-linux-ix86, r-release-linux-x86_64, r-release-windows-ix86+x86_64