CRAN Package Check Results for Package logmult

Last updated on 2015-08-29 20:48:05.

Flavor Version Tinstall Tcheck Ttotal Status Flags
r-devel-linux-x86_64-debian-clang 0.6.2 2.78 60.37 63.15 NOTE
r-devel-linux-x86_64-debian-gcc 0.6.2 2.76 61.77 64.53 NOTE
r-devel-linux-x86_64-fedora-clang 0.6.2 126.16 NOTE
r-devel-linux-x86_64-fedora-gcc 0.6.2 123.34 NOTE
r-devel-osx-x86_64-clang 0.6.2 105.82 OK
r-devel-windows-ix86+x86_64 0.6.2 12.00 100.00 112.00 NOTE
r-patched-linux-x86_64 0.6.2 3.00 63.18 66.17 OK
r-patched-solaris-sparc 0.6.2 807.90 OK
r-patched-solaris-x86 0.6.2 176.00 OK
r-release-linux-x86_64 0.6.2 2.99 64.28 67.27 OK
r-release-osx-x86_64-mavericks 0.6.2 OK
r-release-windows-ix86+x86_64 0.6.2 11.00 98.00 109.00 OK
r-oldrel-windows-ix86+x86_64 0.6.2 16.00 131.00 147.00 OK

Check Details

Version: 0.6.2
Check: R code for possible problems
Result: NOTE
    anoas: no visible global function definition for ‘tail’
    anoasL: no visible global function definition for ‘tail’
    draw.arc: no visible global function definition for ‘xy.coords’
    plot.assoc: no visible global function definition for ‘rainbow’
    plot.assoc: no visible global function definition for ‘rgb2hsv’
    plot.assoc: no visible global function definition for ‘col2rgb’
    plot.assoc: no visible global function definition for ‘hsv’
    pointLabel: no visible global function definition for ‘xy.coords’
    pointLabel : shadowtext: no visible global function definition for
     ‘xy.coords’
    rc: no visible global function definition for ‘getS3method’
    rcL: no visible global function definition for ‘getS3method’
    rcL.trans: no visible global function definition for ‘head’
    rcL.trans: no visible global function definition for ‘tail’
    svyassocmod: no visible global function definition for ‘getS3method’
    Undefined global functions or variables:
     col2rgb getS3method head hsv rainbow rgb2hsv tail xy.coords
    Consider adding
     importFrom("grDevices", "col2rgb", "hsv", "rainbow", "rgb2hsv",
     "xy.coords")
     importFrom("utils", "getS3method", "head", "tail")
    to your NAMESPACE.
Flavors: r-devel-linux-x86_64-debian-clang, r-devel-linux-x86_64-debian-gcc, r-devel-linux-x86_64-fedora-clang, r-devel-linux-x86_64-fedora-gcc, r-devel-windows-ix86+x86_64