CRAN Package Check Results for Package logmult

Last updated on 2014-12-19 01:48:22.

Flavor Version Tinstall Tcheck Ttotal Status Flags
r-devel-linux-x86_64-debian-clang 0.6 3.88 80.50 84.39 NOTE
r-devel-linux-x86_64-debian-gcc 0.6 3.82 73.92 77.74 NOTE
r-devel-linux-x86_64-fedora-clang 0.6 187.00 NOTE
r-devel-linux-x86_64-fedora-gcc 0.6 165.01 NOTE
r-devel-osx-x86_64-clang 0.6 156.76 NOTE
r-devel-windows-ix86+x86_64 0.6 11.00 103.00 114.00 NOTE
r-patched-linux-x86_64 0.6 3.96 77.41 81.37 NOTE
r-patched-solaris-sparc 0.6 1009.10 NOTE
r-patched-solaris-x86 0.6 245.70 NOTE
r-release-linux-ix86 0.6 4.68 93.75 98.43 NOTE
r-release-linux-x86_64 0.6 4.00 77.90 81.90 NOTE
r-release-osx-x86_64-mavericks 0.6 OK
r-release-osx-x86_64-snowleopard 0.6 OK
r-release-windows-ix86+x86_64 0.6 12.00 108.00 120.00 NOTE
r-oldrel-windows-ix86+x86_64 0.6 12.00 100.00 112.00 OK

Check Details

Version: 0.6
Check: R code for possible problems
Result: NOTE
    plot.assoc: no visible global function definition for ‘ellipse’
Flavors: r-devel-linux-x86_64-debian-clang, r-devel-linux-x86_64-debian-gcc, r-devel-linux-x86_64-fedora-clang, r-devel-linux-x86_64-fedora-gcc, r-devel-osx-x86_64-clang, r-devel-windows-ix86+x86_64, r-patched-linux-x86_64, r-patched-solaris-sparc, r-patched-solaris-x86, r-release-linux-ix86, r-release-linux-x86_64, r-release-windows-ix86+x86_64