CRAN Package Check Results for Package logmult

Last updated on 2014-04-23 07:55:02.

Flavor Version Tinstall Tcheck Ttotal Status Flags
r-devel-linux-x86_64-debian-clang 0.6 4.44 81.97 86.41 OK
r-devel-linux-x86_64-debian-gcc 0.6 4.18 81.90 86.09 OK
r-devel-linux-x86_64-fedora-clang 0.6 186.44 OK
r-devel-linux-x86_64-fedora-gcc 0.6 182.30 OK
r-devel-osx-x86_64-clang 0.6 145.26 OK
r-devel-osx-x86_64-gcc 0.6 NOTE
r-devel-windows-ix86+x86_64 0.6 11.00 100.00 111.00 OK
r-patched-linux-x86_64 0.6 4.50 80.68 85.18 OK
r-patched-solaris-sparc 0.6 943.70 OK
r-patched-solaris-x86 0.6 262.00 OK
r-release-linux-ix86 0.6 7.00 125.00 132.00 OK
r-release-linux-x86_64 0.6 4.44 81.30 85.74 OK
r-release-osx-x86_64-mavericks 0.6 WARN
r-release-osx-x86_64-snowleopard 0.6 OK
r-release-windows-ix86+x86_64 0.6 11.00 109.00 120.00 OK
r-oldrel-windows-ix86+x86_64 0.6 10.00 94.00 104.00 OK

Check Details

Version: 0.6
Check: package dependencies
Result: NOTE
    Package suggested but not available for checking: ‘survey’
Flavor: r-devel-osx-x86_64-gcc

Version: 0.6
Check: Rd cross-references
Result: NOTE
    Package unavailable to check Rd xrefs: ‘survey’
Flavor: r-devel-osx-x86_64-gcc

Version: 0.6
Check: PDF version of manual
Result: WARNING
    LaTeX errors when creating PDF version.
    This typically indicates Rd problems.
    LaTeX errors found:
    ! LaTeX Error: File `upquote.sty' not found.
    
    Type X to quit or <RETURN> to proceed,
    or enter new name. (Default extension: sty)
    
    79ea5cd9/Rd2.tex:8: ==> Fatal error occurred, no output PDF file produced!
Flavor: r-release-osx-x86_64-mavericks