CRAN Package Check Results for Package logmult

Last updated on 2015-04-20 02:48:36.

Flavor Version Tinstall Tcheck Ttotal Status Flags
r-devel-linux-x86_64-debian-clang 0.6.1 3.52 63.97 67.48 OK
r-devel-linux-x86_64-debian-gcc 0.6.1 3.00 63.22 66.22 OK
r-devel-linux-x86_64-fedora-clang 0.6.1 135.71 OK
r-devel-linux-x86_64-fedora-gcc 0.6.1 129.92 OK
r-devel-osx-x86_64-clang 0.6.1 112.47 OK
r-devel-windows-ix86+x86_64 0.6.1 11.00 90.00 101.00 OK
r-patched-linux-x86_64 0.6.1 3.02 63.10 66.12 OK
r-patched-solaris-sparc 0.6.1 779.50 OK
r-patched-solaris-x86 0.6.1 173.90 OK
r-release-linux-x86_64 0.6.1 2.99 62.52 65.51 OK
r-release-osx-x86_64-mavericks 0.6.1 OK
r-release-osx-x86_64-snowleopard 0.6.1 NOTE
r-release-windows-ix86+x86_64 0.6.1 7.00 86.00 93.00 OK
r-oldrel-windows-ix86+x86_64 0.6.1 10.00 92.00 102.00 OK

Check Details

Version: 0.6.1
Check: package dependencies
Result: NOTE
    Package suggested but not available for checking: ‘survey’
Flavor: r-release-osx-x86_64-snowleopard

Version: 0.6.1
Check: Rd cross-references
Result: NOTE
    Package unavailable to check Rd xrefs: ‘survey’
Flavor: r-release-osx-x86_64-snowleopard