CRAN Package Check Results for Package logmult

Last updated on 2015-05-28 09:47:28.

Flavor Version Tinstall Tcheck Ttotal Status Flags
r-devel-linux-x86_64-debian-clang 0.6.2 3.04 66.17 69.21 OK
r-devel-linux-x86_64-debian-gcc 0.6.2 2.98 62.02 65.00 OK
r-devel-linux-x86_64-fedora-clang 0.6.2 135.16 OK
r-devel-linux-x86_64-fedora-gcc 0.6.2 123.46 OK
r-devel-osx-x86_64-clang 0.6.2 113.36 OK
r-devel-windows-ix86+x86_64 0.6.2 9.00 92.00 101.00 OK
r-patched-linux-x86_64 0.6.2 3.22 64.21 67.43 OK
r-patched-solaris-sparc 0.6.2 834.30 OK
r-patched-solaris-x86 0.6.2 176.50 OK
r-release-linux-x86_64 0.6.2 2.98 63.60 66.58 OK
r-release-osx-x86_64-mavericks 0.6.2 OK
r-release-osx-x86_64-snowleopard 0.6.2 NOTE
r-release-windows-ix86+x86_64 0.6.2 9.00 90.00 99.00 OK
r-oldrel-windows-ix86+x86_64 0.6.2 13.00 104.00 117.00 OK

Check Details

Version: 0.6.2
Check: package dependencies
Result: NOTE
    Package suggested but not available for checking: ‘survey’
Flavor: r-release-osx-x86_64-snowleopard

Version: 0.6.2
Check: Rd cross-references
Result: NOTE
    Package unavailable to check Rd xrefs: ‘survey’
Flavor: r-release-osx-x86_64-snowleopard