CRAN Package Check Results for Package logmult

Last updated on 2015-07-07 21:46:39.

Flavor Version Tinstall Tcheck Ttotal Status Flags
r-devel-linux-x86_64-debian-clang 0.6.2 3.48 63.30 66.78 NOTE
r-devel-linux-x86_64-debian-gcc 0.6.2 2.99 63.72 66.71 NOTE
r-devel-linux-x86_64-fedora-clang 0.6.2 129.62 NOTE
r-devel-linux-x86_64-fedora-gcc 0.6.2 123.11 NOTE
r-devel-osx-x86_64-clang 0.6.2 109.99 OK
r-devel-windows-ix86+x86_64 0.6.2 13.00 91.00 104.00 NOTE
r-patched-linux-x86_64 0.6.2 2.89 63.12 66.01 OK
r-patched-solaris-sparc 0.6.2 834.30 OK
r-patched-solaris-x86 0.6.2 176.00 OK
r-release-linux-x86_64 0.6.2 3.06 62.41 65.47 OK
r-release-osx-x86_64-mavericks 0.6.2 OK
r-release-windows-ix86+x86_64 0.6.2 12.00 91.00 103.00 OK
r-oldrel-windows-ix86+x86_64 0.6.2 10.00 113.00 123.00 OK

Check Details

Version: 0.6.2
Check: R code for possible problems
Result: NOTE
    anoas: no visible global function definition for ‘tail’
    anoasL: no visible global function definition for ‘tail’
    draw.arc: no visible global function definition for ‘xy.coords’
    plot.assoc: no visible global function definition for ‘rainbow’
    plot.assoc: no visible global function definition for ‘rgb2hsv’
    plot.assoc: no visible global function definition for ‘col2rgb’
    plot.assoc: no visible global function definition for ‘hsv’
    pointLabel: no visible global function definition for ‘xy.coords’
    pointLabel : shadowtext: no visible global function definition for
     ‘xy.coords’
    rc: no visible global function definition for ‘getS3method’
    rcL: no visible global function definition for ‘getS3method’
    rcL.trans: no visible global function definition for ‘head’
    rcL.trans: no visible global function definition for ‘tail’
    svyassocmod: no visible global function definition for ‘getS3method’
    Undefined global functions or variables:
     col2rgb getS3method head hsv rainbow rgb2hsv tail xy.coords
Flavors: r-devel-linux-x86_64-debian-clang, r-devel-linux-x86_64-debian-gcc, r-devel-linux-x86_64-fedora-clang, r-devel-linux-x86_64-fedora-gcc, r-devel-windows-ix86+x86_64