CRAN Package Check Results for Package logmult

Last updated on 2014-09-03 05:47:45.

Flavor Version Tinstall Tcheck Ttotal Status Flags
r-devel-linux-x86_64-debian-clang 0.6 3.99 75.96 79.95 NOTE
r-devel-linux-x86_64-debian-gcc 0.6 3.91 73.60 77.52 NOTE
r-devel-linux-x86_64-fedora-clang 0.6 182.77 NOTE
r-devel-linux-x86_64-fedora-gcc 0.6 173.08 NOTE
r-devel-osx-x86_64-clang 0.6 145.02 NOTE
r-devel-windows-ix86+x86_64 0.6 10.00 112.00 122.00 NOTE
r-patched-linux-x86_64 0.6 4.07 79.18 83.24 OK
r-patched-solaris-sparc 0.6 982.90 OK
r-patched-solaris-x86 0.6 250.30 OK
r-release-linux-ix86 0.6 4.90 96.71 101.61 OK
r-release-linux-x86_64 0.6 4.15 78.12 82.27 OK
r-release-osx-x86_64-mavericks 0.6 OK
r-release-osx-x86_64-snowleopard 0.6 OK
r-release-windows-ix86+x86_64 0.6 10.00 104.00 114.00 OK
r-oldrel-windows-ix86+x86_64 0.6 10.00 102.00 112.00 OK

Check Details

Version: 0.6
Check: R code for possible problems
Result: NOTE
    plot.assoc: no visible global function definition for ‘ellipse’
Flavors: r-devel-linux-x86_64-debian-clang, r-devel-linux-x86_64-debian-gcc, r-devel-linux-x86_64-fedora-clang, r-devel-linux-x86_64-fedora-gcc, r-devel-osx-x86_64-clang, r-devel-windows-ix86+x86_64