CRAN Package Check Results for Package logmult

Last updated on 2014-08-31 09:48:21.

Flavor Version Tinstall Tcheck Ttotal Status Flags
r-devel-linux-x86_64-debian-clang 0.6 4.76 75.42 80.18 NOTE
r-devel-linux-x86_64-debian-gcc 0.6 3.91 73.99 77.90 NOTE
r-devel-linux-x86_64-fedora-clang 0.6 184.58 NOTE
r-devel-linux-x86_64-fedora-gcc 0.6 173.08 NOTE
r-devel-osx-x86_64-clang 0.6 145.90 NOTE
r-devel-windows-ix86+x86_64 0.6 10.00 100.00 110.00 NOTE
r-patched-linux-x86_64 0.6 4.03 78.37 82.40 OK
r-patched-solaris-sparc 0.6 982.90 OK
r-patched-solaris-x86 0.6 237.00 OK
r-release-linux-ix86 0.6 4.90 96.89 101.79 OK
r-release-linux-x86_64 0.6 4.09 80.76 84.84 OK
r-release-osx-x86_64-mavericks 0.6 OK
r-release-osx-x86_64-snowleopard 0.6 OK
r-release-windows-ix86+x86_64 0.6 12.00 111.00 123.00 OK
r-oldrel-windows-ix86+x86_64 0.6 13.00 103.00 116.00 OK

Check Details

Version: 0.6
Check: R code for possible problems
Result: NOTE
    plot.assoc: no visible global function definition for ‘ellipse’
Flavors: r-devel-linux-x86_64-debian-clang, r-devel-linux-x86_64-debian-gcc, r-devel-linux-x86_64-fedora-clang, r-devel-linux-x86_64-fedora-gcc, r-devel-osx-x86_64-clang, r-devel-windows-ix86+x86_64