CRAN Package Check Results for Package logspline

Last updated on 2017-10-19 19:47:10.

Flavor Version Tinstall Tcheck Ttotal Status Flags
r-devel-linux-x86_64-debian-clang 2.1.9 6.81 14.56 21.38 NOTE
r-devel-linux-x86_64-debian-gcc 2.1.9 9.76 15.34 25.10 NOTE
r-devel-linux-x86_64-fedora-clang 2.1.9 37.72 NOTE
r-devel-linux-x86_64-fedora-gcc 2.1.9 33.88 NOTE
r-devel-windows-ix86+x86_64 2.1.9 31.00 38.00 69.00 NOTE
r-patched-linux-x86_64 2.1.9 8.02 14.63 22.65 NOTE
r-patched-solaris-x86 2.1.9 48.60 NOTE
r-release-linux-x86_64 2.1.9 8.32 15.07 23.39 NOTE
r-release-windows-ix86+x86_64 2.1.9 20.00 40.00 60.00 NOTE
r-release-osx-x86_64 2.1.9 NOTE
r-oldrel-windows-ix86+x86_64 2.1.9 20.00 32.00 52.00 NOTE
r-oldrel-osx-x86_64 2.1.9 NOTE

Check Details

Version: 2.1.9
Check: DESCRIPTION meta-information
Result: NOTE
    Malformed Description field: should contain one or more complete sentences.
Flavors: r-devel-linux-x86_64-debian-clang, r-devel-linux-x86_64-debian-gcc, r-devel-linux-x86_64-fedora-clang, r-devel-linux-x86_64-fedora-gcc, r-devel-windows-ix86+x86_64, r-patched-linux-x86_64, r-patched-solaris-x86, r-release-linux-x86_64, r-release-windows-ix86+x86_64, r-release-osx-x86_64, r-oldrel-windows-ix86+x86_64, r-oldrel-osx-x86_64

Version: 2.1.9
Check: compiled code
Result: NOTE
    File ‘logspline/libs/logspline.so’:
     Found no calls to: ‘R_registerRoutines’, ‘R_useDynamicSymbols’
    
    It is good practice to register native routines and to disable symbol
    search.
    
    See ‘Writing portable packages’ in the ‘Writing R Extensions’ manual.
Flavors: r-devel-linux-x86_64-debian-clang, r-devel-linux-x86_64-debian-gcc, r-devel-linux-x86_64-fedora-clang, r-devel-linux-x86_64-fedora-gcc, r-patched-linux-x86_64, r-release-linux-x86_64