CRAN Package Check Results for Package logspline

Last updated on 2017-08-18 12:52:27.

Flavor Version Tinstall Tcheck Ttotal Status Flags
r-devel-linux-x86_64-debian-clang 2.1.9 6.62 14.65 21.27 NOTE
r-devel-linux-x86_64-debian-gcc 2.1.9 8.78 14.28 23.06 NOTE
r-devel-linux-x86_64-fedora-clang 2.1.9 37.20 NOTE
r-devel-linux-x86_64-fedora-gcc 2.1.9 32.90 NOTE
r-devel-windows-ix86+x86_64 2.1.9 29.00 38.00 67.00 NOTE
r-patched-linux-x86_64 2.1.9 8.01 14.03 22.03 NOTE
r-patched-solaris-x86 2.1.9 47.80 NOTE
r-release-linux-x86_64 2.1.9 8.23 14.12 22.36 NOTE
r-release-windows-ix86+x86_64 2.1.9 20.00 40.00 60.00 NOTE
r-release-osx-x86_64 2.1.9 NOTE
r-oldrel-windows-ix86+x86_64 2.1.9 20.00 32.00 52.00 NOTE
r-oldrel-osx-x86_64 2.1.9 NOTE

Check Details

Version: 2.1.9
Check: DESCRIPTION meta-information
Result: NOTE
    Malformed Description field: should contain one or more complete sentences.
Flavors: r-devel-linux-x86_64-debian-clang, r-devel-linux-x86_64-debian-gcc, r-devel-linux-x86_64-fedora-clang, r-devel-linux-x86_64-fedora-gcc, r-devel-windows-ix86+x86_64, r-patched-linux-x86_64, r-patched-solaris-x86, r-release-linux-x86_64, r-release-windows-ix86+x86_64, r-release-osx-x86_64, r-oldrel-windows-ix86+x86_64, r-oldrel-osx-x86_64

Version: 2.1.9
Check: compiled code
Result: NOTE
    File ‘logspline/libs/logspline.so’:
     Found no calls to: ‘R_registerRoutines’, ‘R_useDynamicSymbols’
    
    It is good practice to register native routines and to disable symbol
    search.
    
    See ‘Writing portable packages’ in the ‘Writing R Extensions’ manual.
Flavors: r-devel-linux-x86_64-debian-clang, r-devel-linux-x86_64-debian-gcc, r-devel-linux-x86_64-fedora-clang, r-devel-linux-x86_64-fedora-gcc, r-patched-linux-x86_64, r-release-linux-x86_64