CRAN Package Check Results for Package logspline

Last updated on 2017-02-26 23:48:23.

Flavor Version Tinstall Tcheck Ttotal Status Flags
r-devel-linux-x86_64-debian-clang 2.1.9 6.65 14.01 20.66 NOTE
r-devel-linux-x86_64-debian-gcc 2.1.9 8.41 13.77 22.18 NOTE
r-devel-linux-x86_64-fedora-clang 2.1.9 36.15 NOTE --no-stop-on-test-error
r-devel-linux-x86_64-fedora-gcc 2.1.9 32.34 NOTE --no-stop-on-test-error
r-devel-macos-x86_64-clang 2.1.9 31.11 NOTE --no-stop-on-test-error
r-devel-windows-ix86+x86_64 2.1.9 22.00 69.00 91.00 NOTE
r-patched-linux-x86_64 2.1.9 7.95 11.68 19.63 NOTE
r-patched-solaris-sparc 2.1.9 170.90 NOTE
r-patched-solaris-x86 2.1.9 41.40 NOTE
r-release-linux-x86_64 2.1.9 7.77 11.33 19.11 NOTE
r-release-osx-x86_64-mavericks 2.1.9 NOTE
r-release-windows-ix86+x86_64 2.1.9 20.00 32.00 52.00 NOTE
r-oldrel-windows-ix86+x86_64 2.1.9 18.00 32.00 50.00 NOTE

Check Details

Version: 2.1.9
Check: DESCRIPTION meta-information
Result: NOTE
    Malformed Description field: should contain one or more complete sentences.
Flavors: r-devel-linux-x86_64-debian-clang, r-devel-linux-x86_64-debian-gcc, r-devel-windows-ix86+x86_64, r-patched-linux-x86_64, r-patched-solaris-sparc, r-patched-solaris-x86, r-release-linux-x86_64, r-release-osx-x86_64-mavericks, r-release-windows-ix86+x86_64, r-oldrel-windows-ix86+x86_64

Version: 2.1.9
Check: compiled code
Result: NOTE
    File ‘logspline/libs/logspline.so’:
     Found no calls to: ‘R_registerRoutines’, ‘R_useDynamicSymbols’
    
    It is good practice to register native routines and to disable symbol
    search.
    
    See ‘Writing portable packages’ in the ‘Writing R Extensions’ manual.
Flavors: r-devel-linux-x86_64-debian-clang, r-devel-linux-x86_64-debian-gcc

Version: 2.1.9
Flags: --no-stop-on-test-error
Check: DESCRIPTION meta-information
Result: NOTE
    Malformed Description field: should contain one or more complete sentences.
Flavors: r-devel-linux-x86_64-fedora-clang, r-devel-linux-x86_64-fedora-gcc, r-devel-macos-x86_64-clang

Version: 2.1.9
Flags: --no-stop-on-test-error
Check: compiled code
Result: NOTE
    File ‘logspline/libs/logspline.so’:
     Found no calls to: ‘R_registerRoutines’, ‘R_useDynamicSymbols’
    
    It is good practice to register native routines and to disable symbol
    search.
    
    See ‘Writing portable packages’ in the ‘Writing R Extensions’ manual.
Flavors: r-devel-linux-x86_64-fedora-clang, r-devel-linux-x86_64-fedora-gcc, r-devel-macos-x86_64-clang