CRAN Package Check Results for Package logspline

Last updated on 2016-09-29 23:47:37.

Flavor Version Tinstall Tcheck Ttotal Status Flags
r-devel-linux-x86_64-debian-clang 2.1.9 6.47 12.42 18.89 NOTE
r-devel-linux-x86_64-debian-gcc 2.1.9 8.51 12.67 21.18 NOTE
r-devel-linux-x86_64-fedora-clang 2.1.9 34.34 NOTE
r-devel-linux-x86_64-fedora-gcc 2.1.9 28.42 NOTE
r-devel-macos-x86_64-clang 2.1.9 27.37 NOTE
r-devel-windows-ix86+x86_64 2.1.9 28.00 39.00 67.00 NOTE
r-patched-linux-x86_64 2.1.9 8.11 12.02 20.13 NOTE
r-patched-solaris-sparc 2.1.9 168.90 NOTE
r-patched-solaris-x86 2.1.9 39.90 NOTE
r-release-linux-x86_64 2.1.9 7.99 11.80 19.79 NOTE
r-release-osx-x86_64-mavericks 2.1.9 NOTE
r-release-windows-ix86+x86_64 2.1.9 19.00 30.00 49.00 NOTE
r-oldrel-windows-ix86+x86_64 2.1.9 22.00 33.00 55.00 NOTE

Check Details

Version: 2.1.9
Check: DESCRIPTION meta-information
Result: NOTE
    Malformed Description field: should contain one or more complete sentences.
Flavors: r-devel-linux-x86_64-debian-clang, r-devel-linux-x86_64-debian-gcc, r-devel-linux-x86_64-fedora-clang, r-devel-linux-x86_64-fedora-gcc, r-devel-macos-x86_64-clang, r-devel-windows-ix86+x86_64, r-patched-linux-x86_64, r-patched-solaris-sparc, r-patched-solaris-x86, r-release-linux-x86_64, r-release-osx-x86_64-mavericks, r-release-windows-ix86+x86_64, r-oldrel-windows-ix86+x86_64