CRAN Package Check Results for Package logspline

Last updated on 2016-05-26 11:49:39.

Flavor Version Tinstall Tcheck Ttotal Status Flags
r-devel-linux-x86_64-debian-gcc 2.1.9 8.51 11.77 20.29 NOTE
r-devel-linux-x86_64-fedora-clang 2.1.9 34.46 NOTE
r-devel-linux-x86_64-fedora-gcc 2.1.9 28.03 NOTE
r-devel-osx-x86_64-clang 2.1.9 34.53 NOTE
r-devel-windows-ix86+x86_64 2.1.9 19.00 33.00 52.00 NOTE
r-patched-linux-x86_64 2.1.9 7.84 11.93 19.77 NOTE
r-patched-solaris-sparc 2.1.9 167.00 NOTE
r-patched-solaris-x86 2.1.9 41.20 NOTE
r-release-linux-x86_64 2.1.9 7.86 11.81 19.67 NOTE
r-release-osx-x86_64-mavericks 2.1.9 NOTE
r-release-windows-ix86+x86_64 2.1.9 23.00 40.00 63.00 NOTE
r-oldrel-windows-ix86+x86_64 2.1.9 22.00 33.00 55.00 NOTE

Check Details

Version: 2.1.9
Check: DESCRIPTION meta-information
Result: NOTE
    Malformed Description field: should contain one or more complete sentences.
Flavors: r-devel-linux-x86_64-debian-gcc, r-devel-linux-x86_64-fedora-clang, r-devel-linux-x86_64-fedora-gcc, r-devel-osx-x86_64-clang, r-devel-windows-ix86+x86_64, r-patched-linux-x86_64, r-patched-solaris-sparc, r-patched-solaris-x86, r-release-linux-x86_64, r-release-osx-x86_64-mavericks, r-release-windows-ix86+x86_64, r-oldrel-windows-ix86+x86_64