CRAN Package Check Results for Package logspline

Last updated on 2016-12-06 06:47:52.

Flavor Version Tinstall Tcheck Ttotal Status Flags
r-devel-linux-x86_64-debian-clang 2.1.9 6.75 14.01 20.76 NOTE
r-devel-linux-x86_64-debian-gcc 2.1.9 8.45 13.73 22.18 NOTE
r-devel-linux-x86_64-fedora-clang 2.1.9 37.30 NOTE --no-stop-on-test-error
r-devel-linux-x86_64-fedora-gcc 2.1.9 33.35 NOTE --no-stop-on-test-error
r-devel-macos-x86_64-clang 2.1.9 31.01 NOTE
r-devel-windows-ix86+x86_64 2.1.9 30.00 36.00 66.00 NOTE
r-patched-linux-x86_64 2.1.9 7.68 12.19 19.87 NOTE
r-patched-solaris-sparc 2.1.9 168.90 NOTE
r-patched-solaris-x86 2.1.9 40.30 NOTE
r-release-linux-x86_64 2.1.9 7.85 11.99 19.84 NOTE
r-release-osx-x86_64-mavericks 2.1.9 NOTE
r-release-windows-ix86+x86_64 2.1.9 20.00 32.00 52.00 NOTE
r-oldrel-windows-ix86+x86_64 2.1.9 18.00 32.00 50.00 NOTE

Check Details

Version: 2.1.9
Check: DESCRIPTION meta-information
Result: NOTE
    Malformed Description field: should contain one or more complete sentences.
Flavors: r-devel-linux-x86_64-debian-clang, r-devel-linux-x86_64-debian-gcc, r-devel-macos-x86_64-clang, r-devel-windows-ix86+x86_64, r-patched-linux-x86_64, r-patched-solaris-sparc, r-patched-solaris-x86, r-release-linux-x86_64, r-release-osx-x86_64-mavericks, r-release-windows-ix86+x86_64, r-oldrel-windows-ix86+x86_64

Version: 2.1.9
Flags: --no-stop-on-test-error
Check: DESCRIPTION meta-information
Result: NOTE
    Malformed Description field: should contain one or more complete sentences.
Flavors: r-devel-linux-x86_64-fedora-clang, r-devel-linux-x86_64-fedora-gcc