CRAN Package Check Results for Package logspline

Last updated on 2015-04-18 08:48:45.

Flavor Version Tinstall Tcheck Ttotal Status Flags
r-devel-linux-x86_64-debian-clang 2.1.5 4.44 11.55 15.98 NOTE
r-devel-linux-x86_64-debian-gcc 2.1.5 7.81 11.58 19.40 NOTE
r-devel-linux-x86_64-fedora-clang 2.1.5 31.10 NOTE
r-devel-linux-x86_64-fedora-gcc 2.1.5 30.73 NOTE
r-devel-osx-x86_64-clang 2.1.5 32.43 NOTE
r-prerel-windows-ix86+x86_64 2.1.5 22.00 24.00 46.00 OK
r-prerel-linux-x86_64 2.1.5 7.76 11.37 19.13 NOTE
r-prerel-solaris-sparc 2.1.5 165.40 OK
r-prerel-solaris-x86 2.1.5 45.00 OK
r-release-linux-x86_64 2.1.5 7.94 12.21 20.16 OK
r-release-osx-x86_64-mavericks 2.1.5 OK
r-release-windows-ix86+x86_64 2.1.5 23.00 25.00 48.00 OK
r-oldrel-windows-ix86+x86_64 2.1.5 18.00 24.00 42.00 OK

Check Details

Version: 2.1.5
Check: S3 generic/method consistency
Result: NOTE
    Found the following apparent S3 methods exported but not registered:
     plot.logspline plot.oldlogspline print.logspline print.oldlogspline
     summary.logspline summary.oldlogspline
    See section ‘Registering S3 methods’ in the ‘Writing R Extensions’
    manual.
Flavors: r-devel-linux-x86_64-debian-clang, r-devel-linux-x86_64-debian-gcc, r-devel-linux-x86_64-fedora-clang, r-devel-linux-x86_64-fedora-gcc, r-devel-osx-x86_64-clang, r-prerel-linux-x86_64