CRAN Package Check Results for Package logspline

Last updated on 2015-05-23 03:48:46.

Flavor Version Tinstall Tcheck Ttotal Status Flags
r-devel-linux-x86_64-debian-clang 2.1.5 4.41 12.20 16.60 NOTE
r-devel-linux-x86_64-debian-gcc 2.1.5 7.72 11.84 19.55 NOTE
r-devel-linux-x86_64-fedora-clang 2.1.5 31.04 NOTE
r-devel-linux-x86_64-fedora-gcc 2.1.5 29.87 NOTE
r-devel-osx-x86_64-clang 2.1.5 32.00 NOTE
r-devel-windows-ix86+x86_64 2.1.5 23.00 23.00 46.00 OK
r-patched-linux-x86_64 2.1.5 7.73 11.45 19.18 NOTE
r-patched-solaris-sparc 2.1.5 192.30 NOTE
r-patched-solaris-x86 2.1.5 44.70 NOTE
r-release-linux-x86_64 2.1.5 7.78 12.50 20.28 NOTE
r-release-osx-x86_64-mavericks 2.1.5 OK
r-release-osx-x86_64-snowleopard 2.1.5 OK
r-release-windows-ix86+x86_64 2.1.5 17.00 25.00 42.00 OK
r-oldrel-windows-ix86+x86_64 2.1.5 23.00 25.00 48.00 OK

Check Details

Version: 2.1.5
Check: S3 generic/method consistency
Result: NOTE
    Found the following apparent S3 methods exported but not registered:
     plot.logspline plot.oldlogspline print.logspline print.oldlogspline
     summary.logspline summary.oldlogspline
    See section ‘Registering S3 methods’ in the ‘Writing R Extensions’
    manual.
Flavors: r-devel-linux-x86_64-debian-clang, r-devel-linux-x86_64-debian-gcc, r-devel-linux-x86_64-fedora-clang, r-devel-linux-x86_64-fedora-gcc, r-devel-osx-x86_64-clang, r-patched-linux-x86_64, r-patched-solaris-sparc, r-patched-solaris-x86, r-release-linux-x86_64