CRAN Package Check Results for Package logspline

Last updated on 2015-03-29 19:48:44.

Flavor Version Tinstall Tcheck Ttotal Status Flags
r-devel-linux-x86_64-debian-clang 2.1.5 4.39 11.84 16.23 NOTE
r-devel-linux-x86_64-debian-gcc 2.1.5 7.66 11.38 19.03 NOTE
r-devel-linux-x86_64-fedora-clang 2.1.5 31.91 NOTE
r-devel-linux-x86_64-fedora-gcc 2.1.5 34.89 NOTE
r-devel-osx-x86_64-clang 2.1.5 35.72 NOTE
r-prerel-windows-ix86+x86_64 2.1.5 23.00 24.00 47.00 OK
r-prerel-linux-x86_64 2.1.5 7.66 11.98 19.64 NOTE
r-prerel-solaris-sparc 2.1.5 165.40 OK
r-prerel-solaris-x86 2.1.5 44.50 OK
r-release-linux-x86_64 2.1.5 7.81 12.28 20.10 OK
r-release-osx-x86_64-mavericks 2.1.5 OK
r-release-windows-ix86+x86_64 2.1.5 23.00 25.00 48.00 OK
r-oldrel-windows-ix86+x86_64 2.1.5 18.00 24.00 42.00 OK

Check Details

Version: 2.1.5
Check: S3 generic/method consistency
Result: NOTE
    Found the following apparent S3 methods exported but not registered:
     plot.logspline plot.oldlogspline print.logspline print.oldlogspline
     summary.logspline summary.oldlogspline
    See section ‘Registering S3 methods’ in the ‘Writing R Extensions’
    manual.
Flavors: r-devel-linux-x86_64-debian-clang, r-devel-linux-x86_64-debian-gcc, r-devel-linux-x86_64-fedora-clang, r-devel-linux-x86_64-fedora-gcc, r-devel-osx-x86_64-clang, r-prerel-linux-x86_64