CRAN Package Check Results for Package logspline

Last updated on 2017-01-17 19:49:50.

Flavor Version Tinstall Tcheck Ttotal Status Flags
r-devel-linux-x86_64-debian-clang 2.1.9 6.73 13.88 20.61 NOTE
r-devel-linux-x86_64-debian-gcc 2.1.9 8.19 13.88 22.07 NOTE
r-devel-linux-x86_64-fedora-clang 2.1.9 35.05 NOTE --no-stop-on-test-error
r-devel-linux-x86_64-fedora-gcc 2.1.9 32.09 NOTE --no-stop-on-test-error
r-devel-macos-x86_64-clang 2.1.9 30.43 NOTE --no-stop-on-test-error
r-devel-windows-ix86+x86_64 2.1.9 38.00 35.00 73.00 NOTE
r-patched-linux-x86_64 2.1.9 7.53 11.97 19.50 NOTE
r-patched-solaris-sparc 2.1.9 170.90 NOTE
r-patched-solaris-x86 2.1.9 42.80 NOTE
r-release-linux-x86_64 2.1.9 7.67 11.90 19.57 NOTE
r-release-osx-x86_64-mavericks 2.1.9 NOTE
r-release-windows-ix86+x86_64 2.1.9 20.00 32.00 52.00 NOTE
r-oldrel-windows-ix86+x86_64 2.1.9 18.00 32.00 50.00 NOTE

Check Details

Version: 2.1.9
Check: DESCRIPTION meta-information
Result: NOTE
    Malformed Description field: should contain one or more complete sentences.
Flavors: r-devel-linux-x86_64-debian-clang, r-devel-linux-x86_64-debian-gcc, r-devel-windows-ix86+x86_64, r-patched-linux-x86_64, r-patched-solaris-sparc, r-patched-solaris-x86, r-release-linux-x86_64, r-release-osx-x86_64-mavericks, r-release-windows-ix86+x86_64, r-oldrel-windows-ix86+x86_64

Version: 2.1.9
Flags: --no-stop-on-test-error
Check: DESCRIPTION meta-information
Result: NOTE
    Malformed Description field: should contain one or more complete sentences.
Flavors: r-devel-linux-x86_64-fedora-clang, r-devel-linux-x86_64-fedora-gcc, r-devel-macos-x86_64-clang