CRAN Package Check Results for Package logspline

Last updated on 2017-05-24 22:47:18.

Flavor Version Tinstall Tcheck Ttotal Status Flags
r-devel-linux-x86_64-debian-clang 2.1.9 6.82 14.00 20.83 NOTE
r-devel-linux-x86_64-debian-gcc 2.1.9 8.34 13.79 22.14 NOTE
r-devel-linux-x86_64-fedora-clang 2.1.9 36.06 NOTE --no-stop-on-test-error
r-devel-linux-x86_64-fedora-gcc 2.1.9 32.18 NOTE --no-stop-on-test-error
r-devel-windows-ix86+x86_64 2.1.9 33.00 40.00 73.00 NOTE
r-patched-linux-x86_64 2.1.9 8.17 13.64 21.81 NOTE
r-patched-solaris-sparc 2.1.9 201.70 NOTE
r-patched-solaris-x86 2.1.9 48.90 NOTE
r-release-linux-x86_64 2.1.9 8.27 14.54 22.81 NOTE
r-release-windows-ix86+x86_64 2.1.9 22.00 37.00 59.00 NOTE
r-release-osx-x86_64 2.1.9 NOTE
r-oldrel-windows-ix86+x86_64 2.1.9 20.00 32.00 52.00 NOTE
r-oldrel-osx-x86_64 2.1.9 NOTE

Check Details

Version: 2.1.9
Check: DESCRIPTION meta-information
Result: NOTE
    Malformed Description field: should contain one or more complete sentences.
Flavors: r-devel-linux-x86_64-debian-clang, r-devel-linux-x86_64-debian-gcc, r-devel-windows-ix86+x86_64, r-patched-linux-x86_64, r-patched-solaris-sparc, r-patched-solaris-x86, r-release-linux-x86_64, r-release-windows-ix86+x86_64, r-release-osx-x86_64, r-oldrel-windows-ix86+x86_64, r-oldrel-osx-x86_64

Version: 2.1.9
Check: compiled code
Result: NOTE
    File ‘logspline/libs/logspline.so’:
     Found no calls to: ‘R_registerRoutines’, ‘R_useDynamicSymbols’
    
    It is good practice to register native routines and to disable symbol
    search.
    
    See ‘Writing portable packages’ in the ‘Writing R Extensions’ manual.
Flavors: r-devel-linux-x86_64-debian-clang, r-devel-linux-x86_64-debian-gcc, r-patched-linux-x86_64, r-release-linux-x86_64

Version: 2.1.9
Flags: --no-stop-on-test-error
Check: DESCRIPTION meta-information
Result: NOTE
    Malformed Description field: should contain one or more complete sentences.
Flavors: r-devel-linux-x86_64-fedora-clang, r-devel-linux-x86_64-fedora-gcc

Version: 2.1.9
Flags: --no-stop-on-test-error
Check: compiled code
Result: NOTE
    File ‘logspline/libs/logspline.so’:
     Found no calls to: ‘R_registerRoutines’, ‘R_useDynamicSymbols’
    
    It is good practice to register native routines and to disable symbol
    search.
    
    See ‘Writing portable packages’ in the ‘Writing R Extensions’ manual.
Flavors: r-devel-linux-x86_64-fedora-clang, r-devel-linux-x86_64-fedora-gcc