CRAN Package Check Results for Package logspline

Last updated on 2016-06-25 18:46:45.

Flavor Version Tinstall Tcheck Ttotal Status Flags
r-devel-linux-x86_64-debian-gcc 2.1.9 8.57 12.55 21.13 NOTE
r-devel-linux-x86_64-fedora-clang 2.1.9 31.98 NOTE
r-devel-linux-x86_64-fedora-gcc 2.1.9 27.76 NOTE
r-devel-osx-x86_64-clang 2.1.9 27.82 NOTE
r-devel-windows-ix86+x86_64 2.1.9 25.00 31.00 56.00 NOTE
r-patched-linux-x86_64 2.1.9 7.99 12.23 20.23 NOTE
r-patched-solaris-sparc 2.1.9 168.90 NOTE
r-patched-solaris-x86 2.1.9 40.90 NOTE
r-release-linux-x86_64 2.1.9 8.20 12.56 20.77 NOTE
r-release-osx-x86_64-mavericks 2.1.9 NOTE
r-release-windows-ix86+x86_64 2.1.9 23.00 40.00 63.00 NOTE
r-oldrel-windows-ix86+x86_64 2.1.9 22.00 33.00 55.00 NOTE

Check Details

Version: 2.1.9
Check: DESCRIPTION meta-information
Result: NOTE
    Malformed Description field: should contain one or more complete sentences.
Flavors: r-devel-linux-x86_64-debian-gcc, r-devel-linux-x86_64-fedora-clang, r-devel-linux-x86_64-fedora-gcc, r-devel-osx-x86_64-clang, r-devel-windows-ix86+x86_64, r-patched-linux-x86_64, r-patched-solaris-sparc, r-patched-solaris-x86, r-release-linux-x86_64, r-release-osx-x86_64-mavericks, r-release-windows-ix86+x86_64, r-oldrel-windows-ix86+x86_64