CRAN Package Check Results for Package logspline

Last updated on 2015-02-28 12:51:16.

Flavor Version Tinstall Tcheck Ttotal Status Flags
r-devel-linux-x86_64-debian-clang 2.1.5 4.48 11.57 16.05 NOTE
r-devel-linux-x86_64-debian-gcc 2.1.5 7.79 11.33 19.12 NOTE
r-devel-linux-x86_64-fedora-clang 2.1.5 32.65 NOTE
r-devel-linux-x86_64-fedora-gcc 2.1.5 32.76 NOTE
r-devel-osx-x86_64-clang 2.1.5 32.83 NOTE
r-devel-windows-ix86+x86_64 2.1.5 18.00 23.00 41.00 OK
r-patched-linux-x86_64 2.1.5 7.88 12.44 20.33 OK
r-patched-solaris-sparc 2.1.5 177.90 OK
r-patched-solaris-x86 2.1.5 48.60 OK
r-release-linux-ix86 2.1.5 8.08 18.49 26.57 OK
r-release-linux-x86_64 2.1.5 8.85 12.65 21.50 OK
r-release-osx-x86_64-mavericks 2.1.5 OK
r-release-windows-ix86+x86_64 2.1.5 16.00 32.00 48.00 OK
r-oldrel-windows-ix86+x86_64 2.1.5 18.00 24.00 42.00 OK

Check Details

Version: 2.1.5
Check: S3 generic/method consistency
Result: NOTE
    Found the following apparent S3 methods exported but not registered:
     plot.logspline plot.oldlogspline print.logspline print.oldlogspline
     summary.logspline summary.oldlogspline
    See section ‘Registering S3 methods’ in the ‘Writing R Extensions’
    manual.
Flavors: r-devel-linux-x86_64-debian-clang, r-devel-linux-x86_64-debian-gcc, r-devel-linux-x86_64-fedora-clang, r-devel-linux-x86_64-fedora-gcc, r-devel-osx-x86_64-clang