CRAN Package Check Results for Package logspline

Last updated on 2017-06-22 19:47:01.

Flavor Version Tinstall Tcheck Ttotal Status Flags
r-devel-linux-x86_64-debian-clang 2.1.9 7.13 15.25 22.38 NOTE
r-devel-linux-x86_64-debian-gcc 2.1.9 8.71 14.91 23.62 NOTE
r-devel-linux-x86_64-fedora-clang 2.1.9 35.93 NOTE
r-devel-linux-x86_64-fedora-gcc 2.1.9 31.89 NOTE
r-devel-windows-ix86+x86_64 2.1.9 21.00 58.00 79.00 NOTE
r-patched-linux-x86_64 2.1.9 8.34 14.32 22.66 NOTE
r-patched-solaris-sparc 2.1.9 201.70 NOTE
r-patched-solaris-x86 2.1.9 49.30 NOTE
r-release-linux-x86_64 2.1.9 8.32 14.06 22.38 NOTE
r-release-windows-ix86+x86_64 2.1.9 22.00 37.00 59.00 NOTE
r-release-osx-x86_64 2.1.9 NOTE
r-oldrel-windows-ix86+x86_64 2.1.9 20.00 32.00 52.00 NOTE
r-oldrel-osx-x86_64 2.1.9 NOTE

Check Details

Version: 2.1.9
Check: DESCRIPTION meta-information
Result: NOTE
    Malformed Description field: should contain one or more complete sentences.
Flavors: r-devel-linux-x86_64-debian-clang, r-devel-linux-x86_64-debian-gcc, r-devel-linux-x86_64-fedora-clang, r-devel-linux-x86_64-fedora-gcc, r-devel-windows-ix86+x86_64, r-patched-linux-x86_64, r-patched-solaris-sparc, r-patched-solaris-x86, r-release-linux-x86_64, r-release-windows-ix86+x86_64, r-release-osx-x86_64, r-oldrel-windows-ix86+x86_64, r-oldrel-osx-x86_64

Version: 2.1.9
Check: compiled code
Result: NOTE
    File ‘logspline/libs/logspline.so’:
     Found no calls to: ‘R_registerRoutines’, ‘R_useDynamicSymbols’
    
    It is good practice to register native routines and to disable symbol
    search.
    
    See ‘Writing portable packages’ in the ‘Writing R Extensions’ manual.
Flavors: r-devel-linux-x86_64-debian-clang, r-devel-linux-x86_64-debian-gcc, r-devel-linux-x86_64-fedora-clang, r-devel-linux-x86_64-fedora-gcc, r-patched-linux-x86_64, r-release-linux-x86_64