CRAN Package Check Results for Package logspline

Last updated on 2015-01-31 13:48:26.

Flavor Version Tinstall Tcheck Ttotal Status Flags
r-devel-linux-x86_64-debian-clang 2.1.5 4.96 11.47 16.44 NOTE
r-devel-linux-x86_64-debian-gcc 2.1.5 8.04 11.29 19.33 NOTE
r-devel-linux-x86_64-fedora-clang 2.1.5 33.93 NOTE
r-devel-linux-x86_64-fedora-gcc 2.1.5 34.86 NOTE
r-devel-osx-x86_64-clang 2.1.5 34.66 NOTE
r-devel-windows-ix86+x86_64 2.1.5 17.00 23.00 40.00 OK
r-patched-linux-x86_64 2.1.5 7.76 13.05 20.81 OK
r-patched-solaris-sparc 2.1.5 177.90 OK
r-patched-solaris-x86 2.1.5 49.70 OK
r-release-linux-ix86 2.1.5 8.11 18.82 26.93 OK
r-release-linux-x86_64 2.1.5 7.73 12.92 20.65 OK
r-release-osx-x86_64-mavericks 2.1.5 OK
r-release-windows-ix86+x86_64 2.1.5 16.00 32.00 48.00 OK
r-oldrel-windows-ix86+x86_64 2.1.5 18.00 24.00 42.00 OK

Check Details

Version: 2.1.5
Check: S3 generic/method consistency
Result: NOTE
    Found the following apparent S3 methods exported but not registered:
     print.logspline print.oldlogspline summary.logspline
     summary.oldlogspline plot.logspline plot.oldlogspline
    See section ‘Registering S3 methods’ in the ‘Writing R Extensions’
    manual.
Flavors: r-devel-linux-x86_64-debian-clang, r-devel-linux-x86_64-debian-gcc, r-devel-linux-x86_64-fedora-clang, r-devel-linux-x86_64-fedora-gcc, r-devel-osx-x86_64-clang