CRAN Package Check Results for Package logspline

Last updated on 2016-08-30 22:47:37.

Flavor Version Tinstall Tcheck Ttotal Status Flags
r-devel-linux-x86_64-debian-clang 2.1.9 6.56 11.98 18.54 NOTE
r-devel-linux-x86_64-debian-gcc 2.1.9 8.63 12.29 20.92 NOTE
r-devel-linux-x86_64-fedora-clang 2.1.9 32.68 NOTE
r-devel-linux-x86_64-fedora-gcc 2.1.9 29.24 NOTE
r-devel-osx-x86_64-clang 2.1.9 27.85 NOTE
r-devel-windows-ix86+x86_64 2.1.9 27.00 40.00 67.00 NOTE
r-patched-linux-x86_64 2.1.9 7.83 12.17 20.01 NOTE
r-patched-solaris-sparc 2.1.9 168.90 NOTE
r-patched-solaris-x86 2.1.9 40.00 NOTE
r-release-linux-x86_64 2.1.9 7.89 11.90 19.79 NOTE
r-release-osx-x86_64-mavericks 2.1.9 NOTE
r-release-windows-ix86+x86_64 2.1.9 23.00 40.00 63.00 NOTE
r-oldrel-windows-ix86+x86_64 2.1.9 22.00 33.00 55.00 NOTE

Check Details

Version: 2.1.9
Check: DESCRIPTION meta-information
Result: NOTE
    Malformed Description field: should contain one or more complete sentences.
Flavors: r-devel-linux-x86_64-debian-clang, r-devel-linux-x86_64-debian-gcc, r-devel-linux-x86_64-fedora-clang, r-devel-linux-x86_64-fedora-gcc, r-devel-osx-x86_64-clang, r-devel-windows-ix86+x86_64, r-patched-linux-x86_64, r-patched-solaris-sparc, r-patched-solaris-x86, r-release-linux-x86_64, r-release-osx-x86_64-mavericks, r-release-windows-ix86+x86_64, r-oldrel-windows-ix86+x86_64