CRAN Package Check Results for Package logspline

Last updated on 2016-02-11 11:50:13.

Flavor Version Tinstall Tcheck Ttotal Status Flags
r-devel-linux-x86_64-debian-gcc 2.1.9 7.73 10.85 18.58 NOTE
r-devel-linux-x86_64-fedora-clang 2.1.9 29.95 NOTE
r-devel-linux-x86_64-fedora-gcc 2.1.9 27.88 NOTE
r-devel-osx-x86_64-clang 2.1.9 31.04 NOTE
r-devel-windows-ix86+x86_64 2.1.9 24.00 28.00 52.00 NOTE
r-patched-linux-x86_64 2.1.9 7.87 11.88 19.75 NOTE
r-patched-solaris-sparc 2.1.9 164.90 NOTE
r-patched-solaris-x86 2.1.9 40.00 NOTE
r-release-linux-x86_64 2.1.9 7.78 12.28 20.07 NOTE
r-release-osx-x86_64-mavericks 2.1.9 NOTE
r-release-windows-ix86+x86_64 2.1.9 22.00 33.00 55.00 NOTE
r-oldrel-windows-ix86+x86_64 2.1.9 21.00 49.00 70.00 OK

Check Details

Version: 2.1.9
Check: DESCRIPTION meta-information
Result: NOTE
    Malformed Description field: should contain one or more complete sentences.
Flavors: r-devel-linux-x86_64-debian-gcc, r-devel-linux-x86_64-fedora-clang, r-devel-linux-x86_64-fedora-gcc, r-devel-osx-x86_64-clang, r-devel-windows-ix86+x86_64, r-patched-linux-x86_64, r-patched-solaris-sparc, r-patched-solaris-x86, r-release-linux-x86_64, r-release-osx-x86_64-mavericks, r-release-windows-ix86+x86_64