CRAN Package Check Results for Package lokern

Last updated on 2017-05-24 05:50:09.

Flavor Version Tinstall Tcheck Ttotal Status Flags
r-devel-linux-x86_64-debian-clang 1.1-8 2.75 16.67 19.42 NOTE
r-devel-linux-x86_64-debian-gcc 1.1-8 2.75 16.05 18.79 NOTE
r-devel-linux-x86_64-fedora-clang 1.1-8 31.10 NOTE --no-stop-on-test-error
r-devel-linux-x86_64-fedora-gcc 1.1-8 30.72 NOTE --no-stop-on-test-error
r-devel-windows-ix86+x86_64 1.1-8 14.00 55.00 69.00 OK
r-patched-linux-x86_64 1.1-8 2.77 16.24 19.01 NOTE
r-patched-solaris-sparc 1.1-8 160.80 OK --no-examples --no-tests
r-patched-solaris-x86 1.1-8 43.30 OK --no-tests
r-release-linux-x86_64 1.1-8 2.84 16.49 19.33 NOTE
r-release-windows-ix86+x86_64 1.1-8 13.00 58.00 71.00 OK
r-release-osx-x86_64 1.1-8 OK
r-oldrel-windows-ix86+x86_64 1.1-8 13.00 55.00 68.00 OK
r-oldrel-osx-x86_64 1.1-8 OK

Additional issues

valgrind

Check Details

Version: 1.1-8
Check: compiled code
Result: NOTE
    File ‘lokern/libs/lokern.so’:
     Found no calls to: ‘R_registerRoutines’, ‘R_useDynamicSymbols’
    
    It is good practice to register native routines and to disable symbol
    search.
    
    See ‘Writing portable packages’ in the ‘Writing R Extensions’ manual.
Flavors: r-devel-linux-x86_64-debian-clang, r-devel-linux-x86_64-debian-gcc, r-patched-linux-x86_64, r-release-linux-x86_64

Version: 1.1-8
Flags: --no-stop-on-test-error
Check: compiled code
Result: NOTE
    File ‘lokern/libs/lokern.so’:
     Found no calls to: ‘R_registerRoutines’, ‘R_useDynamicSymbols’
    
    It is good practice to register native routines and to disable symbol
    search.
    
    See ‘Writing portable packages’ in the ‘Writing R Extensions’ manual.
Flavors: r-devel-linux-x86_64-fedora-clang, r-devel-linux-x86_64-fedora-gcc