CRAN Package Check Results for Package lokern

Last updated on 2017-12-13 23:14:27 CET.

Flavor Version Tinstall Tcheck Ttotal Status Flags
r-devel-linux-x86_64-debian-clang 1.1-8 3.13 15.90 19.03 FAIL
r-devel-linux-x86_64-debian-gcc 1.1-8 2.57 13.83 16.40 FAIL
r-devel-linux-x86_64-fedora-clang 1.1-8 30.38 NOTE
r-devel-linux-x86_64-fedora-gcc 1.1-8 31.43 NOTE
r-devel-windows-ix86+x86_64 1.1-8 19.00 44.00 63.00 OK
r-patched-linux-x86_64 1.1-8 2.86 23.65 26.51 NOTE
r-patched-solaris-x86 1.1-8 41.40 OK --no-tests
r-release-linux-x86_64 1.1-8 3.12 23.27 26.39 NOTE
r-release-windows-ix86+x86_64 1.1-8 11.00 65.00 76.00 OK
r-release-osx-x86_64 1.1-8 OK
r-oldrel-windows-ix86+x86_64 1.1-8 15.00 55.00 70.00 OK
r-oldrel-osx-x86_64 1.1-8 OK

Additional issues

valgrind

Check Details

Version: 1.1-8
Check: pragmas in C/C++ headers and code
Result: FAIL
    
Flavors: r-devel-linux-x86_64-debian-clang, r-devel-linux-x86_64-debian-gcc

Version: 1.1-8
Check: compiled code
Result: NOTE
    File ‘lokern/libs/lokern.so’:
     Found no calls to: ‘R_registerRoutines’, ‘R_useDynamicSymbols’
    
    It is good practice to register native routines and to disable symbol
    search.
    
    See ‘Writing portable packages’ in the ‘Writing R Extensions’ manual.
Flavors: r-devel-linux-x86_64-fedora-clang, r-devel-linux-x86_64-fedora-gcc, r-patched-linux-x86_64, r-release-linux-x86_64