CRAN Package Check Results for Package lokern

Last updated on 2016-05-01 06:50:25.

Flavor Version Tinstall Tcheck Ttotal Status Flags
r-devel-linux-x86_64-debian-gcc 1.1-6 2.43 12.44 14.87 NOTE
r-devel-linux-x86_64-fedora-clang 1.1-6 25.03 NOTE
r-devel-linux-x86_64-fedora-gcc 1.1-6 24.07 NOTE
r-devel-osx-x86_64-clang 1.1-6 29.12 NOTE
r-devel-windows-ix86+x86_64 1.1-6 10.00 34.00 44.00 ERROR
r-patched-linux-x86_64 1.1-6 2.48 12.40 14.88 NOTE
r-patched-solaris-sparc 1.1-6 134.20 NOTE --no-examples --no-tests
r-patched-solaris-x86 1.1-6 34.20 NOTE --no-tests
r-release-linux-x86_64 1.1-6 2.51 13.14 15.65 OK
r-release-osx-x86_64-mavericks 1.1-6 OK
r-release-windows-ix86+x86_64 1.1-6 18.00 43.00 61.00 OK
r-oldrel-windows-ix86+x86_64 1.1-6 18.00 41.00 59.00 OK

Memtest notes: valgrind valgrind

Check Details

Version: 1.1-6
Check: R code for possible problems
Result: NOTE
    glkerns: no visible global function definition for ‘xy.coords’
    lines.KernS: no visible global function definition for ‘lines’
    lokerns: no visible global function definition for ‘xy.coords’
    plot.KernS: no visible global function definition for ‘plot’
    predict.KernS: no visible global function definition for ‘spline’
    print.KernS: no visible global function definition for ‘str’
    residuals.KernS: no visible global function definition for ‘fitted’
    Undefined global functions or variables:
     fitted lines plot spline str xy.coords
    Consider adding
     importFrom("grDevices", "xy.coords")
     importFrom("graphics", "lines", "plot")
     importFrom("stats", "fitted", "spline")
     importFrom("utils", "str")
    to your NAMESPACE file.
Flavors: r-devel-linux-x86_64-debian-gcc, r-devel-linux-x86_64-fedora-clang, r-devel-linux-x86_64-fedora-gcc, r-devel-osx-x86_64-clang, r-devel-windows-ix86+x86_64, r-patched-linux-x86_64

Version: 1.1-6
Check: running tests for arch ‘i386’
Result: ERROR
    Running the tests in 'tests/glk1.R' failed.
    Last 13 lines of output:
     > data(xSim)
    
     > n <- length(xSim)
    
     > tt <- ((1:n) - 1/2)/n # equidistant x
    
     > p.3glks(tt, xSim, kord = 4)
     deriv = 1: modifying korder from 4 to 3
    
     > ## Chose bandwidth yourself; see all available derivatives:
     > ## Store results
     > r <- p.3glks(tt, xSim, kord = 6,
     + derivs = 0:4, useBand = 0.15)
Flavor: r-devel-windows-ix86+x86_64

Version: 1.1-6
Flags: --no-examples --no-tests
Check: R code for possible problems
Result: NOTE
    glkerns: no visible global function definition for ‘xy.coords’
    lines.KernS: no visible global function definition for ‘lines’
    lokerns: no visible global function definition for ‘xy.coords’
    plot.KernS: no visible global function definition for ‘plot’
    predict.KernS: no visible global function definition for ‘spline’
    print.KernS: no visible global function definition for ‘str’
    residuals.KernS: no visible global function definition for ‘fitted’
    Undefined global functions or variables:
     fitted lines plot spline str xy.coords
    Consider adding
     importFrom("grDevices", "xy.coords")
     importFrom("graphics", "lines", "plot")
     importFrom("stats", "fitted", "spline")
     importFrom("utils", "str")
    to your NAMESPACE file.
Flavor: r-patched-solaris-sparc

Version: 1.1-6
Flags: --no-tests
Check: R code for possible problems
Result: NOTE
    glkerns: no visible global function definition for ‘xy.coords’
    lines.KernS: no visible global function definition for ‘lines’
    lokerns: no visible global function definition for ‘xy.coords’
    plot.KernS: no visible global function definition for ‘plot’
    predict.KernS: no visible global function definition for ‘spline’
    print.KernS: no visible global function definition for ‘str’
    residuals.KernS: no visible global function definition for ‘fitted’
    Undefined global functions or variables:
     fitted lines plot spline str xy.coords
    Consider adding
     importFrom("grDevices", "xy.coords")
     importFrom("graphics", "lines", "plot")
     importFrom("stats", "fitted", "spline")
     importFrom("utils", "str")
    to your NAMESPACE file.
Flavor: r-patched-solaris-x86