CRAN Package Check Results for Package lokern

Last updated on 2016-08-31 05:46:52.

Flavor Version Tinstall Tcheck Ttotal Status Flags
r-devel-linux-x86_64-debian-clang 1.1-6 2.62 12.52 15.13 NOTE
r-devel-linux-x86_64-debian-gcc 1.1-6 2.55 12.38 14.93 NOTE
r-devel-linux-x86_64-fedora-clang 1.1-6 26.52 NOTE
r-devel-linux-x86_64-fedora-gcc 1.1-6 24.45 NOTE
r-devel-osx-x86_64-clang 1.1-6 22.61 NOTE
r-devel-windows-ix86+x86_64 1.1-6 15.00 0.00 15.00 ERROR
r-patched-linux-x86_64 1.1-6 2.41 12.36 14.77 NOTE
r-patched-solaris-sparc 1.1-6 135.90 NOTE --no-examples --no-tests
r-patched-solaris-x86 1.1-6 33.70 NOTE --no-tests
r-release-linux-x86_64 1.1-6 2.52 12.39 14.91 NOTE
r-release-osx-x86_64-mavericks 1.1-6 NOTE
r-release-windows-ix86+x86_64 1.1-6 17.00 48.00 65.00 ERROR
r-oldrel-windows-ix86+x86_64 1.1-6 13.00 37.00 50.00 OK

Memtest notes: valgrind valgrind

Check Details

Version: 1.1-6
Check: R code for possible problems
Result: NOTE
    glkerns: no visible global function definition for ‘xy.coords’
    lines.KernS: no visible global function definition for ‘lines’
    lokerns: no visible global function definition for ‘xy.coords’
    plot.KernS: no visible global function definition for ‘plot’
    predict.KernS: no visible global function definition for ‘spline’
    print.KernS: no visible global function definition for ‘str’
    residuals.KernS: no visible global function definition for ‘fitted’
    Undefined global functions or variables:
     fitted lines plot spline str xy.coords
    Consider adding
     importFrom("grDevices", "xy.coords")
     importFrom("graphics", "lines", "plot")
     importFrom("stats", "fitted", "spline")
     importFrom("utils", "str")
    to your NAMESPACE file.
Flavors: r-devel-linux-x86_64-debian-clang, r-devel-linux-x86_64-debian-gcc, r-devel-linux-x86_64-fedora-clang, r-devel-linux-x86_64-fedora-gcc, r-devel-osx-x86_64-clang, r-devel-windows-ix86+x86_64, r-patched-linux-x86_64, r-release-linux-x86_64, r-release-osx-x86_64-mavericks, r-release-windows-ix86+x86_64

Version: 1.1-6
Check: running tests for arch ‘i386’
Result: ERROR
    Running the tests in 'tests/glk1.R' failed.
    Last 13 lines of output:
     + }
     + mtext(sprintf("glkerns(*, deriv = %s, bandwidth = <fixed>, korder = %d)",
     + myF(derivs, "{","}"), korder),
     + line = 0.5, outer = TRUE, cex = par("cex.main"), font = par("font.main"))
     +
     + invisible(glist)
     + }
    
     > data(xSim)
    
     > n <- length(xSim)
    
     > tt <- ((1:n) - 1/2)/n # equidistant x
    
     > p.3glks(tt, xSim, kord = 4)
Flavor: r-devel-windows-ix86+x86_64

Version: 1.1-6
Flags: --no-examples --no-tests
Check: R code for possible problems
Result: NOTE
    glkerns: no visible global function definition for ‘xy.coords’
    lines.KernS: no visible global function definition for ‘lines’
    lokerns: no visible global function definition for ‘xy.coords’
    plot.KernS: no visible global function definition for ‘plot’
    predict.KernS: no visible global function definition for ‘spline’
    print.KernS: no visible global function definition for ‘str’
    residuals.KernS: no visible global function definition for ‘fitted’
    Undefined global functions or variables:
     fitted lines plot spline str xy.coords
    Consider adding
     importFrom("grDevices", "xy.coords")
     importFrom("graphics", "lines", "plot")
     importFrom("stats", "fitted", "spline")
     importFrom("utils", "str")
    to your NAMESPACE file.
Flavor: r-patched-solaris-sparc

Version: 1.1-6
Flags: --no-tests
Check: R code for possible problems
Result: NOTE
    glkerns: no visible global function definition for ‘xy.coords’
    lines.KernS: no visible global function definition for ‘lines’
    lokerns: no visible global function definition for ‘xy.coords’
    plot.KernS: no visible global function definition for ‘plot’
    predict.KernS: no visible global function definition for ‘spline’
    print.KernS: no visible global function definition for ‘str’
    residuals.KernS: no visible global function definition for ‘fitted’
    Undefined global functions or variables:
     fitted lines plot spline str xy.coords
    Consider adding
     importFrom("grDevices", "xy.coords")
     importFrom("graphics", "lines", "plot")
     importFrom("stats", "fitted", "spline")
     importFrom("utils", "str")
    to your NAMESPACE file.
Flavor: r-patched-solaris-x86

Version: 1.1-6
Check: running tests for arch ‘i386’
Result: ERROR
    Running the tests in 'tests/glk1.R' failed.
    Last 13 lines of output:
     + myF(derivs, "{","}"), korder),
     + line = 0.5, outer = TRUE, cex = par("cex.main"), font = par("font.main"))
     +
     + invisible(glist)
     + }
    
     > data(xSim)
    
     > n <- length(xSim)
    
     > tt <- ((1:n) - 1/2)/n # equidistant x
    
     > p.3glks(tt, xSim, kord = 4)
Flavor: r-release-windows-ix86+x86_64