CRAN Package Check Results for Package lokern

Last updated on 2017-08-18 00:50:02.

Flavor Version Tinstall Tcheck Ttotal Status Flags
r-devel-linux-x86_64-debian-clang 1.1-8 2.31 16.94 19.25 NOTE
r-devel-linux-x86_64-debian-gcc 1.1-8 2.45 16.44 18.89 NOTE
r-devel-linux-x86_64-fedora-clang 1.1-8 31.85 NOTE
r-devel-linux-x86_64-fedora-gcc 1.1-8 31.29 NOTE
r-devel-windows-ix86+x86_64 1.1-8 15.00 50.00 65.00 OK
r-patched-linux-x86_64 1.1-8 2.24 16.76 19.00 NOTE
r-patched-solaris-x86 1.1-8 42.70 OK --no-tests
r-release-linux-x86_64 1.1-8 2.31 16.75 19.05 NOTE
r-release-windows-ix86+x86_64 1.1-8 13.00 46.00 59.00 OK
r-release-osx-x86_64 1.1-8 OK
r-oldrel-windows-ix86+x86_64 1.1-8 10.00 42.00 52.00 OK
r-oldrel-osx-x86_64 1.1-8 OK

Additional issues

valgrind

Check Details

Version: 1.1-8
Check: compiled code
Result: NOTE
    File ‘lokern/libs/lokern.so’:
     Found no calls to: ‘R_registerRoutines’, ‘R_useDynamicSymbols’
    
    It is good practice to register native routines and to disable symbol
    search.
    
    See ‘Writing portable packages’ in the ‘Writing R Extensions’ manual.
Flavors: r-devel-linux-x86_64-debian-clang, r-devel-linux-x86_64-debian-gcc, r-devel-linux-x86_64-fedora-clang, r-devel-linux-x86_64-fedora-gcc, r-patched-linux-x86_64, r-release-linux-x86_64