CRAN Package Check Results for Package lokern

Last updated on 2017-03-29 18:47:16.

Flavor Version Tinstall Tcheck Ttotal Status Flags
r-devel-linux-x86_64-debian-clang 1.1-8 2.74 16.95 19.69 NOTE
r-devel-linux-x86_64-debian-gcc 1.1-8 3.13 16.01 19.14 NOTE
r-devel-linux-x86_64-fedora-clang 1.1-8 30.72 NOTE --no-stop-on-test-error
r-devel-linux-x86_64-fedora-gcc 1.1-8 30.41 NOTE --no-stop-on-test-error
r-devel-macos-x86_64-clang 1.1-8 28.48 NOTE --no-stop-on-test-error
r-devel-windows-ix86+x86_64 1.1-8 12.00 45.00 57.00 OK
r-patched-linux-x86_64 1.1-8 2.62 16.56 19.18 NOTE
r-patched-solaris-sparc 1.1-8 160.80 OK --no-examples --no-tests
r-patched-solaris-x86 1.1-8 48.80 OK --no-tests
r-release-linux-x86_64 1.1-8 2.50 12.57 15.07 OK
r-release-osx-x86_64-mavericks 1.1-8 OK
r-release-windows-ix86+x86_64 1.1-8 15.00 49.00 64.00 OK
r-oldrel-windows-ix86+x86_64 1.1-8 23.00 54.00 77.00 NOTE

Memtest notes: valgrind

Check Details

Version: 1.1-8
Check: compiled code
Result: NOTE
    File ‘lokern/libs/lokern.so’:
     Found no calls to: ‘R_registerRoutines’, ‘R_useDynamicSymbols’
    
    It is good practice to register native routines and to disable symbol
    search.
    
    See ‘Writing portable packages’ in the ‘Writing R Extensions’ manual.
Flavors: r-devel-linux-x86_64-debian-clang, r-devel-linux-x86_64-debian-gcc, r-patched-linux-x86_64

Version: 1.1-8
Flags: --no-stop-on-test-error
Check: compiled code
Result: NOTE
    File ‘lokern/libs/lokern.so’:
     Found no calls to: ‘R_registerRoutines’, ‘R_useDynamicSymbols’
    
    It is good practice to register native routines and to disable symbol
    search.
    
    See ‘Writing portable packages’ in the ‘Writing R Extensions’ manual.
Flavors: r-devel-linux-x86_64-fedora-clang, r-devel-linux-x86_64-fedora-gcc, r-devel-macos-x86_64-clang

Version: 1.1-8
Check: R code for possible problems
Result: NOTE
    predict.KernS: no visible global function definition for 'chkDots'
Flavor: r-oldrel-windows-ix86+x86_64