CRAN Package Check Results for Package lokern

Last updated on 2018-05-25 19:48:29 CEST.

Flavor Version Tinstall Tcheck Ttotal Status Flags
r-devel-linux-x86_64-debian-clang 1.1-8 3.56 24.77 28.33 NOTE
r-devel-linux-x86_64-debian-gcc 1.1-8 3.05 19.55 22.60 NOTE
r-devel-linux-x86_64-fedora-clang 1.1-8 35.76 NOTE
r-devel-linux-x86_64-fedora-gcc 1.1-8 32.62 NOTE
r-devel-windows-ix86+x86_64 1.1-8 14.00 50.00 64.00 OK
r-patched-linux-x86_64 1.1-8 3.71 23.37 27.08 NOTE
r-patched-solaris-x86 1.1-8 46.90 OK --no-tests
r-release-linux-x86_64 1.1-8 3.91 23.47 27.38 NOTE
r-release-windows-ix86+x86_64 1.1-8 18.00 49.00 67.00 OK
r-release-osx-x86_64 1.1-8 OK
r-oldrel-windows-ix86+x86_64 1.1-8 15.00 43.00 58.00 OK
r-oldrel-osx-x86_64 1.1-8 OK

Additional issues

valgrind

Check Details

Version: 1.1-8
Check: compiled code
Result: NOTE
    File ‘lokern/libs/lokern.so’:
     Found no calls to: ‘R_registerRoutines’, ‘R_useDynamicSymbols’
    
    It is good practice to register native routines and to disable symbol
    search.
    
    See ‘Writing portable packages’ in the ‘Writing R Extensions’ manual.
Flavors: r-devel-linux-x86_64-debian-clang, r-devel-linux-x86_64-debian-gcc, r-devel-linux-x86_64-fedora-clang, r-devel-linux-x86_64-fedora-gcc, r-patched-linux-x86_64, r-release-linux-x86_64