CRAN Package Check Results for Package lokern

Last updated on 2016-12-05 02:47:01.

Flavor Version Tinstall Tcheck Ttotal Status Flags
r-devel-linux-x86_64-debian-clang 1.1-8 2.79 15.53 18.32 OK
r-devel-linux-x86_64-debian-gcc 1.1-8 2.81 15.84 18.65 OK
r-devel-linux-x86_64-fedora-clang 1.1-8 33.69 OK --no-stop-on-test-error
r-devel-linux-x86_64-fedora-gcc 1.1-8 31.86 OK --no-stop-on-test-error
r-devel-macos-x86_64-clang 1.1-8 28.92 OK
r-devel-windows-ix86+x86_64 1.1-8 13.00 54.00 67.00 OK
r-patched-linux-x86_64 1.1-8 2.62 13.03 15.65 OK
r-patched-solaris-sparc 1.1-8 147.10 OK --no-examples --no-tests
r-patched-solaris-x86 1.1-8 35.10 OK --no-tests
r-release-linux-x86_64 1.1-8 2.58 13.08 15.66 OK
r-release-osx-x86_64-mavericks 1.1-8 OK
r-release-windows-ix86+x86_64 1.1-8 17.00 36.00 53.00 OK
r-oldrel-windows-ix86+x86_64 1.1-8 11.00 37.00 48.00 NOTE

Memtest notes: valgrind

Check Details

Version: 1.1-8
Check: R code for possible problems
Result: NOTE
    predict.KernS: no visible global function definition for 'chkDots'
Flavor: r-oldrel-windows-ix86+x86_64