CRAN Package Check Results for Package lokern

Last updated on 2017-06-28 20:48:37.

Flavor Version Tinstall Tcheck Ttotal Status Flags
r-devel-linux-x86_64-debian-clang 1.1-8 2.79 17.10 19.89 NOTE
r-devel-linux-x86_64-debian-gcc 1.1-8 2.84 15.90 18.74 NOTE
r-devel-linux-x86_64-fedora-clang 1.1-8 31.08 NOTE
r-devel-linux-x86_64-fedora-gcc 1.1-8 30.40 NOTE
r-devel-windows-ix86+x86_64 1.1-8 13.00 63.00 76.00 OK
r-patched-linux-x86_64 1.1-8 2.82 16.95 19.77 NOTE
r-patched-solaris-sparc 1.1-8 160.80 OK --no-examples --no-tests
r-patched-solaris-x86 1.1-8 42.80 OK --no-tests
r-release-linux-x86_64 1.1-8 2.82 16.20 19.03 NOTE
r-release-windows-ix86+x86_64 1.1-8 16.00 55.00 71.00 OK
r-release-osx-x86_64 1.1-8 OK
r-oldrel-windows-ix86+x86_64 1.1-8 19.00 66.00 85.00 OK
r-oldrel-osx-x86_64 1.1-8 OK

Additional issues

valgrind

Check Details

Version: 1.1-8
Check: compiled code
Result: NOTE
    File ‘lokern/libs/lokern.so’:
     Found no calls to: ‘R_registerRoutines’, ‘R_useDynamicSymbols’
    
    It is good practice to register native routines and to disable symbol
    search.
    
    See ‘Writing portable packages’ in the ‘Writing R Extensions’ manual.
Flavors: r-devel-linux-x86_64-debian-clang, r-devel-linux-x86_64-debian-gcc, r-devel-linux-x86_64-fedora-clang, r-devel-linux-x86_64-fedora-gcc, r-patched-linux-x86_64, r-release-linux-x86_64