CRAN Package Check Results for Package lokern

Last updated on 2016-02-10 02:49:10.

Flavor Version Tinstall Tcheck Ttotal Status Flags
r-devel-linux-x86_64-debian-gcc 1.1-6 2.58 11.95 14.53 NOTE
r-devel-linux-x86_64-fedora-clang 1.1-6 24.67 NOTE
r-devel-linux-x86_64-fedora-gcc 1.1-6 23.36 NOTE
r-devel-osx-x86_64-clang 1.1-6 28.40 NOTE
r-devel-windows-ix86+x86_64 1.1-6 15.00 42.00 57.00 NOTE
r-patched-linux-x86_64 1.1-6 2.52 12.68 15.20 OK
r-patched-solaris-sparc 1.1-6 134.10 OK --no-examples --no-tests
r-patched-solaris-x86 1.1-6 33.00 OK --no-tests
r-release-linux-x86_64 1.1-6 2.70 12.28 14.98 OK
r-release-osx-x86_64-mavericks 1.1-6 OK
r-release-windows-ix86+x86_64 1.1-6 15.00 38.00 53.00 OK
r-oldrel-windows-ix86+x86_64 1.1-6 15.00 35.00 50.00 OK

Memtest notes: valgrind valgrind

Check Details

Version: 1.1-6
Check: R code for possible problems
Result: NOTE
    glkerns: no visible global function definition for ‘xy.coords’
    lines.KernS: no visible global function definition for ‘lines’
    lokerns: no visible global function definition for ‘xy.coords’
    plot.KernS: no visible global function definition for ‘plot’
    predict.KernS: no visible global function definition for ‘spline’
    print.KernS: no visible global function definition for ‘str’
    residuals.KernS: no visible global function definition for ‘fitted’
    Undefined global functions or variables:
     fitted lines plot spline str xy.coords
    Consider adding
     importFrom("grDevices", "xy.coords")
     importFrom("graphics", "lines", "plot")
     importFrom("stats", "fitted", "spline")
     importFrom("utils", "str")
    to your NAMESPACE file.
Flavors: r-devel-linux-x86_64-debian-gcc, r-devel-linux-x86_64-fedora-clang, r-devel-linux-x86_64-fedora-gcc, r-devel-osx-x86_64-clang, r-devel-windows-ix86+x86_64