CRAN Package Check Results for Package lokern

Last updated on 2015-03-28 00:54:20.

Flavor Version Tinstall Tcheck Ttotal Status Flags
r-devel-linux-x86_64-debian-clang 1.1-6 2.48 13.08 15.56 OK
r-devel-linux-x86_64-debian-gcc 1.1-6 2.43 12.14 14.57 OK
r-devel-linux-x86_64-fedora-clang 1.1-6 29.63 OK
r-devel-linux-x86_64-fedora-gcc 1.1-6 26.94 OK
r-devel-osx-x86_64-clang 1.1-6 34.68 OK
r-prerel-windows-ix86+x86_64 1.1-6 10.00 28.00 38.00 ERROR
r-prerel-linux-x86_64 1.1-6 2.40 12.50 14.90 OK
r-prerel-solaris-sparc 1.1-6 133.10 OK --no-examples --no-tests
r-prerel-solaris-x86 1.1-6 36.10 OK --no-tests
r-release-linux-x86_64 1.1-6 2.52 13.52 16.04 OK
r-release-osx-x86_64-mavericks 1.1-6 OK
r-release-osx-x86_64-snowleopard 1.1-6 OK
r-release-windows-ix86+x86_64 1.1-6 10.00 29.00 39.00 OK
r-oldrel-windows-ix86+x86_64 1.1-6 10.00 41.00 51.00 OK

Memtest notes: valgrind valgrind

Check Details

Version: 1.1-6
Check: running examples for arch 'x64'
Result: ERROR
    Running examples in 'lokern-Ex.R' failed
    The error most likely occurred in:
    
    > ### Name: KernS-methods
    > ### Title: Methods for ("KernS" classed) Results of lokerns() and glkerns()
    > ### Aliases: fitted.KernS lines.KernS plot.KernS predict.KernS print.KernS
    > ### residuals.KernS
    > ### Keywords: utilities
    >
    > ### ** Examples
    >
    > ## "interesting" artificial data:
    > set.seed(47)
    > x <- sort(round(10*runif(250),2))
    > fx <- 5 - x/2 + 3*exp(-(x-5)^2)
    > y <- fx + rnorm(fx)/4
    > plot(x,y)
    > lof <- lokerns(x,y)
    > plot(lof)
    > plot(lof, cex = 1/4)# maybe preferable
    > ## Simpler, using the lines() method:
    > plot(x,y); lines(lof, lwd=2, col=2)
    >
    > qqnorm(residuals(lof)) # hmm... overfitting?
    > stopifnot(all.equal(y, fitted(lof) + residuals(lof), tolerance = 1e-15),
    + predict(lof)$y == fitted(lof))
    > tt <- seq(0, 10, by=1/32)
    > p0 <- predict(lof, x=tt)
    Error in if (r$iter < 0) r$iter <- NA_integer_ :
     missing value where TRUE/FALSE needed
    Calls: predict -> predict.KernS -> do.call -> <Anonymous>
    Execution halted
Flavor: r-prerel-windows-ix86+x86_64