CRAN Package Check Results for Package lokern

Last updated on 2018-12-19 00:52:37 CET.

Flavor Version Tinstall Tcheck Ttotal Status Flags
r-devel-linux-x86_64-debian-clang 1.1-8 3.82 25.25 29.07 OK
r-devel-linux-x86_64-debian-gcc 1.1-8 3.12 20.56 23.68 OK
r-devel-linux-x86_64-fedora-clang 1.1-8 35.24 NOTE
r-devel-linux-x86_64-fedora-gcc 1.1-8 33.23 NOTE
r-devel-windows-ix86+x86_64 1.1-8 16.00 63.00 79.00 OK
r-patched-linux-x86_64 1.1-8 3.64 23.58 27.22 OK
r-patched-solaris-x86 1.1-8 46.70 OK --no-tests
r-release-linux-x86_64 1.1-8 3.51 23.87 27.38 OK
r-release-windows-ix86+x86_64 1.1-8 18.00 47.00 65.00 OK
r-release-osx-x86_64 1.1-8 OK
r-oldrel-windows-ix86+x86_64 1.1-8 13.00 58.00 71.00 OK
r-oldrel-osx-x86_64 1.1-8 OK

Additional issues

valgrind

Check Details

Version: 1.1-8
Check: compiled code
Result: NOTE
    File ‘lokern/libs/lokern.so’:
     Found no calls to: ‘R_registerRoutines’, ‘R_useDynamicSymbols’
    
    It is good practice to register native routines and to disable symbol
    search.
    
    See ‘Writing portable packages’ in the ‘Writing R Extensions’ manual.
Flavors: r-devel-linux-x86_64-fedora-clang, r-devel-linux-x86_64-fedora-gcc