CRAN Package Check Results for Package lokern

Last updated on 2017-02-24 17:48:35.

Flavor Version Tinstall Tcheck Ttotal Status Flags
r-devel-linux-x86_64-debian-clang 1.1-8 2.85 16.06 18.91 NOTE
r-devel-linux-x86_64-debian-gcc 1.1-8 2.70 15.73 18.43 NOTE
r-devel-linux-x86_64-fedora-clang 1.1-8 32.43 NOTE --no-stop-on-test-error
r-devel-linux-x86_64-fedora-gcc 1.1-8 31.43 NOTE --no-stop-on-test-error
r-devel-macos-x86_64-clang 1.1-8 28.79 NOTE --no-stop-on-test-error
r-devel-windows-ix86+x86_64 1.1-8 26.00 45.00 71.00 OK
r-patched-linux-x86_64 1.1-8 2.59 13.01 15.60 OK
r-patched-solaris-sparc 1.1-8 147.30 OK --no-examples --no-tests
r-patched-solaris-x86 1.1-8 36.60 OK --no-tests
r-release-linux-x86_64 1.1-8 2.68 12.63 15.31 OK
r-release-osx-x86_64-mavericks 1.1-8 OK
r-release-windows-ix86+x86_64 1.1-8 23.00 50.00 73.00 OK
r-oldrel-windows-ix86+x86_64 1.1-8 19.00 84.00 103.00 NOTE

Memtest notes: valgrind

Check Details

Version: 1.1-8
Check: compiled code
Result: NOTE
    File ‘lokern/libs/lokern.so’:
     Found no calls to: ‘R_registerRoutines’, ‘R_useDynamicSymbols’
    
    It is good practice to register native routines and to disable symbol
    search.
    
    See ‘Writing portable packages’ in the ‘Writing R Extensions’ manual.
Flavors: r-devel-linux-x86_64-debian-clang, r-devel-linux-x86_64-debian-gcc

Version: 1.1-8
Flags: --no-stop-on-test-error
Check: compiled code
Result: NOTE
    File ‘lokern/libs/lokern.so’:
     Found no calls to: ‘R_registerRoutines’, ‘R_useDynamicSymbols’
    
    It is good practice to register native routines and to disable symbol
    search.
    
    See ‘Writing portable packages’ in the ‘Writing R Extensions’ manual.
Flavors: r-devel-linux-x86_64-fedora-clang, r-devel-linux-x86_64-fedora-gcc, r-devel-macos-x86_64-clang

Version: 1.1-8
Check: R code for possible problems
Result: NOTE
    predict.KernS: no visible global function definition for 'chkDots'
Flavor: r-oldrel-windows-ix86+x86_64