CRAN Package Check Results for Package lokern

Last updated on 2019-02-23 20:52:48 CET.

Flavor Version Tinstall Tcheck Ttotal Status Flags
r-devel-linux-x86_64-debian-clang 1.1-8 3.74 25.76 29.50 OK
r-devel-linux-x86_64-debian-gcc 1.1-8 3.37 20.68 24.05 OK
r-devel-linux-x86_64-fedora-clang 1.1-8 37.63 NOTE
r-devel-linux-x86_64-fedora-gcc 1.1-8 35.01 NOTE
r-devel-windows-ix86+x86_64 1.1-8 20.00 69.00 89.00 OK
r-patched-linux-x86_64 1.1-8 3.32 23.92 27.24 OK
r-patched-solaris-x86 1.1-8 46.90 OK --no-tests
r-release-linux-x86_64 1.1-8 3.98 24.04 28.02 OK
r-release-windows-ix86+x86_64 1.1-8 18.00 61.00 79.00 OK
r-release-osx-x86_64 1.1-8 OK
r-oldrel-windows-ix86+x86_64 1.1-8 13.00 61.00 74.00 OK
r-oldrel-osx-x86_64 1.1-8 OK

Additional issues

valgrind

Check Details

Version: 1.1-8
Check: compiled code
Result: NOTE
    File ‘lokern/libs/lokern.so’:
     Found no calls to: ‘R_registerRoutines’, ‘R_useDynamicSymbols’
    
    It is good practice to register native routines and to disable symbol
    search.
    
    See ‘Writing portable packages’ in the ‘Writing R Extensions’ manual.
Flavors: r-devel-linux-x86_64-fedora-clang, r-devel-linux-x86_64-fedora-gcc