CRAN Package Check Results for Package lokern

Last updated on 2016-07-30 06:47:43.

Flavor Version Tinstall Tcheck Ttotal Status Flags
r-devel-linux-x86_64-debian-clang 1.1-6 2.43 12.48 14.91 NOTE
r-devel-linux-x86_64-debian-gcc 1.1-6 2.60 12.23 14.83 NOTE
r-devel-linux-x86_64-fedora-clang 1.1-6 24.59 NOTE
r-devel-linux-x86_64-fedora-gcc 1.1-6 23.36 NOTE
r-devel-osx-x86_64-clang 1.1-6 22.93 NOTE
r-devel-windows-ix86+x86_64 1.1-6 10.00 0.00 10.00 FAIL
r-patched-linux-x86_64 1.1-6 2.88 15.26 18.13 NOTE
r-patched-solaris-sparc 1.1-6 135.90 NOTE --no-examples --no-tests
r-patched-solaris-x86 1.1-6 33.00 NOTE --no-tests
r-release-linux-x86_64 1.1-6 2.78 15.06 17.84 NOTE
r-release-osx-x86_64-mavericks 1.1-6 NOTE
r-release-windows-ix86+x86_64 1.1-6 14.00 45.00 59.00 ERROR
r-oldrel-windows-ix86+x86_64 1.1-6 15.00 45.00 60.00 OK

Memtest notes: valgrind valgrind

Check Details

Version: 1.1-6
Check: R code for possible problems
Result: NOTE
    glkerns: no visible global function definition for ‘xy.coords’
    lines.KernS: no visible global function definition for ‘lines’
    lokerns: no visible global function definition for ‘xy.coords’
    plot.KernS: no visible global function definition for ‘plot’
    predict.KernS: no visible global function definition for ‘spline’
    print.KernS: no visible global function definition for ‘str’
    residuals.KernS: no visible global function definition for ‘fitted’
    Undefined global functions or variables:
     fitted lines plot spline str xy.coords
    Consider adding
     importFrom("grDevices", "xy.coords")
     importFrom("graphics", "lines", "plot")
     importFrom("stats", "fitted", "spline")
     importFrom("utils", "str")
    to your NAMESPACE file.
Flavors: r-devel-linux-x86_64-debian-clang, r-devel-linux-x86_64-debian-gcc, r-devel-linux-x86_64-fedora-clang, r-devel-linux-x86_64-fedora-gcc, r-devel-osx-x86_64-clang, r-devel-windows-ix86+x86_64, r-patched-linux-x86_64, r-release-linux-x86_64, r-release-osx-x86_64-mavericks, r-release-windows-ix86+x86_64

Version: 1.1-6
Check: running tests for arch ‘i386’
Result: FAIL
    Check process probably crashed or hung up for 20 minutes ... killed
    Most likely this happened in the example checks (?),
    if not, ignore the following last lines of example output:
    
    ======== End of example output (where/before crash/hang up occured ?) ========
Flavor: r-devel-windows-ix86+x86_64

Version: 1.1-6
Flags: --no-examples --no-tests
Check: R code for possible problems
Result: NOTE
    glkerns: no visible global function definition for ‘xy.coords’
    lines.KernS: no visible global function definition for ‘lines’
    lokerns: no visible global function definition for ‘xy.coords’
    plot.KernS: no visible global function definition for ‘plot’
    predict.KernS: no visible global function definition for ‘spline’
    print.KernS: no visible global function definition for ‘str’
    residuals.KernS: no visible global function definition for ‘fitted’
    Undefined global functions or variables:
     fitted lines plot spline str xy.coords
    Consider adding
     importFrom("grDevices", "xy.coords")
     importFrom("graphics", "lines", "plot")
     importFrom("stats", "fitted", "spline")
     importFrom("utils", "str")
    to your NAMESPACE file.
Flavor: r-patched-solaris-sparc

Version: 1.1-6
Flags: --no-tests
Check: R code for possible problems
Result: NOTE
    glkerns: no visible global function definition for ‘xy.coords’
    lines.KernS: no visible global function definition for ‘lines’
    lokerns: no visible global function definition for ‘xy.coords’
    plot.KernS: no visible global function definition for ‘plot’
    predict.KernS: no visible global function definition for ‘spline’
    print.KernS: no visible global function definition for ‘str’
    residuals.KernS: no visible global function definition for ‘fitted’
    Undefined global functions or variables:
     fitted lines plot spline str xy.coords
    Consider adding
     importFrom("grDevices", "xy.coords")
     importFrom("graphics", "lines", "plot")
     importFrom("stats", "fitted", "spline")
     importFrom("utils", "str")
    to your NAMESPACE file.
Flavor: r-patched-solaris-x86

Version: 1.1-6
Check: running tests for arch ‘i386’
Result: ERROR
    Running the tests in 'tests/glk1.R' failed.
    Last 13 lines of output:
     + myF(derivs, "{","}"), korder),
     + line = 0.5, outer = TRUE, cex = par("cex.main"), font = par("font.main"))
     +
     + invisible(glist)
     + }
    
     > data(xSim)
    
     > n <- length(xSim)
    
     > tt <- ((1:n) - 1/2)/n # equidistant x
    
     > p.3glks(tt, xSim, kord = 4)
Flavor: r-release-windows-ix86+x86_64