CRAN Package Check Results for Package lokern

Last updated on 2017-10-18 23:47:52.

Flavor Version Tinstall Tcheck Ttotal Status Flags
r-devel-linux-x86_64-debian-clang 1.1-8 2.29 17.13 19.42 NOTE
r-devel-linux-x86_64-debian-gcc 1.1-8 2.12 17.18 19.31 NOTE
r-devel-linux-x86_64-fedora-clang 1.1-8 33.65 NOTE
r-devel-linux-x86_64-fedora-gcc 1.1-8 32.73 NOTE
r-devel-windows-ix86+x86_64 1.1-8 19.00 46.00 65.00 OK
r-patched-linux-x86_64 1.1-8 2.42 16.61 19.03 NOTE
r-patched-solaris-x86 1.1-8 43.90 OK --no-tests
r-release-linux-x86_64 1.1-8 2.33 17.49 19.82 NOTE
r-release-windows-ix86+x86_64 1.1-8 15.00 43.00 58.00 OK
r-release-osx-x86_64 1.1-8 OK
r-oldrel-windows-ix86+x86_64 1.1-8 16.00 51.00 67.00 OK
r-oldrel-osx-x86_64 1.1-8 OK

Additional issues

valgrind

Check Details

Version: 1.1-8
Check: compiled code
Result: NOTE
    File ‘lokern/libs/lokern.so’:
     Found no calls to: ‘R_registerRoutines’, ‘R_useDynamicSymbols’
    
    It is good practice to register native routines and to disable symbol
    search.
    
    See ‘Writing portable packages’ in the ‘Writing R Extensions’ manual.
Flavors: r-devel-linux-x86_64-debian-clang, r-devel-linux-x86_64-debian-gcc, r-devel-linux-x86_64-fedora-clang, r-devel-linux-x86_64-fedora-gcc, r-patched-linux-x86_64, r-release-linux-x86_64