CRAN Package Check Results for Package lokern

Last updated on 2018-02-23 06:54:57 CET.

Flavor Version Tinstall Tcheck Ttotal Status Flags
r-devel-linux-x86_64-debian-clang 1.1-8 3.65 21.58 25.23 NOTE
r-devel-linux-x86_64-debian-gcc 1.1-8 2.80 18.75 21.55 NOTE
r-devel-linux-x86_64-fedora-clang 1.1-8 32.79 NOTE
r-devel-linux-x86_64-fedora-gcc 1.1-8 31.21 NOTE
r-devel-windows-ix86+x86_64 1.1-8 18.00 65.00 83.00 OK
r-patched-linux-x86_64 1.1-8 3.47 23.98 27.45 NOTE
r-patched-solaris-x86 1.1-8 40.50 OK --no-tests
r-release-linux-x86_64 1.1-8 3.41 24.03 27.44 NOTE
r-release-windows-ix86+x86_64 1.1-8 11.00 55.00 66.00 OK
r-release-osx-x86_64 1.1-8 OK
r-oldrel-windows-ix86+x86_64 1.1-8 12.00 53.00 65.00 OK
r-oldrel-osx-x86_64 1.1-8 OK

Additional issues

valgrind

Check Details

Version: 1.1-8
Check: compiled code
Result: NOTE
    File ‘lokern/libs/lokern.so’:
     Found no calls to: ‘R_registerRoutines’, ‘R_useDynamicSymbols’
    
    It is good practice to register native routines and to disable symbol
    search.
    
    See ‘Writing portable packages’ in the ‘Writing R Extensions’ manual.
Flavors: r-devel-linux-x86_64-debian-clang, r-devel-linux-x86_64-debian-gcc, r-devel-linux-x86_64-fedora-clang, r-devel-linux-x86_64-fedora-gcc, r-patched-linux-x86_64, r-release-linux-x86_64