CRAN Package Check Results for Package lokern

Last updated on 2017-01-19 19:50:09.

Flavor Version Tinstall Tcheck Ttotal Status Flags
r-devel-linux-x86_64-debian-clang 1.1-8 2.84 15.89 18.73 OK
r-devel-linux-x86_64-debian-gcc 1.1-8 2.72 15.69 18.41 OK
r-devel-linux-x86_64-fedora-clang 1.1-8 32.46 OK --no-stop-on-test-error
r-devel-linux-x86_64-fedora-gcc 1.1-8 31.49 OK --no-stop-on-test-error
r-devel-macos-x86_64-clang 1.1-8 28.26 OK --no-stop-on-test-error
r-devel-windows-ix86+x86_64 1.1-8 16.00 38.00 54.00 OK
r-patched-linux-x86_64 1.1-8 2.58 13.11 15.69 OK
r-patched-solaris-sparc 1.1-8 147.30 OK --no-examples --no-tests
r-patched-solaris-x86 1.1-8 38.70 OK --no-tests
r-release-linux-x86_64 1.1-8 2.50 12.69 15.19 OK
r-release-osx-x86_64-mavericks 1.1-8 OK
r-release-windows-ix86+x86_64 1.1-8 11.00 45.00 56.00 OK
r-oldrel-windows-ix86+x86_64 1.1-8 12.00 52.00 64.00 NOTE

Memtest notes: valgrind

Check Details

Version: 1.1-8
Check: R code for possible problems
Result: NOTE
    predict.KernS: no visible global function definition for 'chkDots'
Flavor: r-oldrel-windows-ix86+x86_64