CRAN Package Check Results for Package lolR

Last updated on 2021-03-06 02:48:47 CET.

Flavor Version Tinstall Tcheck Ttotal Status Flags
r-devel-linux-x86_64-debian-clang 2.1 10.63 227.32 237.95 OK
r-devel-linux-x86_64-debian-gcc 2.1 8.30 162.49 170.79 OK
r-devel-linux-x86_64-fedora-clang 2.1 278.16 NOTE
r-devel-linux-x86_64-fedora-gcc 2.1 274.89 NOTE
r-devel-windows-ix86+x86_64 2.1 22.00 270.00 292.00 OK
r-patched-linux-x86_64 2.1 OK
r-patched-solaris-x86 2.1 353.70 NOTE
r-release-linux-x86_64 2.1 9.46 206.88 216.34 OK
r-release-macos-x86_64 2.1 NOTE
r-release-windows-ix86+x86_64 2.1 17.00 189.00 206.00 OK
r-oldrel-macos-x86_64 2.1 NOTE
r-oldrel-windows-ix86+x86_64 2.1 12.00 193.00 205.00 OK

Check Details

Version: 2.1
Check: dependencies in R code
Result: NOTE
    Namespace in Imports field not imported from: ‘ggplot2’
     All declared Imports should be used.
Flavors: r-devel-linux-x86_64-fedora-clang, r-devel-linux-x86_64-fedora-gcc, r-patched-solaris-x86, r-release-macos-x86_64, r-oldrel-macos-x86_64