CRAN Package Check Results for Package longclust

Last updated on 2016-08-24 20:54:24.

Flavor Version Tinstall Tcheck Ttotal Status Flags
r-devel-linux-x86_64-debian-clang 1.2 3.40 11.08 14.48 NOTE
r-devel-linux-x86_64-debian-gcc 1.2 2.56 10.96 13.52 NOTE
r-devel-linux-x86_64-fedora-clang 1.2 25.78 NOTE
r-devel-linux-x86_64-fedora-gcc 1.2 22.01 NOTE
r-devel-osx-x86_64-clang 1.2 22.83 NOTE
r-devel-windows-ix86+x86_64 1.2 16.00 44.00 60.00 NOTE
r-patched-linux-x86_64 1.2 2.26 11.06 13.31 NOTE
r-patched-solaris-sparc 1.2 144.60 NOTE
r-patched-solaris-x86 1.2 34.10 NOTE
r-release-linux-x86_64 1.2 2.37 11.19 13.55 NOTE
r-release-osx-x86_64-mavericks 1.2 NOTE
r-release-windows-ix86+x86_64 1.2 11.00 41.00 52.00 NOTE
r-oldrel-windows-ix86+x86_64 1.2 13.00 30.00 43.00 OK

Check Details

Version: 1.2
Check: R code for possible problems
Result: NOTE
    longclustEM: no visible global function definition for ‘kmeans’
    plot.longclust: no visible global function definition for ‘par’
    plot.longclust: no visible global function definition for ‘matplot’
    summary.longclust: no visible global function definition for
     ‘printCoefmat’
    Undefined global functions or variables:
     kmeans matplot par printCoefmat
    Consider adding
     importFrom("graphics", "matplot", "par")
     importFrom("stats", "kmeans", "printCoefmat")
    to your NAMESPACE file.
Flavors: r-devel-linux-x86_64-debian-clang, r-devel-linux-x86_64-debian-gcc, r-devel-linux-x86_64-fedora-clang, r-devel-linux-x86_64-fedora-gcc, r-devel-osx-x86_64-clang, r-devel-windows-ix86+x86_64, r-patched-linux-x86_64, r-patched-solaris-sparc, r-patched-solaris-x86, r-release-linux-x86_64, r-release-osx-x86_64-mavericks, r-release-windows-ix86+x86_64