CRAN Package Check Results for Package longclust

Last updated on 2016-05-01 21:46:52.

Flavor Version Tinstall Tcheck Ttotal Status Flags
r-devel-linux-x86_64-debian-gcc 1.2 2.35 10.99 13.34 NOTE
r-devel-linux-x86_64-fedora-clang 1.2 25.20 NOTE
r-devel-linux-x86_64-fedora-gcc 1.2 21.29 NOTE
r-devel-osx-x86_64-clang 1.2 31.36 NOTE
r-devel-windows-ix86+x86_64 1.2 11.00 32.00 43.00 NOTE
r-patched-linux-x86_64 1.2 2.48 10.97 13.46 NOTE
r-patched-solaris-sparc 1.2 140.70 NOTE
r-patched-solaris-x86 1.2 34.40 NOTE
r-release-linux-x86_64 1.2 2.36 11.03 13.39 OK
r-release-osx-x86_64-mavericks 1.2 OK
r-release-windows-ix86+x86_64 1.2 13.00 30.00 43.00 OK
r-oldrel-windows-ix86+x86_64 1.2 13.00 27.00 40.00 OK

Check Details

Version: 1.2
Check: R code for possible problems
Result: NOTE
    longclustEM: no visible global function definition for ‘kmeans’
    plot.longclust: no visible global function definition for ‘par’
    plot.longclust: no visible global function definition for ‘matplot’
    summary.longclust: no visible global function definition for
     ‘printCoefmat’
    Undefined global functions or variables:
     kmeans matplot par printCoefmat
    Consider adding
     importFrom("graphics", "matplot", "par")
     importFrom("stats", "kmeans", "printCoefmat")
    to your NAMESPACE file.
Flavors: r-devel-linux-x86_64-debian-gcc, r-devel-linux-x86_64-fedora-clang, r-devel-linux-x86_64-fedora-gcc, r-devel-osx-x86_64-clang, r-devel-windows-ix86+x86_64, r-patched-linux-x86_64, r-patched-solaris-sparc, r-patched-solaris-x86