CRAN Package Check Results for Package longclust

Last updated on 2017-01-17 06:48:16.

Flavor Version Tinstall Tcheck Ttotal Status Flags
r-devel-linux-x86_64-debian-clang 1.2 3.72 13.10 16.82 NOTE
r-devel-linux-x86_64-debian-gcc 1.2 2.57 12.93 15.50 NOTE
r-devel-linux-x86_64-fedora-clang 1.2 28.45 NOTE --no-stop-on-test-error
r-devel-linux-x86_64-fedora-gcc 1.2 24.73 NOTE --no-stop-on-test-error
r-devel-macos-x86_64-clang 1.2 25.29 NOTE --no-stop-on-test-error
r-devel-windows-ix86+x86_64 1.2 16.00 34.00 50.00 NOTE
r-patched-linux-x86_64 1.2 2.33 10.60 12.93 NOTE
r-patched-solaris-sparc 1.2 146.20 NOTE
r-patched-solaris-x86 1.2 36.40 NOTE
r-release-linux-x86_64 1.2 2.40 11.22 13.62 NOTE
r-release-osx-x86_64-mavericks 1.2 NOTE
r-release-windows-ix86+x86_64 1.2 11.00 32.00 43.00 NOTE
r-oldrel-windows-ix86+x86_64 1.2 9.00 31.00 40.00 OK

Check Details

Version: 1.2
Check: R code for possible problems
Result: NOTE
    longclustEM: no visible global function definition for ‘kmeans’
    plot.longclust: no visible global function definition for ‘par’
    plot.longclust: no visible global function definition for ‘matplot’
    summary.longclust: no visible global function definition for
     ‘printCoefmat’
    Undefined global functions or variables:
     kmeans matplot par printCoefmat
    Consider adding
     importFrom("graphics", "matplot", "par")
     importFrom("stats", "kmeans", "printCoefmat")
    to your NAMESPACE file.
Flavors: r-devel-linux-x86_64-debian-clang, r-devel-linux-x86_64-debian-gcc, r-devel-windows-ix86+x86_64, r-patched-linux-x86_64, r-patched-solaris-sparc, r-patched-solaris-x86, r-release-linux-x86_64, r-release-osx-x86_64-mavericks, r-release-windows-ix86+x86_64

Version: 1.2
Flags: --no-stop-on-test-error
Check: R code for possible problems
Result: NOTE
    longclustEM: no visible global function definition for ‘kmeans’
    plot.longclust: no visible global function definition for ‘par’
    plot.longclust: no visible global function definition for ‘matplot’
    summary.longclust: no visible global function definition for
     ‘printCoefmat’
    Undefined global functions or variables:
     kmeans matplot par printCoefmat
    Consider adding
     importFrom("graphics", "matplot", "par")
     importFrom("stats", "kmeans", "printCoefmat")
    to your NAMESPACE file.
Flavors: r-devel-linux-x86_64-fedora-clang, r-devel-linux-x86_64-fedora-gcc, r-devel-macos-x86_64-clang

Version: 1.2
Flags: --no-stop-on-test-error
Check: compiled code
Result: NOTE
    File ‘longclust/libs/longclust.so’:
     Found no calls to: ‘R_registerRoutines’, ‘R_useDynamicSymbols’
    
    It is good practice to use registered native symbols and disable symbol
    search.
    
    See ‘Writing portable packages’ in the ‘Writing R Extensions’ manual.
Flavor: r-devel-linux-x86_64-fedora-gcc