CRAN Package Check Results for Package longclust

Last updated on 2016-06-29 05:48:39.

Flavor Version Tinstall Tcheck Ttotal Status Flags
r-devel-linux-x86_64-debian-gcc 1.2 2.66 12.03 14.69 NOTE
r-devel-linux-x86_64-fedora-clang 1.2 24.72 NOTE
r-devel-linux-x86_64-fedora-gcc 1.2 20.93 NOTE
r-devel-osx-x86_64-clang 1.2 22.93 NOTE
r-devel-windows-ix86+x86_64 1.2 10.00 33.00 43.00 NOTE
r-patched-linux-x86_64 1.2 2.90 11.39 14.29 NOTE
r-patched-solaris-sparc 1.2 144.60 NOTE
r-patched-solaris-x86 1.2 34.40 NOTE
r-release-linux-x86_64 1.2 2.40 10.66 13.06 NOTE
r-release-osx-x86_64-mavericks 1.2 NOTE
r-release-windows-ix86+x86_64 1.2 11.00 41.00 52.00 NOTE
r-oldrel-windows-ix86+x86_64 1.2 13.00 30.00 43.00 OK

Check Details

Version: 1.2
Check: R code for possible problems
Result: NOTE
    longclustEM: no visible global function definition for ‘kmeans’
    plot.longclust: no visible global function definition for ‘par’
    plot.longclust: no visible global function definition for ‘matplot’
    summary.longclust: no visible global function definition for
     ‘printCoefmat’
    Undefined global functions or variables:
     kmeans matplot par printCoefmat
    Consider adding
     importFrom("graphics", "matplot", "par")
     importFrom("stats", "kmeans", "printCoefmat")
    to your NAMESPACE file.
Flavors: r-devel-linux-x86_64-debian-gcc, r-devel-linux-x86_64-fedora-clang, r-devel-linux-x86_64-fedora-gcc, r-devel-osx-x86_64-clang, r-devel-windows-ix86+x86_64, r-patched-linux-x86_64, r-patched-solaris-sparc, r-patched-solaris-x86, r-release-linux-x86_64, r-release-osx-x86_64-mavericks, r-release-windows-ix86+x86_64