CRAN Package Check Results for Package longclust

Last updated on 2014-04-21 12:43:20.

Flavor Version Tinstall Tcheck Ttotal Status Flags
r-devel-linux-x86_64-debian-clang 1.1 1.68 10.55 12.23 OK
r-devel-linux-x86_64-debian-gcc 1.1 2.26 10.84 13.09 OK
r-devel-linux-x86_64-fedora-clang 1.1 23.73 NOTE
r-devel-linux-x86_64-fedora-gcc 1.1 23.40 NOTE
r-devel-osx-x86_64-clang 1.1 24.66 OK
r-devel-osx-x86_64-gcc 1.1 OK
r-devel-windows-ix86+x86_64 1.1 9.00 23.00 32.00 OK
r-patched-linux-x86_64 1.1 2.26 10.62 12.88 OK
r-patched-solaris-sparc 1.1 156.00 OK
r-patched-solaris-x86 1.1 43.50 OK
r-release-linux-x86_64 1.1 2.23 10.72 12.95 OK
r-release-osx-x86_64-mavericks 1.1 OK
r-release-windows-ix86+x86_64 1.1 11.00 22.00 33.00 OK
r-oldrel-windows-ix86+x86_64 1.1 9.00 24.00 33.00 OK

Check Details

Version: 1.1
Check: Rd line widths
Result: NOTE
    Rd file 'longclustEM.Rd':
     \usage lines wider than 90 characters:
     longclustEM(x, Gmin, Gmax, class=NULL, linearMeans = FALSE, modelSubset = NULL, initWithKMeans = FALSE, criteria = "BIC",
     \examples lines wider than 100 characters:
     S1 <- matrix(c(1.00, -0.90, 0.18, -0.13, 0.10, -0.05, -0.90, 1.31, -0.26, 0.18, -0.15, 0.07, 0.18, -0.26, 4.05, -2.84, 2.27, -1.13,
     -0.13, 0.18, -2.84, 2.29, -1.83, 0.91, 0.10, -0.15, 2.27, -1.83, 3.46, -1.73, -0.05, 0.07, -1.13, 0.91, -1.73, 1.57), 6, 6)
     S2 <- matrix(c(1.00, 0.00, -0.50, -0.20, -0.20, 0.19, 0.00, 2.00, 0.00, -1.20, -0.80, -0.36,-0.50, 0.00, 1.25, 0.10, -0.10, -0.39,
     -0.20, -1.20, 0.10, 2.76, 0.52, -1.22,-0.20, -0.80, -0.10, 0.52, 1.40, 0.17, 0.19, -0.36, -0.39, -1.22, 0.17, 3.17), 6, 6)
     S3 <- matrix(c(1.00, 0.00, 0.00, 0.00, 0.00, 0.00, 0.00, 1.00, -0.20, -0.64, 0.26, 0.00, 0.00, -0.20, 1.04, -0.17, -0.10, 0.00,
     0.00, -0.64, -0.17, 1.50, -0.65, 0.00, 0.00, 0.26, -0.10, -0.65, 1.32, 0.00, 0.00, 0.00, 0.00, 0.00, 0.00, 1.00), 6, 6)
    
    Rd file 'plot.longclust.Rd':
     \examples lines wider than 100 characters:
     S1 <- matrix(c(1.00, -0.90, 0.18, -0.13, 0.10, -0.05, -0.90, 1.31, -0.26, 0.18, -0.15, 0.07, 0.18, -0.26, 4.05, -2.84, 2.27, -1.13, -0. ... [TRUNCATED]
     S2 <- matrix(c(1.00, 0.00, -0.50, -0.20, -0.20, 0.19, 0.00, 2.00, 0.00, -1.20, -0.80, -0.36,-0.50, 0.00, 1.25, 0.10, -0.10, -0.39, -0.2 ... [TRUNCATED]
     S3 <- matrix(c(1.00, 0.00, 0.00, 0.00, 0.00, 0.00, 0.00, 1.00, -0.20, -0.64, 0.26, 0.00, 0.00, -0.20, 1.04, -0.17, -0.10, 0.00, 0.00, - ... [TRUNCATED]
    
    Rd file 'print.longclust.Rd':
     \examples lines wider than 100 characters:
     S1 <- matrix(c(1.00, -0.90, 0.18, -0.13, 0.10, -0.05, -0.90, 1.31, -0.26, 0.18, -0.15, 0.07, 0.18, -0.26, 4.05, -2.84, 2.27, -1.13, -0. ... [TRUNCATED]
     S2 <- matrix(c(1.00, 0.00, -0.50, -0.20, -0.20, 0.19, 0.00, 2.00, 0.00, -1.20, -0.80, -0.36,-0.50, 0.00, 1.25, 0.10, -0.10, -0.39, -0.2 ... [TRUNCATED]
     S3 <- matrix(c(1.00, 0.00, 0.00, 0.00, 0.00, 0.00, 0.00, 1.00, -0.20, -0.64, 0.26, 0.00, 0.00, -0.20, 1.04, -0.17, -0.10, 0.00, 0.00, - ... [TRUNCATED]
    
    Rd file 'summary.longclust.Rd':
     \examples lines wider than 100 characters:
     S1 <- matrix(c(1.00, -0.90, 0.18, -0.13, 0.10, -0.05, -0.90, 1.31, -0.26, 0.18, -0.15, 0.07, 0.18, -0.26, 4.05, -2.84, 2.27, -1.13, -0. ... [TRUNCATED]
     S2 <- matrix(c(1.00, 0.00, -0.50, -0.20, -0.20, 0.19, 0.00, 2.00, 0.00, -1.20, -0.80, -0.36,-0.50, 0.00, 1.25, 0.10, -0.10, -0.39, -0.2 ... [TRUNCATED]
     S3 <- matrix(c(1.00, 0.00, 0.00, 0.00, 0.00, 0.00, 0.00, 1.00, -0.20, -0.64, 0.26, 0.00, 0.00, -0.20, 1.04, -0.17, -0.10, 0.00, 0.00, - ... [TRUNCATED]
    
    These lines will be truncated in the PDF manual.
Flavors: r-devel-linux-x86_64-fedora-clang, r-devel-linux-x86_64-fedora-gcc