CRAN Package Check Results for Package longclust

Last updated on 2016-07-24 03:51:10.

Flavor Version Tinstall Tcheck Ttotal Status Flags
r-devel-linux-x86_64-debian-clang 1.2 3.98 14.24 18.22 NOTE
r-devel-linux-x86_64-debian-gcc 1.2 2.84 13.89 16.73 NOTE
r-devel-linux-x86_64-fedora-clang 1.2 25.05 NOTE
r-devel-linux-x86_64-fedora-gcc 1.2 20.94 NOTE
r-devel-osx-x86_64-clang 1.2 22.85 NOTE
r-devel-windows-ix86+x86_64 1.2 10.00 31.00 41.00 NOTE
r-patched-linux-x86_64 1.2 2.56 13.07 15.63 NOTE
r-patched-solaris-sparc 1.2 144.60 NOTE
r-patched-solaris-x86 1.2 33.90 NOTE
r-release-linux-x86_64 1.2 2.75 13.57 16.31 NOTE
r-release-osx-x86_64-mavericks 1.2 NOTE
r-release-windows-ix86+x86_64 1.2 11.00 41.00 52.00 NOTE
r-oldrel-windows-ix86+x86_64 1.2 13.00 30.00 43.00 OK

Check Details

Version: 1.2
Check: R code for possible problems
Result: NOTE
    longclustEM: no visible global function definition for ‘kmeans’
    plot.longclust: no visible global function definition for ‘par’
    plot.longclust: no visible global function definition for ‘matplot’
    summary.longclust: no visible global function definition for
     ‘printCoefmat’
    Undefined global functions or variables:
     kmeans matplot par printCoefmat
    Consider adding
     importFrom("graphics", "matplot", "par")
     importFrom("stats", "kmeans", "printCoefmat")
    to your NAMESPACE file.
Flavors: r-devel-linux-x86_64-debian-clang, r-devel-linux-x86_64-debian-gcc, r-devel-linux-x86_64-fedora-clang, r-devel-linux-x86_64-fedora-gcc, r-devel-osx-x86_64-clang, r-devel-windows-ix86+x86_64, r-patched-linux-x86_64, r-patched-solaris-sparc, r-patched-solaris-x86, r-release-linux-x86_64, r-release-osx-x86_64-mavericks, r-release-windows-ix86+x86_64