CRAN Package Check Results for Package longclust

Last updated on 2016-09-30 23:47:59.

Flavor Version Tinstall Tcheck Ttotal Status Flags
r-devel-linux-x86_64-debian-clang 1.2 3.59 12.49 16.08 NOTE
r-devel-linux-x86_64-debian-gcc 1.2 2.69 11.95 14.65 NOTE
r-devel-linux-x86_64-fedora-clang 1.2 27.14 NOTE
r-devel-linux-x86_64-fedora-gcc 1.2 22.01 NOTE
r-devel-macos-x86_64-clang 1.2 22.71 NOTE
r-devel-windows-ix86+x86_64 1.2 17.00 39.00 56.00 NOTE
r-patched-linux-x86_64 1.2 2.37 11.31 13.68 NOTE
r-patched-solaris-sparc 1.2 144.60 NOTE
r-patched-solaris-x86 1.2 33.50 NOTE
r-release-linux-x86_64 1.2 2.37 11.53 13.90 NOTE
r-release-osx-x86_64-mavericks 1.2 NOTE
r-release-windows-ix86+x86_64 1.2 12.00 49.00 61.00 NOTE
r-oldrel-windows-ix86+x86_64 1.2 13.00 30.00 43.00 OK

Check Details

Version: 1.2
Check: R code for possible problems
Result: NOTE
    longclustEM: no visible global function definition for ‘kmeans’
    plot.longclust: no visible global function definition for ‘par’
    plot.longclust: no visible global function definition for ‘matplot’
    summary.longclust: no visible global function definition for
     ‘printCoefmat’
    Undefined global functions or variables:
     kmeans matplot par printCoefmat
    Consider adding
     importFrom("graphics", "matplot", "par")
     importFrom("stats", "kmeans", "printCoefmat")
    to your NAMESPACE file.
Flavors: r-devel-linux-x86_64-debian-clang, r-devel-linux-x86_64-debian-gcc, r-devel-linux-x86_64-fedora-clang, r-devel-linux-x86_64-fedora-gcc, r-devel-macos-x86_64-clang, r-devel-windows-ix86+x86_64, r-patched-linux-x86_64, r-patched-solaris-sparc, r-patched-solaris-x86, r-release-linux-x86_64, r-release-osx-x86_64-mavericks, r-release-windows-ix86+x86_64