CRAN Package Check Results for Package longclust

Last updated on 2015-07-27 23:48:02.

Flavor Version Tinstall Tcheck Ttotal Status Flags
r-devel-linux-x86_64-debian-clang 1.2 2.50 10.24 12.74 NOTE
r-devel-linux-x86_64-debian-gcc 1.2 2.31 10.07 12.38 NOTE
r-devel-linux-x86_64-fedora-clang 1.2 25.75 NOTE
r-devel-linux-x86_64-fedora-gcc 1.2 22.71 NOTE
r-devel-osx-x86_64-clang 1.2 23.98 OK
r-devel-windows-ix86+x86_64 1.2 9.00 34.00 43.00 NOTE
r-patched-linux-x86_64 1.2 2.32 10.52 12.84 OK
r-patched-solaris-sparc 1.2 161.50 OK
r-patched-solaris-x86 1.2 39.80 OK
r-release-linux-x86_64 1.2 2.33 11.11 13.44 OK
r-release-osx-x86_64-mavericks 1.2 OK
r-release-windows-ix86+x86_64 1.2 15.00 22.00 37.00 OK
r-oldrel-windows-ix86+x86_64 1.2 14.00 24.00 38.00 OK

Check Details

Version: 1.2
Check: R code for possible problems
Result: NOTE
    longclustEM: no visible global function definition for ‘kmeans’
    plot.longclust: no visible global function definition for ‘par’
    plot.longclust: no visible global function definition for ‘matplot’
    summary.longclust: no visible global function definition for
     ‘printCoefmat’
    Undefined global functions or variables:
     kmeans matplot par printCoefmat
    Consider adding
     importFrom("graphics", "matplot", "par")
     importFrom("stats", "kmeans", "printCoefmat")
    to your NAMESPACE.
Flavors: r-devel-linux-x86_64-debian-clang, r-devel-linux-x86_64-debian-gcc, r-devel-linux-x86_64-fedora-clang, r-devel-linux-x86_64-fedora-gcc, r-devel-windows-ix86+x86_64