CRAN Package Check Results for Package longitudinal

Last updated on 2014-04-18 17:48:05.

Flavor Version Tinstall Tcheck Ttotal Status Flags
r-devel-linux-x86_64-debian-clang 1.1.9 0.64 10.46 11.10 OK
r-devel-linux-x86_64-debian-gcc OK
r-devel-linux-x86_64-fedora-clang 1.1.9 16.99 OK
r-devel-linux-x86_64-fedora-gcc 1.1.9 19.40 OK
r-devel-macosx-x86_64-clang 1.1.9 24.92 OK
r-devel-macosx-x86_64-gcc 1.1.9 OK
r-devel-windows-ix86+x86_64 1.1.9 3.00 19.00 22.00 OK
r-patched-linux-x86_64 1.1.9 0.62 10.53 11.14 OK
r-patched-solaris-sparc 1.1.9 120.90 OK
r-patched-solaris-x86 1.1.9 34.00 OK
r-release-linux-ix86 1.1.8 2.00 23.00 25.00 NOTE
r-release-linux-x86_64 1.1.9 0.60 10.51 11.11 OK
r-release-macosx-x86_64 1.1.9 OK
r-release-windows-ix86+x86_64 1.1.9 2.00 19.00 21.00 OK
r-oldrel-windows-ix86+x86_64 1.1.9 3.00 19.00 22.00 OK

Check Details

Version: 1.1.8
Check: dependencies in R code
Result: NOTE
    Package in Depends field not imported from: ‘corpcor’
     These packages need to be imported from (in the NAMESPACE file)
     for when this namespace is loaded but not attached.
    See the information on DESCRIPTION files in the chapter ‘Creating R
    packages’ of the ‘Writing R Extensions’ manual.
Flavor: r-release-linux-ix86