CRAN Package Check Results for Package longitudinal

Last updated on 2015-03-05 22:47:29.

Flavor Version Tinstall Tcheck Ttotal Status Flags
r-devel-linux-x86_64-debian-clang 1.1.10 0.58 9.52 10.10 NOTE
r-devel-linux-x86_64-debian-gcc 1.1.10 0.58 9.35 9.92 NOTE
r-devel-linux-x86_64-fedora-clang 1.1.10 19.48 NOTE
r-devel-linux-x86_64-fedora-gcc 1.1.10 18.18 NOTE
r-devel-osx-x86_64-clang 1.1.10 23.03 NOTE
r-devel-windows-ix86+x86_64 1.1.10 4.00 17.00 21.00 OK
r-patched-linux-x86_64 1.1.10 0.71 10.72 11.43 OK
r-patched-solaris-sparc 1.1.10 128.10 OK
r-patched-solaris-x86 1.1.10 33.00 OK
r-release-linux-ix86 1.1.10 0.90 16.72 17.61 OK
r-release-linux-x86_64 1.1.10 0.62 10.89 11.51 OK
r-release-osx-x86_64-mavericks 1.1.10 OK
r-release-osx-x86_64-snowleopard 1.1.10 OK
r-release-windows-ix86+x86_64 1.1.10 3.00 21.00 24.00 OK
r-oldrel-windows-ix86+x86_64 1.1.10 3.00 28.00 31.00 OK

Check Details

Version: 1.1.10
Check: S3 generic/method consistency
Result: NOTE
    Found the following apparent S3 methods exported but not registered:
     plot.longitudinal print.longitudinal summary.longitudinal
    See section ‘Registering S3 methods’ in the ‘Writing R Extensions’
    manual.
Flavors: r-devel-linux-x86_64-debian-clang, r-devel-linux-x86_64-debian-gcc, r-devel-linux-x86_64-fedora-clang, r-devel-linux-x86_64-fedora-gcc, r-devel-osx-x86_64-clang