CRAN Package Check Results for Package longitudinal

Last updated on 2015-06-30 15:47:11.

Flavor Version Tinstall Tcheck Ttotal Status Flags
r-devel-linux-x86_64-debian-clang 1.1.11 0.61 9.12 9.73 NOTE
r-devel-linux-x86_64-debian-gcc 1.1.11 0.54 9.34 9.87 NOTE
r-devel-linux-x86_64-fedora-clang 1.1.11 18.42 NOTE
r-devel-linux-x86_64-fedora-gcc 1.1.11 18.01 OK
r-devel-osx-x86_64-clang 1.1.11 20.41 OK
r-devel-windows-ix86+x86_64 1.1.11 4.00 24.00 28.00 OK
r-patched-linux-x86_64 1.1.11 0.58 9.64 10.22 OK
r-patched-solaris-sparc 1.1.11 124.10 OK
r-patched-solaris-x86 1.1.11 28.50 OK
r-release-linux-x86_64 1.1.11 0.56 9.53 10.10 OK
r-release-osx-x86_64-mavericks 1.1.11 OK
r-release-windows-ix86+x86_64 1.1.11 2.00 20.00 22.00 OK
r-oldrel-windows-ix86+x86_64 1.1.11 5.00 21.00 26.00 OK

Check Details

Version: 1.1.11
Check: R code for possible problems
Result: NOTE
    condense.longitudinal: no visible binding for global variable ‘median’
    plot.longitudinal: no visible binding for global variable ‘median’
    plot.longitudinal: no visible global function definition for ‘par’
    plot.longitudinal: no visible global function definition for ‘plot’
    plot.longitudinal: no visible global function definition for ‘gray’
    plot.longitudinal: no visible global function definition for ‘lines’
Flavors: r-devel-linux-x86_64-debian-clang, r-devel-linux-x86_64-debian-gcc, r-devel-linux-x86_64-fedora-clang