CRAN Package Check Results for Package longitudinal

Last updated on 2015-01-29 23:48:19.

Flavor Version Tinstall Tcheck Ttotal Status Flags
r-devel-linux-x86_64-debian-clang 1.1.10 0.59 9.58 10.17 NOTE
r-devel-linux-x86_64-debian-gcc 1.1.10 0.59 9.49 10.08 NOTE
r-devel-linux-x86_64-fedora-clang 1.1.10 21.53 NOTE
r-devel-linux-x86_64-fedora-gcc 1.1.10 22.73 NOTE
r-devel-osx-x86_64-clang 1.1.10 25.87 NOTE
r-devel-windows-ix86+x86_64 1.1.10 3.00 20.00 23.00 OK
r-patched-linux-x86_64 1.1.10 0.68 10.67 11.35 OK
r-patched-solaris-sparc 1.1.10 124.20 OK
r-patched-solaris-x86 1.1.10 35.00 OK
r-release-linux-ix86 1.1.10 0.90 16.28 17.18 OK
r-release-linux-x86_64 1.1.10 0.63 10.36 10.99 OK
r-release-osx-x86_64-mavericks 1.1.10 OK
r-release-osx-x86_64-snowleopard 1.1.10 OK
r-release-windows-ix86+x86_64 1.1.10 3.00 21.00 24.00 OK
r-oldrel-windows-ix86+x86_64 1.1.10 3.00 28.00 31.00 OK

Check Details

Version: 1.1.10
Check: S3 generic/method consistency
Result: NOTE
    Found the following apparent S3 methods exported but not registered:
     print.longitudinal summary.longitudinal plot.longitudinal
    See section ‘Registering S3 methods’ in the ‘Writing R Extensions’
    manual.
Flavors: r-devel-linux-x86_64-debian-clang, r-devel-linux-x86_64-debian-gcc, r-devel-linux-x86_64-fedora-clang, r-devel-linux-x86_64-fedora-gcc, r-devel-osx-x86_64-clang