CRAN Package Check Results for Package longitudinalData

Last updated on 2014-11-27 23:48:42.

Flavor Version Tinstall Tcheck Ttotal Status Flags
r-devel-linux-x86_64-debian-clang 2.2 1.68 35.35 37.03 NOTE
r-devel-linux-x86_64-debian-gcc 2.2 1.62 34.23 35.86 NOTE
r-devel-linux-x86_64-fedora-clang 2.2 76.94 NOTE
r-devel-linux-x86_64-fedora-gcc 2.2 80.45 NOTE
r-devel-osx-x86_64-clang 2.2 62.57 NOTE
r-devel-windows-ix86+x86_64 2.2 7.00 49.00 56.00 NOTE
r-patched-linux-x86_64 2.2 1.71 35.69 37.40 NOTE
r-patched-solaris-sparc 2.2 373.10 NOTE
r-patched-solaris-x86 2.2 87.90 NOTE
r-release-linux-ix86 2.2 2.20 46.01 48.21 NOTE
r-release-linux-x86_64 2.2 1.71 35.14 36.85 NOTE
r-release-osx-x86_64-mavericks 2.2 NOTE
r-release-osx-x86_64-snowleopard 2.2 NOTE
r-release-windows-ix86+x86_64 2.2 6.00 53.00 59.00 NOTE
r-oldrel-windows-ix86+x86_64 2.2 6.00 56.00 62.00 NOTE

Check Details

Version: 2.2
Check: dependencies in R code
Result: NOTE
    Unexported objects imported by ':::' calls:
     ‘misc3d:::canonicalizeAndMergeScene’ ‘misc3d:::colorScene’
     ‘misc3d:::t2ve’
     See the note in ?`:::` about the use of this operator.
    See the information on DESCRIPTION files in the chapter ‘Creating R
    packages’ of the ‘Writing R Extensions’ manual.
Flavors: r-devel-linux-x86_64-debian-clang, r-devel-linux-x86_64-debian-gcc, r-devel-linux-x86_64-fedora-clang, r-devel-linux-x86_64-fedora-gcc, r-devel-osx-x86_64-clang, r-devel-windows-ix86+x86_64, r-patched-linux-x86_64, r-patched-solaris-sparc, r-patched-solaris-x86, r-release-linux-ix86, r-release-linux-x86_64, r-release-osx-x86_64-mavericks, r-release-osx-x86_64-snowleopard, r-release-windows-ix86+x86_64, r-oldrel-windows-ix86+x86_64

Version: 2.2
Check: R code for possible problems
Result: NOTE
    .ListPartition.plotAllCriterion: no visible binding for global variable
     ‘CRITERION_NAMES’
    .ListPartition.plotAllCriterion: no visible binding for global variable
     ‘CLUSTER_NAMES’
    .ListPartition.plotCriterion: no visible binding for global variable
     ‘CLUSTER_NAMES’
    .listPartition.get: no visible binding for global variable
     ‘CRITERION_NAMES’
    .listPartition.get: no visible binding for global variable
     ‘CLUSTER_NAMES’
    .listPartition.set: no visible binding for global variable
     ‘CRITERION_NAMES’
    .listPartition.set: no visible binding for global variable
     ‘CLUSTER_NAMES’
    .partition.constructor: no visible binding for global variable
     ‘MAX_CLUSTERS’
    .partition.constructor: no visible binding for global variable
     ‘CRITERION_NAMES’
    .partition.validity: no visible binding for global variable
     ‘MAX_CLUSTERS’
    plotAllCriterion: no visible binding for global variable
     ‘CRITERION_NAMES’
    partition,ANY-matrix-ANY: no visible binding for global variable
     ‘MAX_CLUSTERS’
    partition,ANY-matrix-ANY: no visible binding for global variable
     ‘CRITERION_NAMES’
    partition,ANY-missing-ANY: no visible binding for global variable
     ‘MAX_CLUSTERS’
    partition,ANY-missing-ANY: no visible binding for global variable
     ‘CRITERION_NAMES’
    plotAllCriterion,ListPartition: no visible binding for global variable
     ‘CRITERION_NAMES’
    plotAllCriterion,ListPartition: no visible binding for global variable
     ‘CLUSTER_NAMES’
    plotCriterion,ListPartition: no visible binding for global variable
     ‘CLUSTER_NAMES’
Flavors: r-devel-linux-x86_64-debian-clang, r-devel-linux-x86_64-debian-gcc, r-devel-linux-x86_64-fedora-clang, r-devel-linux-x86_64-fedora-gcc, r-devel-osx-x86_64-clang, r-devel-windows-ix86+x86_64, r-patched-linux-x86_64, r-patched-solaris-sparc, r-patched-solaris-x86, r-release-linux-ix86, r-release-linux-x86_64, r-release-windows-ix86+x86_64