CRAN Package Check Results for Package longitudinalData

Last updated on 2014-04-17 05:47:12.

Flavor Version Tinstall Tcheck Ttotal Status Flags
r-devel-linux-x86_64-debian-clang 2.2 1.94 35.09 37.03 NOTE
r-devel-linux-x86_64-debian-gcc 2.2 1.82 34.77 36.59 NOTE
r-devel-linux-x86_64-fedora-clang 2.2 73.10 NOTE
r-devel-linux-x86_64-fedora-gcc 2.2 69.64 NOTE
r-devel-macosx-x86_64-clang 2.2 59.76 NOTE
r-devel-macosx-x86_64-gcc 2.2 NOTE
r-devel-windows-ix86+x86_64 2.2 6.00 46.00 52.00 NOTE
r-patched-linux-x86_64 2.2 1.96 35.26 37.23 NOTE
r-patched-solaris-sparc 2.2 334.10 NOTE
r-patched-solaris-x86 2.2 89.00 NOTE
r-release-linux-ix86 2.2 4.00 59.00 63.00 NOTE
r-release-linux-x86_64 2.2 1.98 35.14 37.12 NOTE
r-release-macosx-x86_64 2.2 NOTE
r-release-windows-ix86+x86_64 2.2 6.00 51.00 57.00 NOTE
r-oldrel-windows-ix86+x86_64 2.2 6.00 50.00 56.00 NOTE

Check Details

Version: 2.2
Check: dependencies in R code
Result: NOTE
    Unexported objects imported by ':::' calls:
     ‘misc3d:::canonicalizeAndMergeScene’ ‘misc3d:::colorScene’
     ‘misc3d:::t2ve’
     See the note in ?`:::` about the use of this operator.
    See the information on DESCRIPTION files in the chapter ‘Creating R
    packages’ of the ‘Writing R Extensions’ manual.
Flavors: r-devel-linux-x86_64-debian-clang, r-devel-linux-x86_64-debian-gcc, r-devel-linux-x86_64-fedora-clang, r-devel-linux-x86_64-fedora-gcc, r-devel-macosx-x86_64-clang, r-devel-macosx-x86_64-gcc, r-devel-windows-ix86+x86_64, r-patched-linux-x86_64, r-patched-solaris-sparc, r-patched-solaris-x86, r-release-linux-ix86, r-release-linux-x86_64, r-release-macosx-x86_64, r-release-windows-ix86+x86_64, r-oldrel-windows-ix86+x86_64