CRAN Package Check Results for Package longitudinalData

Last updated on 2014-07-24 23:48:17.

Flavor Version Tinstall Tcheck Ttotal Status Flags
r-devel-linux-x86_64-debian-clang 2.2 1.74 33.72 35.46 NOTE
r-devel-linux-x86_64-debian-gcc 2.2 1.69 32.74 34.43 NOTE
r-devel-linux-x86_64-fedora-clang 2.2 72.30 NOTE
r-devel-linux-x86_64-fedora-gcc 2.2 70.64 NOTE
r-devel-osx-x86_64-clang 2.2 57.38 NOTE
r-devel-windows-ix86+x86_64 2.2 7.00 49.00 56.00 NOTE
r-patched-linux-x86_64 2.2 1.69 34.06 35.75 NOTE
r-patched-solaris-sparc 2.2 334.10 NOTE
r-patched-solaris-x86 2.2 90.40 NOTE
r-release-linux-ix86 2.2 2.34 44.56 46.90 NOTE
r-release-linux-x86_64 2.2 1.71 33.74 35.45 NOTE
r-release-osx-x86_64-mavericks 2.2 NOTE
r-release-osx-x86_64-snowleopard 2.2 NOTE
r-release-windows-ix86+x86_64 2.2 6.00 52.00 58.00 NOTE
r-oldrel-windows-ix86+x86_64 2.2 6.00 50.00 56.00 NOTE

Check Details

Version: 2.2
Check: dependencies in R code
Result: NOTE
    Unexported objects imported by ':::' calls:
     ‘misc3d:::canonicalizeAndMergeScene’ ‘misc3d:::colorScene’
     ‘misc3d:::t2ve’
     See the note in ?`:::` about the use of this operator.
    See the information on DESCRIPTION files in the chapter ‘Creating R
    packages’ of the ‘Writing R Extensions’ manual.
Flavors: r-devel-linux-x86_64-debian-clang, r-devel-linux-x86_64-debian-gcc, r-devel-linux-x86_64-fedora-clang, r-devel-linux-x86_64-fedora-gcc, r-devel-osx-x86_64-clang, r-devel-windows-ix86+x86_64, r-patched-linux-x86_64, r-patched-solaris-sparc, r-patched-solaris-x86, r-release-linux-ix86, r-release-linux-x86_64, r-release-osx-x86_64-mavericks, r-release-osx-x86_64-snowleopard, r-release-windows-ix86+x86_64, r-oldrel-windows-ix86+x86_64