CRAN Package Check Results for Package longitudinalData

Last updated on 2015-04-01 06:46:56.

Flavor Version Tinstall Tcheck Ttotal Status Flags
r-devel-linux-x86_64-debian-clang 2.2 1.51 32.26 33.76 NOTE
r-devel-linux-x86_64-debian-gcc 2.2 1.50 30.68 32.18 NOTE
r-devel-linux-x86_64-fedora-clang 2.2 65.37 NOTE
r-devel-linux-x86_64-fedora-gcc 2.2 66.95 NOTE
r-devel-osx-x86_64-clang 2.2 60.28 NOTE
r-prerel-windows-ix86+x86_64 2.2 6.00 42.00 48.00 NOTE
r-prerel-linux-x86_64 2.2 1.52 31.76 33.28 NOTE
r-prerel-solaris-sparc 2.2 338.10 NOTE
r-prerel-solaris-x86 2.2 75.70 NOTE
r-release-linux-x86_64 2.2 1.83 35.71 37.54 NOTE
r-release-osx-x86_64-mavericks 2.2 NOTE
r-release-osx-x86_64-snowleopard 2.2 NOTE
r-release-windows-ix86+x86_64 2.2 6.00 61.00 67.00 NOTE
r-oldrel-windows-ix86+x86_64 2.2 7.00 57.00 64.00 NOTE

Check Details

Version: 2.2
Check: dependencies in R code
Result: NOTE
    Unexported objects imported by ':::' calls:
     ‘misc3d:::canonicalizeAndMergeScene’ ‘misc3d:::colorScene’
     ‘misc3d:::t2ve’
     See the note in ?`:::` about the use of this operator.
Flavors: r-devel-linux-x86_64-debian-clang, r-devel-linux-x86_64-debian-gcc, r-devel-linux-x86_64-fedora-clang, r-devel-linux-x86_64-fedora-gcc, r-devel-osx-x86_64-clang, r-prerel-windows-ix86+x86_64, r-prerel-linux-x86_64, r-prerel-solaris-sparc, r-prerel-solaris-x86, r-release-linux-x86_64, r-release-windows-ix86+x86_64

Version: 2.2
Check: R code for possible problems
Result: NOTE
    .ListPartition.plotAllCriterion: no visible binding for global variable
     ‘CRITERION_NAMES’
    .ListPartition.plotAllCriterion: no visible binding for global variable
     ‘CLUSTER_NAMES’
    .ListPartition.plotCriterion: no visible binding for global variable
     ‘CLUSTER_NAMES’
    .listPartition.get: no visible binding for global variable
     ‘CRITERION_NAMES’
    .listPartition.get: no visible binding for global variable
     ‘CLUSTER_NAMES’
    .listPartition.set: no visible binding for global variable
     ‘CRITERION_NAMES’
    .listPartition.set: no visible binding for global variable
     ‘CLUSTER_NAMES’
    .partition.constructor: no visible binding for global variable
     ‘MAX_CLUSTERS’
    .partition.constructor: no visible binding for global variable
     ‘CRITERION_NAMES’
    .partition.validity: no visible binding for global variable
     ‘MAX_CLUSTERS’
    plotAllCriterion: no visible binding for global variable
     ‘CRITERION_NAMES’
    partition,ANY-matrix-ANY: no visible binding for global variable
     ‘MAX_CLUSTERS’
    partition,ANY-matrix-ANY: no visible binding for global variable
     ‘CRITERION_NAMES’
    partition,ANY-missing-ANY: no visible binding for global variable
     ‘MAX_CLUSTERS’
    partition,ANY-missing-ANY: no visible binding for global variable
     ‘CRITERION_NAMES’
    plotAllCriterion,ListPartition: no visible binding for global variable
     ‘CRITERION_NAMES’
    plotAllCriterion,ListPartition: no visible binding for global variable
     ‘CLUSTER_NAMES’
    plotCriterion,ListPartition: no visible binding for global variable
     ‘CLUSTER_NAMES’
Flavors: r-devel-linux-x86_64-debian-clang, r-devel-linux-x86_64-debian-gcc, r-devel-linux-x86_64-fedora-clang, r-devel-linux-x86_64-fedora-gcc, r-devel-osx-x86_64-clang, r-prerel-windows-ix86+x86_64, r-prerel-linux-x86_64, r-prerel-solaris-sparc, r-prerel-solaris-x86, r-release-linux-x86_64, r-release-osx-x86_64-mavericks, r-release-windows-ix86+x86_64

Version: 2.2
Check: dependencies in R code
Result: NOTE
    Unexported objects imported by ':::' calls:
     ‘misc3d:::canonicalizeAndMergeScene’ ‘misc3d:::colorScene’
     ‘misc3d:::t2ve’
     See the note in ?`:::` about the use of this operator.
    See the information on DESCRIPTION files in the chapter ‘Creating R
    packages’ of the ‘Writing R Extensions’ manual.
Flavors: r-release-osx-x86_64-mavericks, r-release-osx-x86_64-snowleopard, r-oldrel-windows-ix86+x86_64