CRAN Package Check Results for Package longitudinalData

Last updated on 2015-07-28 23:47:37.

Flavor Version Tinstall Tcheck Ttotal Status Flags
r-devel-linux-x86_64-debian-clang 2.3 1.54 32.80 34.34 NOTE
r-devel-linux-x86_64-debian-gcc 2.3 1.46 32.62 34.08 NOTE
r-devel-linux-x86_64-fedora-clang 2.3 65.82 NOTE
r-devel-linux-x86_64-fedora-gcc 2.3 62.26 NOTE
r-devel-osx-x86_64-clang 2.3 48.07 OK
r-devel-windows-ix86+x86_64 2.3 6.00 45.00 51.00 NOTE
r-patched-linux-x86_64 2.3 1.62 33.15 34.77 OK
r-patched-solaris-sparc 2.3 350.20 OK
r-patched-solaris-x86 2.3 75.20 OK
r-release-linux-x86_64 2.3 1.63 32.24 33.86 OK
r-release-osx-x86_64-mavericks 2.3 OK
r-release-windows-ix86+x86_64 2.3 10.00 75.00 85.00 OK
r-oldrel-windows-ix86+x86_64 2.3 7.00 81.00 88.00 OK

Check Details

Version: 2.3
Check: R code for possible problems
Result: NOTE
    .LongData3d.Partition.plot3dPdf: no visible global function definition
     for ‘rainbow’
    .initializePartition: no visible global function definition for ‘runif’
    .initializePartition: no visible global function definition for ‘dist’
    .initializePartition : <anonymous>: no visible global function
     definition for ‘dist’
    .longData3d.constructor: no visible global function definition for
     ‘na.omit’
    .parLongData.Partition.expand: no visible global function definition
     for ‘rainbow’
    .parLongData.nbClusters.expand: no visible global function definition
     for ‘rainbow’
    .partition.validity: no visible global function definition for
     ‘na.omit’
    .qualityCriterion.matrix: no visible global function definition for
     ‘rnorm’
    .qualityCriterion.matrix: no visible global function definition for
     ‘dist’
    .qualityCriterion.matrix: no visible global function definition for
     ‘dnorm’
    distFrechet: no visible global function definition for ‘dist’
    imput.crossHotDeck: no visible global function definition for ‘na.omit’
    imput.crossMedian: no visible global function definition for ‘median’
    imput.hotDeck.col: no visible global function definition for ‘runif’
    imput.median.col: no visible global function definition for ‘median’
    imput.spline.traj: no visible global function definition for
     ‘splinefun’
    imput.trajHotDeck.traj: no visible global function definition for
     ‘runif’
    imput.trajMedian.traj: no visible global function definition for
     ‘median’
    longToWide: no visible global function definition for ‘reshape’
    medianNA: no visible global function definition for ‘median’
    parLongData: no visible global function definition for ‘palette’
    reshapeLongToWide: no visible global function definition for ‘reshape’
    saveTrianglesAsASY: no visible global function definition for ‘col2rgb’
    sdNA: no visible global function definition for ‘sd’
    sdcNA: no visible global function definition for ‘sd’
    varNA: no visible global function definition for ‘var’
    expandParLongData,ParLongData-Partition: no visible global function
     definition for ‘rainbow’
    expandParLongData,ParLongData-numeric: no visible global function
     definition for ‘rainbow’
    initializePartition,numeric-numeric-character-ANY: no visible global
     function definition for ‘runif’
    initializePartition,numeric-numeric-character-ANY: no visible global
     function definition for ‘dist’
    initializePartition,numeric-numeric-character-ANY : <anonymous>: no
     visible global function definition for ‘dist’
    longData3d,ANY-ANY-ANY-ANY-ANY-ANY: no visible global function
     definition for ‘na.omit’
    plot3dPdf,LongData3d-Partition: no visible global function definition
     for ‘rainbow’
    qualityCriterion,matrix-ANY: no visible global function definition for
     ‘rnorm’
    qualityCriterion,matrix-ANY: no visible global function definition for
     ‘dist’
    qualityCriterion,matrix-ANY: no visible global function definition for
     ‘dnorm’
    Undefined global functions or variables:
     col2rgb dist dnorm median na.omit palette rainbow reshape rnorm runif
     sd splinefun var
    Consider adding
     importFrom("grDevices", "col2rgb", "palette", "rainbow")
     importFrom("stats", "dist", "dnorm", "median", "na.omit", "reshape",
     "rnorm", "runif", "sd", "splinefun", "var")
    to your NAMESPACE.
Flavors: r-devel-linux-x86_64-debian-clang, r-devel-linux-x86_64-debian-gcc, r-devel-linux-x86_64-fedora-clang, r-devel-linux-x86_64-fedora-gcc, r-devel-windows-ix86+x86_64