CRAN Package Check Results for Package longitudinalData

Last updated on 2015-09-03 19:47:17.

Flavor Version Tinstall Tcheck Ttotal Status Flags
r-devel-linux-x86_64-debian-clang 2.4 1.36 30.94 32.29 OK
r-devel-linux-x86_64-debian-gcc 2.4 1.35 29.53 30.88 OK
r-devel-linux-x86_64-fedora-clang 2.4 60.97 OK
r-devel-linux-x86_64-fedora-gcc 2.4 56.80 OK
r-devel-osx-x86_64-clang 2.4 46.57 OK
r-devel-windows-ix86+x86_64 2.4 8.00 47.00 55.00 OK
r-patched-linux-x86_64 2.4 1.51 31.33 32.84 OK
r-patched-solaris-sparc 2.4 309.50 OK
r-patched-solaris-x86 2.4 73.50 OK
r-release-linux-x86_64 2.4 1.51 31.22 32.73 OK
r-release-osx-x86_64-mavericks 2.4 ERROR
r-release-windows-ix86+x86_64 2.4 8.00 48.00 56.00 OK
r-oldrel-windows-ix86+x86_64 2.4 9.00 59.00 68.00 OK

Check Details

Version: 2.4
Check: examples
Result: ERROR
    Running examples in ‘longitudinalData-Ex.R’ failed
    The error most likely occurred in:
    
    > ### Name: LongData3d-class
    > ### Title: ~ Class: LongData3d ~
    > ### Aliases: LongData3d LongData3d-class [,LongData3d-method
    > ### [,LongData3d-ANY,ANY,ANY [,LongData3d-ANY,ANY,ANY-method
    > ### [<-,LongData3d-method [<-,LongData3d-ANY,ANY,ANY-method
    > ### LongData3d_show show,LongData3d-method is.na,LongData3d-method
    > ### Keywords: classes classif cluster ts
    >
    > ### ** Examples
    >
    > #################
    > ### building joint trajectories
    >
    > dn <- data.frame(id=1:3,v1=c(11,14,16),t1=c(1,5,7),v2=c(12,10,13),t2=c(2,5,0),t3=c(3,6,8))
    > (ld <- longData3d(dn,timeInData=list(Vir=c(2,4,NA),Tes=c(3,5,6))))
    
     ~~~ Class: LongData3d ~~~
    ~ idAll = [3] 1 2 3
    ~ idFewNA = [3] 1 2 3
    ~ varNames = [2] Vir Tes
    ~ time = [3] 1 2 3
    ~ maxNA = [2] 1 1
    ~ reverse = [2x2]
     - mean = 0 0
     - SD = 1 1
    
    ~ traj = [3x3x2] (limited to 5x10x3) :
    
     Vir :
     t1 t2 t3
    1 11 12 NA
    2 14 10 NA
    3 16 13 NA
    
     Tes :
     t1 t2 t3
    1 1 2 3
    2 5 5 6
    3 7 0 8
    >
    > ### Scaling
    > scale(ld)
    > (ld)
    
     ~~~ Class: LongData3d ~~~
    ~ idAll = [3] 1 2 3
    ~ idFewNA = [3] 1 2 3
    ~ varNames = [2] Vir Tes
    ~ time = [3] 1 2 3
    ~ maxNA = [2] 1 1
    ~ reverse = [2x2]
     - mean = 12.66667 4.111111
     - SD = 2.160247 2.758824
    
    ~ traj = [3x3x2] (limited to 5x10x3) :
    
     Vir :
     t1 t2 t3
    1 -0.7715167 -0.3086067 NA
    2 0.6172134 -1.2344268 NA
    3 1.5430335 0.1543033 NA
    
     Tes :
     t1 t2 t3
    1 -1.1276946 -0.7652213 -0.4027481
    2 0.3221984 0.3221984 0.6846717
    3 1.0471450 -1.4901678 1.4096182
    >
    > ### Plotting
    > plotTrajMeans3d(ld)
    Error in rgl.open(useNULL) : rgl.open failed
    Calls: plotTrajMeans3d -> open3d -> rgl.open
    Execution halted
Flavor: r-release-osx-x86_64-mavericks