CRAN Package Check Results for Package longitudinalData

Last updated on 2014-09-16 19:48:35.

Flavor Version Tinstall Tcheck Ttotal Status Flags
r-devel-linux-x86_64-debian-clang 2.2 1.68 33.57 35.25 NOTE
r-devel-linux-x86_64-debian-gcc 2.2 2.26 33.12 35.38 NOTE
r-devel-linux-x86_64-fedora-clang 2.2 69.02 NOTE
r-devel-linux-x86_64-fedora-gcc 2.2 69.03 NOTE
r-devel-osx-x86_64-clang 2.2 55.32 NOTE
r-devel-windows-ix86+x86_64 2.2 6.00 48.00 54.00 NOTE
r-patched-linux-x86_64 2.2 1.75 34.82 36.56 NOTE
r-patched-solaris-sparc 2.2 351.80 NOTE
r-patched-solaris-x86 2.2 85.10 NOTE
r-release-linux-ix86 2.2 2.37 45.94 48.31 NOTE
r-release-linux-x86_64 2.2 1.78 35.04 36.82 NOTE
r-release-osx-x86_64-mavericks 2.2 NOTE
r-release-osx-x86_64-snowleopard 2.2 NOTE
r-release-windows-ix86+x86_64 2.2 5.00 51.00 56.00 NOTE
r-oldrel-windows-ix86+x86_64 2.2 6.00 54.00 60.00 NOTE

Check Details

Version: 2.2
Check: dependencies in R code
Result: NOTE
    Unexported objects imported by ':::' calls:
     ‘misc3d:::canonicalizeAndMergeScene’ ‘misc3d:::colorScene’
     ‘misc3d:::t2ve’
     See the note in ?`:::` about the use of this operator.
    See the information on DESCRIPTION files in the chapter ‘Creating R
    packages’ of the ‘Writing R Extensions’ manual.
Flavors: r-devel-linux-x86_64-debian-clang, r-devel-linux-x86_64-debian-gcc, r-devel-linux-x86_64-fedora-clang, r-devel-linux-x86_64-fedora-gcc, r-devel-osx-x86_64-clang, r-devel-windows-ix86+x86_64, r-patched-linux-x86_64, r-patched-solaris-sparc, r-patched-solaris-x86, r-release-linux-ix86, r-release-linux-x86_64, r-release-osx-x86_64-mavericks, r-release-osx-x86_64-snowleopard, r-release-windows-ix86+x86_64, r-oldrel-windows-ix86+x86_64

Version: 2.2
Check: R code for possible problems
Result: NOTE
    .ListPartition.plotAllCriterion: no visible binding for global variable
     ‘CRITERION_NAMES’
    .ListPartition.plotAllCriterion: no visible binding for global variable
     ‘CLUSTER_NAMES’
    .ListPartition.plotCriterion: no visible binding for global variable
     ‘CLUSTER_NAMES’
    .listPartition.get: no visible binding for global variable
     ‘CRITERION_NAMES’
    .listPartition.get: no visible binding for global variable
     ‘CLUSTER_NAMES’
    .listPartition.set: no visible binding for global variable
     ‘CRITERION_NAMES’
    .listPartition.set: no visible binding for global variable
     ‘CLUSTER_NAMES’
    .partition.constructor: no visible binding for global variable
     ‘MAX_CLUSTERS’
    .partition.constructor: no visible binding for global variable
     ‘CRITERION_NAMES’
    .partition.validity: no visible binding for global variable
     ‘MAX_CLUSTERS’
    plotAllCriterion: no visible binding for global variable
     ‘CRITERION_NAMES’
    partition,ANY-matrix-ANY: no visible binding for global variable
     ‘MAX_CLUSTERS’
    partition,ANY-matrix-ANY: no visible binding for global variable
     ‘CRITERION_NAMES’
    partition,ANY-missing-ANY: no visible binding for global variable
     ‘MAX_CLUSTERS’
    partition,ANY-missing-ANY: no visible binding for global variable
     ‘CRITERION_NAMES’
    plotAllCriterion,ListPartition: no visible binding for global variable
     ‘CRITERION_NAMES’
    plotAllCriterion,ListPartition: no visible binding for global variable
     ‘CLUSTER_NAMES’
    plotCriterion,ListPartition: no visible binding for global variable
     ‘CLUSTER_NAMES’
Flavors: r-devel-linux-x86_64-debian-clang, r-devel-linux-x86_64-debian-gcc, r-devel-linux-x86_64-fedora-clang, r-devel-linux-x86_64-fedora-gcc, r-devel-osx-x86_64-clang, r-devel-windows-ix86+x86_64