CRAN Package Check Results for Package longmemo

Last updated on 2015-07-03 03:46:55.

Flavor Version Tinstall Tcheck Ttotal Status Flags
r-devel-linux-x86_64-debian-clang 1.0-0 0.62 35.21 35.83 NOTE
r-devel-linux-x86_64-debian-gcc 1.0-0 0.70 34.66 35.36 NOTE
r-devel-linux-x86_64-fedora-clang 1.0-0 64.85 NOTE
r-devel-linux-x86_64-fedora-gcc 1.0-0 63.15 NOTE
r-devel-osx-x86_64-clang 1.0-0 48.39 OK
r-devel-windows-ix86+x86_64 1.0-0 3.00 61.00 64.00 NOTE
r-patched-linux-x86_64 1.0-0 0.64 34.90 35.54 NOTE
r-patched-solaris-sparc 1.0-0 470.30 OK
r-patched-solaris-x86 1.0-0 86.90 OK
r-release-linux-x86_64 1.0-0 0.67 35.35 36.02 NOTE
r-release-osx-x86_64-mavericks 1.0-0 OK
r-release-windows-ix86+x86_64 1.0-0 3.00 65.00 68.00 OK
r-oldrel-windows-ix86+x86_64 1.0-0 3.00 58.00 61.00 OK

Check Details

Version: 1.0-0
Check: top-level files
Result: NOTE
    Non-standard files/directories found at top level:
     ‘Done’ ‘INDEX-MM’ ‘R_README’
Flavors: r-devel-linux-x86_64-debian-clang, r-devel-linux-x86_64-debian-gcc, r-devel-linux-x86_64-fedora-clang, r-devel-linux-x86_64-fedora-gcc, r-patched-linux-x86_64, r-release-linux-x86_64

Version: 1.0-0
Check: R code for possible problems
Result: NOTE
    FEXPest : glimstep: no visible global function definition for ‘update’
    FEXPest : glimstep: no visible global function definition for
     ‘as.formula’
    FEXPest : glimstep: no visible global function definition for ‘glm’
    FEXPest: Error while checking: invalid ‘envir’ argument
    Qeta: no visible global function definition for ‘pnorm’
    WhittleEst: no visible global function definition for ‘sd’
    WhittleEst: no visible global function definition for ‘optimize’
    WhittleEst: no visible global function definition for ‘optim’
    WhittleEst: no visible global function definition for ‘pnorm’
    lines.FEXP: no visible global function definition for ‘lines’
    lines.WhittleEst: no visible global function definition for ‘lines’
    linesSpec: no visible global function definition for ‘lines’
    llplot: no visible global function definition for ‘plot’
    llplot: no visible global function definition for ‘lines’
    lxplot: no visible global function definition for ‘plot’
    lxplot: no visible global function definition for ‘lines’
    per: no visible global function definition for ‘fft’
    plot.FEXP: no visible global function definition for ‘plot’
    plot.FEXP: no visible global function definition for ‘lines’
    plot.FEXP: no visible global function definition for ‘mtext’
    plot.WhittleEst: no visible global function definition for ‘plot’
    plot.WhittleEst: no visible global function definition for ‘lines’
    print.FEXP: no visible global function definition for ‘printCoefmat’
    print.FEXP: no visible global function definition for ‘str’
    print.WhittleEst: no visible global function definition for
     ‘printCoefmat’
    print.WhittleEst: no visible global function definition for ‘str’
    simGauss: no visible global function definition for ‘fft’
    simGauss: no visible global function definition for ‘rnorm’
    simGauss: no visible global function definition for ‘ts’
    Undefined global functions or variables:
     as.formula fft glm lines mtext optim optimize plot pnorm printCoefmat
     rnorm sd str ts update
Flavors: r-devel-linux-x86_64-debian-clang, r-devel-linux-x86_64-fedora-clang, r-devel-linux-x86_64-fedora-gcc, r-devel-windows-ix86+x86_64

Version: 1.0-0
Check: R code for possible problems
Result: NOTE
    FEXPest : glimstep: no visible global function definition for ‘update’
    FEXPest : glimstep: no visible global function definition for
     ‘as.formula’
    FEXPest : glimstep: no visible global function definition for ‘glm’
    FEXPest: Error while checking: invalid ‘envir’ argument
    Qeta: no visible global function definition for ‘pnorm’
    WhittleEst: no visible global function definition for ‘sd’
    WhittleEst: no visible global function definition for ‘optimize’
    WhittleEst: no visible global function definition for ‘optim’
    WhittleEst: no visible global function definition for ‘pnorm’
    lines.FEXP: no visible global function definition for ‘lines’
    lines.WhittleEst: no visible global function definition for ‘lines’
    linesSpec: no visible global function definition for ‘lines’
    llplot: no visible global function definition for ‘plot’
    llplot: no visible global function definition for ‘lines’
    lxplot: no visible global function definition for ‘plot’
    lxplot: no visible global function definition for ‘lines’
    per: no visible global function definition for ‘fft’
    plot.FEXP: no visible global function definition for ‘plot’
    plot.FEXP: no visible global function definition for ‘lines’
    plot.FEXP: no visible global function definition for ‘mtext’
    plot.WhittleEst: no visible global function definition for ‘plot’
    plot.WhittleEst: no visible global function definition for ‘lines’
    print.FEXP: no visible global function definition for ‘printCoefmat’
    print.FEXP: no visible global function definition for ‘str’
    print.WhittleEst: no visible global function definition for
     ‘printCoefmat’
    print.WhittleEst: no visible global function definition for ‘str’
    simGauss: no visible global function definition for ‘fft’
    simGauss: no visible global function definition for ‘rnorm’
    simGauss: no visible global function definition for ‘ts’
Flavor: r-devel-linux-x86_64-debian-gcc