CRAN Package Check Results for Package longmemo

Last updated on 2014-11-26 03:47:59.

Flavor Version Tinstall Tcheck Ttotal Status Flags
r-devel-linux-x86_64-debian-clang 1.0-0 0.75 36.01 36.76 NOTE
r-devel-linux-x86_64-debian-gcc 1.0-0 0.68 36.79 37.47 NOTE
r-devel-linux-x86_64-fedora-clang 1.0-0 69.33 NOTE
r-devel-linux-x86_64-fedora-gcc 1.0-0 69.63 NOTE
r-devel-osx-x86_64-clang 1.0-0 52.50 OK
r-devel-windows-ix86+x86_64 1.0-0 2.00 58.00 60.00 OK
r-patched-linux-x86_64 1.0-0 0.74 37.34 38.08 NOTE
r-patched-solaris-sparc 1.0-0 453.50 OK
r-patched-solaris-x86 1.0-0 92.70 OK
r-release-linux-ix86 1.0-0 1.01 47.97 48.98 OK
r-release-linux-x86_64 1.0-0 0.73 36.66 37.39 NOTE
r-release-osx-x86_64-mavericks 1.0-0 OK
r-release-windows-ix86+x86_64 1.0-0 2.00 60.00 62.00 OK
r-oldrel-windows-ix86+x86_64 1.0-0 2.00 52.00 54.00 OK

Check Details

Version: 1.0-0
Check: top-level files
Result: NOTE
    Non-standard files/directories found at top level:
     ‘Done’ ‘INDEX-MM’ ‘R_README’
Flavors: r-devel-linux-x86_64-debian-clang, r-devel-linux-x86_64-debian-gcc, r-devel-linux-x86_64-fedora-clang, r-devel-linux-x86_64-fedora-gcc, r-patched-linux-x86_64, r-release-linux-x86_64