CRAN Package Check Results for Package longmemo

Last updated on 2014-04-19 15:49:44.

Flavor Version Tinstall Tcheck Ttotal Status Flags
r-devel-linux-x86_64-debian-clang 1.0-0 0.74 36.95 37.69 OK
r-devel-linux-x86_64-debian-gcc 1.0-0 0.77 37.21 37.98 OK
r-devel-linux-x86_64-fedora-clang 1.0-0 68.02 NOTE
r-devel-linux-x86_64-fedora-gcc 1.0-0 68.94 NOTE
r-devel-macosx-x86_64-clang 1.0-0 49.44 OK
r-devel-macosx-x86_64-gcc 1.0-0 NOTE
r-devel-windows-ix86+x86_64 1.0-0 2.00 56.00 58.00 OK
r-patched-linux-x86_64 1.0-0 0.84 37.27 38.11 OK
r-patched-solaris-sparc 1.0-0 471.30 OK
r-patched-solaris-x86 1.0-0 95.00 OK
r-release-linux-ix86 OK
r-release-linux-x86_64 1.0-0 0.79 37.00 37.79 OK
r-release-windows-ix86+x86_64 1.0-0 4.00 57.00 61.00 OK
r-oldrel-windows-ix86+x86_64 1.0-0 3.00 52.00 55.00 OK

Check Details

Version: 1.0-0
Check: top-level files
Result: NOTE
    Non-standard files/directories found at top level:
     ‘Done’ ‘INDEX-MM’ ‘R_README’
Flavors: r-devel-linux-x86_64-fedora-clang, r-devel-linux-x86_64-fedora-gcc

Version: 1.0-0
Check: package dependencies
Result: NOTE
    Package which this enhances but not available for checking: ‘fracdiff’
Flavor: r-devel-macosx-x86_64-gcc