CRAN Package Check Results for Package longmemo

Last updated on 2014-12-19 12:48:20.

Flavor Version Tinstall Tcheck Ttotal Status Flags
r-devel-linux-x86_64-debian-clang 1.0-0 0.70 36.52 37.22 NOTE
r-devel-linux-x86_64-debian-gcc 1.0-0 0.88 37.28 38.15 NOTE
r-devel-linux-x86_64-fedora-clang 1.0-0 69.93 NOTE
r-devel-linux-x86_64-fedora-gcc 1.0-0 68.70 NOTE
r-devel-osx-x86_64-clang 1.0-0 51.95 OK
r-devel-windows-ix86+x86_64 1.0-0 3.00 58.00 61.00 OK
r-patched-linux-x86_64 1.0-0 0.74 36.71 37.45 NOTE
r-patched-solaris-sparc 1.0-0 453.50 OK
r-patched-solaris-x86 1.0-0 94.70 OK
r-release-linux-ix86 1.0-0 1.02 48.25 49.26 OK
r-release-linux-x86_64 1.0-0 0.74 36.91 37.64 NOTE
r-release-osx-x86_64-mavericks 1.0-0 OK
r-release-windows-ix86+x86_64 1.0-0 3.00 59.00 62.00 OK
r-oldrel-windows-ix86+x86_64 1.0-0 3.00 55.00 58.00 OK

Check Details

Version: 1.0-0
Check: top-level files
Result: NOTE
    Non-standard files/directories found at top level:
     ‘Done’ ‘INDEX-MM’ ‘R_README’
Flavors: r-devel-linux-x86_64-debian-clang, r-devel-linux-x86_64-debian-gcc, r-devel-linux-x86_64-fedora-clang, r-devel-linux-x86_64-fedora-gcc, r-patched-linux-x86_64, r-release-linux-x86_64