CRAN Package Check Results for Package longmemo

Last updated on 2014-09-18 03:47:53.

Flavor Version Tinstall Tcheck Ttotal Status Flags
r-devel-linux-x86_64-debian-clang 1.0-0 0.71 35.72 36.43 NOTE
r-devel-linux-x86_64-debian-gcc 1.0-0 0.66 35.24 35.89 NOTE
r-devel-linux-x86_64-fedora-clang 1.0-0 66.00 NOTE
r-devel-linux-x86_64-fedora-gcc 1.0-0 66.86 NOTE
r-devel-osx-x86_64-clang 1.0-0 49.83 OK
r-devel-windows-ix86+x86_64 1.0-0 2.00 57.00 59.00 OK
r-patched-linux-x86_64 1.0-0 0.68 35.94 36.63 OK
r-patched-solaris-sparc 1.0-0 453.50 OK
r-patched-solaris-x86 1.0-0 93.00 OK
r-release-linux-ix86 1.0-0 1.06 50.48 51.55 OK
r-release-linux-x86_64 1.0-0 0.72 36.28 37.00 NOTE
r-release-osx-x86_64-mavericks 1.0-0 OK
r-release-windows-ix86+x86_64 1.0-0 2.00 55.00 57.00 OK
r-oldrel-windows-ix86+x86_64 1.0-0 3.00 51.00 54.00 OK

Check Details

Version: 1.0-0
Check: top-level files
Result: NOTE
    Non-standard files/directories found at top level:
     ‘Done’ ‘INDEX-MM’ ‘R_README’
Flavors: r-devel-linux-x86_64-debian-clang, r-devel-linux-x86_64-debian-gcc, r-devel-linux-x86_64-fedora-clang, r-devel-linux-x86_64-fedora-gcc, r-release-linux-x86_64