CRAN Package Check Results for Package longmemo

Last updated on 2015-02-01 20:48:38.

Flavor Version Tinstall Tcheck Ttotal Status Flags
r-devel-linux-x86_64-debian-clang 1.0-0 0.67 35.05 35.72 NOTE
r-devel-linux-x86_64-debian-gcc 1.0-0 0.64 34.95 35.60 NOTE
r-devel-linux-x86_64-fedora-clang 1.0-0 65.52 NOTE
r-devel-linux-x86_64-fedora-gcc 1.0-0 65.85 NOTE
r-devel-osx-x86_64-clang 1.0-0 56.29 OK
r-devel-windows-ix86+x86_64 1.0-0 4.00 59.00 63.00 OK
r-patched-linux-x86_64 1.0-0 0.74 37.87 38.61 NOTE
r-patched-solaris-sparc 1.0-0 459.20 OK
r-patched-solaris-x86 1.0-0 97.20 OK
r-release-linux-ix86 1.0-0 1.01 48.62 49.62 NOTE
r-release-linux-x86_64 1.0-0 0.73 36.63 37.36 NOTE
r-release-osx-x86_64-mavericks 1.0-0 OK
r-release-windows-ix86+x86_64 1.0-0 3.00 69.00 72.00 OK
r-oldrel-windows-ix86+x86_64 1.0-0 3.00 54.00 57.00 OK

Check Details

Version: 1.0-0
Check: top-level files
Result: NOTE
    Non-standard files/directories found at top level:
     ‘Done’ ‘INDEX-MM’ ‘R_README’
Flavors: r-devel-linux-x86_64-debian-clang, r-devel-linux-x86_64-debian-gcc, r-devel-linux-x86_64-fedora-clang, r-devel-linux-x86_64-fedora-gcc, r-patched-linux-x86_64, r-release-linux-ix86, r-release-linux-x86_64