CRAN Package Check Results for Package longmemo

Last updated on 2015-03-03 14:47:27.

Flavor Version Tinstall Tcheck Ttotal Status Flags
r-devel-linux-x86_64-debian-clang 1.0-0 0.90 35.20 36.09 NOTE
r-devel-linux-x86_64-debian-gcc 1.0-0 0.64 35.26 35.91 NOTE
r-devel-linux-x86_64-fedora-clang 1.0-0 67.21 NOTE
r-devel-linux-x86_64-fedora-gcc 1.0-0 66.17 NOTE
r-devel-osx-x86_64-clang 1.0-0 49.46 OK
r-devel-windows-ix86+x86_64 1.0-0 5.00 70.00 75.00 OK
r-patched-linux-x86_64 1.0-0 0.71 37.01 37.72 NOTE
r-patched-solaris-sparc 1.0-0 468.20 OK
r-patched-solaris-x86 1.0-0 93.40 OK
r-release-linux-ix86 1.0-0 1.03 48.58 49.60 NOTE
r-release-linux-x86_64 1.0-0 0.75 36.73 37.48 NOTE
r-release-osx-x86_64-mavericks 1.0-0 OK
r-release-windows-ix86+x86_64 1.0-0 5.00 61.00 66.00 OK
r-oldrel-windows-ix86+x86_64 1.0-0 3.00 61.00 64.00 OK

Check Details

Version: 1.0-0
Check: top-level files
Result: NOTE
    Non-standard files/directories found at top level:
     ‘Done’ ‘INDEX-MM’ ‘R_README’
Flavors: r-devel-linux-x86_64-debian-clang, r-devel-linux-x86_64-debian-gcc, r-devel-linux-x86_64-fedora-clang, r-devel-linux-x86_64-fedora-gcc, r-patched-linux-x86_64, r-release-linux-ix86, r-release-linux-x86_64