CRAN Package Check Results for Package longmemo

Last updated on 2015-05-28 05:46:54.

Flavor Version Tinstall Tcheck Ttotal Status Flags
r-devel-linux-x86_64-debian-clang 1.0-0 0.66 35.45 36.10 NOTE
r-devel-linux-x86_64-debian-gcc 1.0-0 0.65 36.30 36.94 NOTE
r-devel-linux-x86_64-fedora-clang 1.0-0 65.97 NOTE
r-devel-linux-x86_64-fedora-gcc 1.0-0 64.54 NOTE
r-devel-osx-x86_64-clang 1.0-0 48.98 OK
r-devel-windows-ix86+x86_64 1.0-0 3.00 59.00 62.00 OK
r-patched-linux-x86_64 1.0-0 0.68 35.09 35.77 NOTE
r-patched-solaris-sparc 1.0-0 470.30 OK
r-patched-solaris-x86 1.0-0 86.90 OK
r-release-linux-x86_64 1.0-0 0.83 36.94 37.77 NOTE
r-release-osx-x86_64-mavericks 1.0-0 OK
r-release-osx-x86_64-snowleopard 1.0-0 OK
r-release-windows-ix86+x86_64 1.0-0 3.00 58.00 61.00 OK
r-oldrel-windows-ix86+x86_64 1.0-0 3.00 56.00 59.00 OK

Check Details

Version: 1.0-0
Check: top-level files
Result: NOTE
    Non-standard files/directories found at top level:
     ‘Done’ ‘INDEX-MM’ ‘R_README’
Flavors: r-devel-linux-x86_64-debian-clang, r-devel-linux-x86_64-debian-gcc, r-devel-linux-x86_64-fedora-clang, r-devel-linux-x86_64-fedora-gcc, r-patched-linux-x86_64, r-release-linux-x86_64