CRAN Package Check Results for Package longmemo

Last updated on 2015-08-04 21:47:07.

Flavor Version Tinstall Tcheck Ttotal Status Flags
r-devel-linux-x86_64-debian-clang 1.0-0 0.63 34.98 35.61 NOTE
r-devel-linux-x86_64-debian-gcc 1.0-0 0.76 34.37 35.13 NOTE
r-devel-linux-x86_64-fedora-clang 1.0-0 65.76 NOTE
r-devel-linux-x86_64-fedora-gcc 1.0-0 64.03 NOTE
r-devel-osx-x86_64-clang 1.0-0 44.77 OK
r-devel-windows-ix86+x86_64 1.0-0 5.00 79.00 84.00 NOTE
r-patched-linux-x86_64 1.0-0 0.70 34.89 35.59 NOTE
r-patched-solaris-sparc 1.0-0 463.20 OK
r-patched-solaris-x86 1.0-0 87.60 OK
r-release-linux-x86_64 1.0-0 0.88 35.11 35.99 NOTE
r-release-osx-x86_64-mavericks 1.0-0 OK
r-release-windows-ix86+x86_64 1.0-0 4.00 76.00 80.00 OK
r-oldrel-windows-ix86+x86_64 1.0-0 5.00 85.00 90.00 OK

Check Details

Version: 1.0-0
Check: top-level files
Result: NOTE
    Non-standard files/directories found at top level:
     ‘Done’ ‘INDEX-MM’ ‘R_README’
Flavors: r-devel-linux-x86_64-debian-clang, r-devel-linux-x86_64-debian-gcc, r-devel-linux-x86_64-fedora-clang, r-devel-linux-x86_64-fedora-gcc, r-patched-linux-x86_64, r-release-linux-x86_64

Version: 1.0-0
Check: R code for possible problems
Result: NOTE
    FEXPest : glimstep: no visible global function definition for ‘update’
    FEXPest : glimstep: no visible global function definition for
     ‘as.formula’
    FEXPest : glimstep: no visible global function definition for ‘glm’
    FEXPest : glimstep: no visible global function definition for ‘Gamma’
    Qeta: no visible global function definition for ‘pnorm’
    WhittleEst: no visible global function definition for ‘sd’
    WhittleEst: no visible global function definition for ‘optimize’
    WhittleEst: no visible global function definition for ‘optim’
    WhittleEst: no visible global function definition for ‘pnorm’
    lines.FEXP: no visible global function definition for ‘lines’
    lines.WhittleEst: no visible global function definition for ‘lines’
    linesSpec: no visible global function definition for ‘lines’
    llplot: no visible global function definition for ‘plot’
    llplot: no visible global function definition for ‘lines’
    lxplot: no visible global function definition for ‘plot’
    lxplot: no visible global function definition for ‘lines’
    per: no visible global function definition for ‘fft’
    plot.FEXP: no visible global function definition for ‘plot’
    plot.FEXP: no visible global function definition for ‘lines’
    plot.FEXP: no visible global function definition for ‘mtext’
    plot.WhittleEst: no visible global function definition for ‘plot’
    plot.WhittleEst: no visible global function definition for ‘lines’
    print.FEXP: no visible global function definition for ‘printCoefmat’
    print.FEXP: no visible global function definition for ‘str’
    print.WhittleEst: no visible global function definition for
     ‘printCoefmat’
    print.WhittleEst: no visible global function definition for ‘str’
    simGauss: no visible global function definition for ‘fft’
    simGauss: no visible global function definition for ‘rnorm’
    simGauss: no visible global function definition for ‘ts’
    Undefined global functions or variables:
     Gamma as.formula fft glm lines mtext optim optimize plot pnorm
     printCoefmat rnorm sd str ts update
    Consider adding
     importFrom("graphics", "lines", "mtext", "plot")
     importFrom("stats", "Gamma", "as.formula", "fft", "glm", "optim",
     "optimize", "pnorm", "printCoefmat", "rnorm", "sd", "ts",
     "update")
     importFrom("utils", "str")
    to your NAMESPACE.
Flavors: r-devel-linux-x86_64-debian-clang, r-devel-linux-x86_64-debian-gcc, r-devel-linux-x86_64-fedora-clang, r-devel-linux-x86_64-fedora-gcc, r-devel-windows-ix86+x86_64