CRAN Package Check Results for Package longmemo

Last updated on 2014-07-24 17:49:03.

Flavor Version Tinstall Tcheck Ttotal Status Flags
r-devel-linux-x86_64-debian-clang 1.0-0 0.71 35.93 36.64 OK
r-devel-linux-x86_64-debian-gcc 1.0-0 0.70 35.23 35.93 OK
r-devel-linux-x86_64-fedora-clang 1.0-0 67.92 NOTE
r-devel-linux-x86_64-fedora-gcc 1.0-0 66.85 NOTE
r-devel-osx-x86_64-clang 1.0-0 50.04 OK
r-devel-windows-ix86+x86_64 1.0-0 2.00 60.00 62.00 OK
r-patched-linux-x86_64 1.0-0 0.70 35.98 36.68 OK
r-patched-solaris-sparc 1.0-0 471.30 OK
r-patched-solaris-x86 1.0-0 94.50 OK
r-release-linux-ix86 1.0-0 1.02 50.39 51.41 OK
r-release-linux-x86_64 1.0-0 1.01 36.84 37.85 OK
r-release-osx-x86_64-mavericks 1.0-0 OK
r-release-windows-ix86+x86_64 1.0-0 2.00 57.00 59.00 OK
r-oldrel-windows-ix86+x86_64 1.0-0 3.00 53.00 56.00 OK

Check Details

Version: 1.0-0
Check: top-level files
Result: NOTE
    Non-standard files/directories found at top level:
     ‘Done’ ‘INDEX-MM’ ‘R_README’
Flavors: r-devel-linux-x86_64-fedora-clang, r-devel-linux-x86_64-fedora-gcc