CRAN Package Check Results for Package longmemo

Last updated on 2014-08-21 07:49:15.

Flavor Version Tinstall Tcheck Ttotal Status Flags
r-devel-linux-x86_64-debian-clang 1.0-0 0.76 34.84 35.60 OK
r-devel-linux-x86_64-debian-gcc 1.0-0 0.68 35.72 36.40 OK
r-devel-linux-x86_64-fedora-clang 1.0-0 69.02 NOTE
r-devel-linux-x86_64-fedora-gcc 1.0-0 72.36 NOTE
r-devel-osx-x86_64-clang 1.0-0 49.95 OK
r-devel-windows-ix86+x86_64 1.0-0 3.00 54.00 57.00 OK
r-patched-linux-x86_64 1.0-0 0.70 35.78 36.48 OK
r-patched-solaris-sparc 1.0-0 453.50 OK
r-patched-solaris-x86 1.0-0 93.70 OK
r-release-linux-ix86 1.0-0 1.02 50.14 51.16 OK
r-release-linux-x86_64 1.0-0 0.71 36.91 37.62 OK
r-release-osx-x86_64-mavericks 1.0-0 OK
r-release-windows-ix86+x86_64 1.0-0 2.00 60.00 62.00 OK
r-oldrel-windows-ix86+x86_64 1.0-0 3.00 54.00 57.00 OK

Check Details

Version: 1.0-0
Check: top-level files
Result: NOTE
    Non-standard files/directories found at top level:
     ‘Done’ ‘INDEX-MM’ ‘R_README’
Flavors: r-devel-linux-x86_64-fedora-clang, r-devel-linux-x86_64-fedora-gcc