CRAN Package Check Results for Package longmemo

Last updated on 2014-10-31 17:49:14.

Flavor Version Tinstall Tcheck Ttotal Status Flags
r-devel-linux-x86_64-debian-clang 1.0-0 0.75 35.64 36.39 NOTE
r-devel-linux-x86_64-debian-gcc 1.0-0 0.69 40.92 41.62 NOTE
r-devel-linux-x86_64-fedora-clang 1.0-0 68.22 NOTE
r-devel-linux-x86_64-fedora-gcc 1.0-0 69.94 NOTE
r-devel-osx-x86_64-clang 1.0-0 51.83 OK
r-devel-windows-ix86+x86_64 1.0-0 2.00 60.00 62.00 OK
r-patched-linux-x86_64 1.0-0 0.72 36.95 37.66 NOTE
r-patched-solaris-sparc 1.0-0 453.50 OK
r-patched-solaris-x86 1.0-0 93.50 OK
r-release-linux-ix86 1.0-0 1.03 50.31 51.34 OK
r-release-linux-x86_64 1.0-0 0.73 38.64 39.37 NOTE
r-release-osx-x86_64-mavericks 1.0-0 OK
r-release-windows-ix86+x86_64 1.0-0 2.00 59.00 61.00 OK
r-oldrel-windows-ix86+x86_64 1.0-0 3.00 56.00 59.00 OK

Check Details

Version: 1.0-0
Check: top-level files
Result: NOTE
    Non-standard files/directories found at top level:
     ‘Done’ ‘INDEX-MM’ ‘R_README’
Flavors: r-devel-linux-x86_64-debian-clang, r-devel-linux-x86_64-debian-gcc, r-devel-linux-x86_64-fedora-clang, r-devel-linux-x86_64-fedora-gcc, r-patched-linux-x86_64, r-release-linux-x86_64