CRAN Package Check Results for Package longpower

Last updated on 2015-04-21 06:47:29.

Flavor Version Tinstall Tcheck Ttotal Status Flags
r-devel-linux-x86_64-debian-clang 1.0-11 3.45 47.96 51.41 NOTE
r-devel-linux-x86_64-debian-gcc 1.0-11 3.44 46.97 50.40 NOTE
r-devel-linux-x86_64-fedora-clang 1.0-11 110.55 NOTE
r-devel-linux-x86_64-fedora-gcc 1.0-11 106.37 NOTE
r-devel-osx-x86_64-clang 1.0-11 98.92 NOTE
r-devel-windows-ix86+x86_64 1.0-11 13.00 98.00 111.00 OK
r-patched-linux-x86_64 1.0-11 3.52 47.62 51.14 NOTE
r-patched-solaris-sparc 1.0-11 611.50 OK
r-patched-solaris-x86 1.0-11 141.00 OK
r-release-linux-x86_64 1.0-11 3.43 47.18 50.60 NOTE
r-release-osx-x86_64-mavericks 1.0-11 OK
r-release-osx-x86_64-snowleopard 1.0-11 ERROR
r-release-windows-ix86+x86_64 1.0-11 6.00 68.00 74.00 OK
r-oldrel-windows-ix86+x86_64 1.0-11 11.00 82.00 93.00 OK

Check Details

Version: 1.0-11
Check: S3 generic/method consistency
Result: NOTE
    Found the following apparent S3 methods exported but not registered:
     print.power.longtest
    See section ‘Registering S3 methods’ in the ‘Writing R Extensions’
    manual.
Flavors: r-devel-linux-x86_64-debian-clang, r-devel-linux-x86_64-debian-gcc, r-devel-linux-x86_64-fedora-clang, r-devel-linux-x86_64-fedora-gcc, r-devel-osx-x86_64-clang, r-patched-linux-x86_64, r-release-linux-x86_64

Version: 1.0-11
Check: package dependencies
Result: ERROR
    Package suggested but not available for checking: ‘knitr’
    
    VignetteBuilder package required for checking but installed: ‘knitr’
    
    Files named as vignettes but with no recognized vignette engine:
     ‘inst/doc/longpower.Rnw’
    (Is a VignetteBuilder field missing?)
    
    See section ‘The DESCRIPTION file’ in the ‘Writing R Extensions’
    manual.
Flavor: r-release-osx-x86_64-snowleopard