CRAN Package Check Results for Package longpower

Last updated on 2015-05-25 22:47:10.

Flavor Version Tinstall Tcheck Ttotal Status Flags
r-devel-linux-x86_64-debian-clang 1.0-11 3.51 47.24 50.75 NOTE
r-devel-linux-x86_64-debian-gcc 1.0-11 3.56 45.18 48.74 NOTE
r-devel-linux-x86_64-fedora-clang 1.0-11 105.04 NOTE
r-devel-linux-x86_64-fedora-gcc 1.0-11 97.69 NOTE
r-devel-osx-x86_64-clang 1.0-11 95.64 NOTE
r-devel-windows-ix86+x86_64 1.0-11 10.00 73.00 83.00 OK
r-patched-linux-x86_64 1.0-11 3.32 45.55 48.87 NOTE
r-patched-solaris-sparc 1.0-11 662.20 NOTE
r-patched-solaris-x86 1.0-11 139.30 NOTE
r-release-linux-x86_64 1.0-11 3.52 48.33 51.84 NOTE
r-release-osx-x86_64-mavericks 1.0-11 OK
r-release-osx-x86_64-snowleopard 1.0-11 ERROR
r-release-windows-ix86+x86_64 1.0-11 10.00 70.00 80.00 OK
r-oldrel-windows-ix86+x86_64 1.0-11 12.00 84.00 96.00 OK

Check Details

Version: 1.0-11
Check: S3 generic/method consistency
Result: NOTE
    Found the following apparent S3 methods exported but not registered:
     print.power.longtest
    See section ‘Registering S3 methods’ in the ‘Writing R Extensions’
    manual.
Flavors: r-devel-linux-x86_64-debian-clang, r-devel-linux-x86_64-debian-gcc, r-devel-linux-x86_64-fedora-clang, r-devel-linux-x86_64-fedora-gcc, r-devel-osx-x86_64-clang, r-patched-linux-x86_64, r-patched-solaris-sparc, r-patched-solaris-x86, r-release-linux-x86_64

Version: 1.0-11
Check: package dependencies
Result: ERROR
    Package suggested but not available for checking: ‘knitr’
    
    VignetteBuilder package required for checking but not installed: ‘knitr’
    
    Files named as vignettes but with no recognized vignette engine:
     ‘inst/doc/longpower.Rnw’
    (Is a VignetteBuilder field missing?)
    
    See section ‘The DESCRIPTION file’ in the ‘Writing R Extensions’
    manual.
Flavor: r-release-osx-x86_64-snowleopard