CRAN Package Check Results for Package longpower

Last updated on 2015-03-03 11:49:22.

Flavor Version Tinstall Tcheck Ttotal Status Flags
r-devel-linux-x86_64-debian-clang 1.0-11 3.54 48.20 51.74 NOTE
r-devel-linux-x86_64-debian-gcc 1.0-11 3.38 47.67 51.04 NOTE
r-devel-linux-x86_64-fedora-clang 1.0-11 110.37 NOTE
r-devel-linux-x86_64-fedora-gcc 1.0-11 105.06 NOTE
r-devel-osx-x86_64-clang 1.0-11 101.93 NOTE
r-devel-windows-ix86+x86_64 1.0-11 14.00 100.00 114.00 OK
r-patched-linux-x86_64 1.0-11 5.15 63.49 68.64 OK
r-patched-solaris-sparc 1.0-11 850.80 OK
r-patched-solaris-x86 1.0-11 204.30 OK
r-release-linux-ix86 1.0-11 5.51 75.15 80.66 OK
r-release-linux-x86_64 1.0-11 4.90 62.98 67.89 OK
r-release-osx-x86_64-mavericks 1.0-11 OK
r-release-osx-x86_64-snowleopard 1.0-11 OK
r-release-windows-ix86+x86_64 1.0-11 21.00 133.00 154.00 OK
r-oldrel-windows-ix86+x86_64 1.0-11 11.00 82.00 93.00 OK

Check Details

Version: 1.0-11
Check: S3 generic/method consistency
Result: NOTE
    Found the following apparent S3 methods exported but not registered:
     print.power.longtest
    See section ‘Registering S3 methods’ in the ‘Writing R Extensions’
    manual.
Flavors: r-devel-linux-x86_64-debian-clang, r-devel-linux-x86_64-debian-gcc, r-devel-linux-x86_64-fedora-clang, r-devel-linux-x86_64-fedora-gcc, r-devel-osx-x86_64-clang