CRAN Package Check Results for Package longpower

Last updated on 2016-07-25 17:49:41.

Flavor Version Tinstall Tcheck Ttotal Status Flags
r-devel-linux-x86_64-debian-clang 1.0-15 4.72 50.80 55.52 OK
r-devel-linux-x86_64-debian-gcc 1.0-15 4.62 49.76 54.38 OK
r-devel-linux-x86_64-fedora-clang 1.0-15 98.56 OK
r-devel-linux-x86_64-fedora-gcc 1.0-15 93.13 OK
r-devel-osx-x86_64-clang 1.0-15 77.97 OK
r-devel-windows-ix86+x86_64 1.0-15 11.00 85.00 96.00 OK
r-patched-linux-x86_64 1.0-15 4.01 46.99 51.00 OK
r-patched-solaris-sparc 1.0-15 566.70 OK
r-patched-solaris-x86 1.0-15 119.10 ERROR
r-release-linux-x86_64 1.0-15 3.73 48.43 52.16 OK
r-release-osx-x86_64-mavericks 1.0-15 OK
r-release-windows-ix86+x86_64 1.0-15 12.00 79.00 91.00 OK
r-oldrel-windows-ix86+x86_64 1.0-15 13.00 79.00 92.00 OK

Check Details

Version: 1.0-15
Check: tests
Result: ERROR
    Running the tests in ‘tests/testthat.R’ failed.
    Last 13 lines of output:
     > test_check("longpower")
     1. Failure: lmmpower (@tests.R#88) ---------------------------------------------
     lmmpower(fm1, pct.change = 0.3, t = seq(0, 9, 1), power = 0.8)$n not equal to 68.46993.
     1/1 mismatches
     [1] 68.5 - 68.5 == -3.17e-06
    
    
     testthat results ================================================================
     OK: 12 SKIPPED: 0 FAILED: 1
     1. Failure: lmmpower (@tests.R#88)
    
     Error: testthat unit tests failed
     Execution halted
Flavor: r-patched-solaris-x86