CRAN Package Check Results for Package longpower

Last updated on 2015-01-28 05:48:48.

Flavor Version Tinstall Tcheck Ttotal Status Flags
r-devel-linux-x86_64-debian-clang 1.0-11 4.55 56.45 61.00 NOTE
r-devel-linux-x86_64-debian-gcc 1.0-11 4.06 53.30 57.36 NOTE
r-devel-linux-x86_64-fedora-clang 1.0-11 154.81 NOTE
r-devel-linux-x86_64-fedora-gcc 1.0-11 148.01 NOTE
r-devel-osx-x86_64-clang 1.0-11 135.59 NOTE
r-devel-windows-ix86+x86_64 1.0-11 10.00 81.00 91.00 OK
r-patched-linux-x86_64 1.0-11 4.73 62.53 67.26 OK
r-patched-solaris-sparc 1.0-11 792.60 OK
r-patched-solaris-x86 1.0-11 208.80 OK
r-release-linux-ix86 1.0-11 5.44 73.31 78.76 OK
r-release-linux-x86_64 1.0-11 4.75 62.72 67.47 OK
r-release-osx-x86_64-mavericks 1.0-11 OK
r-release-osx-x86_64-snowleopard 1.0-11 OK
r-release-windows-ix86+x86_64 1.0-11 13.00 97.00 110.00 OK
r-oldrel-windows-ix86+x86_64 1.0-11 15.00 88.00 103.00 OK

Check Details

Version: 1.0-11
Check: S3 generic/method consistency
Result: NOTE
    Found the following apparent S3 methods exported but not registered:
     print.power.longtest
    See section ‘Registering S3 methods’ in the ‘Writing R Extensions’
    manual.
Flavors: r-devel-linux-x86_64-debian-clang, r-devel-linux-x86_64-debian-gcc, r-devel-linux-x86_64-fedora-clang, r-devel-linux-x86_64-fedora-gcc, r-devel-osx-x86_64-clang