CRAN Package Check Results for Package longpower

Last updated on 2014-07-26 17:47:11.

Flavor Version Tinstall Tcheck Ttotal Status Flags
r-devel-linux-x86_64-debian-clang 1.0-10 4.69 61.92 66.61 OK
r-devel-linux-x86_64-debian-gcc 1.0-10 4.84 60.96 65.80 OK
r-devel-linux-x86_64-fedora-clang 1.0-10 164.25 OK
r-devel-linux-x86_64-fedora-gcc 1.0-10 154.60 OK
r-devel-osx-x86_64-clang 1.0-10 128.97 OK
r-devel-windows-ix86+x86_64 1.0-10 11.00 92.00 103.00 OK
r-patched-linux-x86_64 1.0-10 4.72 60.62 65.34 OK
r-patched-solaris-sparc 1.0-10 831.60 OK
r-patched-solaris-x86 1.0-10 209.80 OK
r-release-linux-ix86 1.0-10 5.56 74.35 79.91 OK
r-release-linux-x86_64 1.0-10 4.77 62.87 67.64 OK
r-release-osx-x86_64-mavericks 1.0-10 OK
r-release-osx-x86_64-snowleopard 1.0-10 ERROR
r-release-windows-ix86+x86_64 1.0-10 11.00 95.00 106.00 OK
r-oldrel-windows-ix86+x86_64 1.0-10 13.00 86.00 99.00 OK

Check Details

Version: 1.0-10
Check: whether package can be installed
Result: ERROR
    Installation failed.
    See ‘/Volumes/XT3/Builds/R-dev-web/QA/Simon/packages/snowleopard-x86_64/results/3.1/longpower.Rcheck/00install.out’ for details.
Flavor: r-release-osx-x86_64-snowleopard