Last updated on 2023-03-30 09:55:13 CEST.
Flavor | Version | Tinstall | Tcheck | Ttotal | Status | Flags |
---|---|---|---|---|---|---|
r-devel-linux-x86_64-debian-clang | 0.3.3 | 2.18 | 22.36 | 24.54 | NOTE | |
r-devel-linux-x86_64-debian-gcc | 0.3.3 | 1.66 | 17.77 | 19.43 | NOTE | |
r-devel-linux-x86_64-fedora-clang | 0.3.3 | 30.17 | NOTE | |||
r-devel-linux-x86_64-fedora-gcc | 0.3.3 | 29.22 | NOTE | |||
r-devel-windows-x86_64 | 0.3.3 | 12.00 | 0.00 | 12.00 | NOTE | |
r-patched-linux-x86_64 | 0.3.3 | 1.37 | 21.76 | 23.13 | NOTE | |
r-release-linux-x86_64 | 0.3.3 | 1.35 | 23.14 | 24.49 | NOTE | |
r-release-macos-arm64 | 0.3.3 | 34.00 | NOTE | |||
r-release-macos-x86_64 | 0.3.3 | 38.00 | NOTE | |||
r-release-windows-x86_64 | 0.3.3 | 8.00 | 62.00 | 70.00 | NOTE | |
r-oldrel-macos-arm64 | 0.3.3 | 35.00 | NOTE | |||
r-oldrel-macos-x86_64 | 0.3.3 | 36.00 | NOTE | |||
r-oldrel-windows-ix86+x86_64 | 0.3.3 | 5.00 | 59.00 | 64.00 | NOTE |
Version: 0.3.3
Check: LazyData
Result: NOTE
'LazyData' is specified without a 'data' directory
Flavors: r-devel-linux-x86_64-debian-clang, r-devel-linux-x86_64-debian-gcc, r-devel-linux-x86_64-fedora-clang, r-devel-linux-x86_64-fedora-gcc, r-devel-windows-x86_64, r-patched-linux-x86_64, r-release-linux-x86_64, r-release-macos-arm64, r-release-macos-x86_64, r-release-windows-x86_64, r-oldrel-macos-arm64, r-oldrel-macos-x86_64, r-oldrel-windows-ix86+x86_64