CRAN Package Check Results for Package lookupTable

Last updated on 2022-01-25 10:53:20 CET.

Flavor Version Tinstall Tcheck Ttotal Status Flags
r-devel-linux-x86_64-debian-clang 0.1 5.33 56.55 61.88 NOTE
r-devel-linux-x86_64-debian-gcc 0.1 3.96 42.72 46.68 NOTE
r-devel-linux-x86_64-fedora-clang 0.1 72.09 NOTE
r-devel-linux-x86_64-fedora-gcc 0.1 61.79 NOTE
r-devel-windows-x86_64-new-UL 0.1 42.00 72.00 114.00 NOTE
r-devel-windows-x86_64-new-TK 0.1 NOTE
r-patched-linux-x86_64 0.1 4.50 50.66 55.16 NOTE
r-release-linux-x86_64 0.1 4.89 50.65 55.54 NOTE
r-release-macos-arm64 0.1 NOTE
r-release-macos-x86_64 0.1 NOTE
r-release-windows-ix86+x86_64 0.1 13.00 62.00 75.00 NOTE
r-oldrel-macos-x86_64 0.1 OK
r-oldrel-windows-ix86+x86_64 0.1 13.00 63.00 76.00 OK

Check Details

Version: 0.1
Check: LazyData
Result: NOTE
     'LazyData' is specified without a 'data' directory
Flavors: r-devel-linux-x86_64-debian-clang, r-devel-linux-x86_64-debian-gcc, r-devel-linux-x86_64-fedora-clang, r-devel-linux-x86_64-fedora-gcc, r-devel-windows-x86_64-new-UL, r-devel-windows-x86_64-new-TK, r-patched-linux-x86_64, r-release-linux-x86_64, r-release-macos-arm64, r-release-macos-x86_64, r-release-windows-ix86+x86_64