CRAN Package Check Results for Package loop

Last updated on 2014-04-24 03:47:47.

Flavor Version Tinstall Tcheck Ttotal Status Flags
r-devel-linux-x86_64-debian-clang 1.1 0.85 15.12 15.96 OK
r-devel-linux-x86_64-debian-gcc 1.1 0.83 15.24 16.07 OK
r-devel-linux-x86_64-fedora-clang 1.1 30.52 NOTE
r-devel-linux-x86_64-fedora-gcc 1.1 28.74 NOTE
r-devel-osx-x86_64-clang 1.1 32.89 OK
r-devel-osx-x86_64-gcc 1.1 OK
r-devel-windows-ix86+x86_64 1.1 3.00 23.00 26.00 OK
r-patched-linux-x86_64 1.1 0.81 15.03 15.84 OK
r-patched-solaris-sparc 1.1 173.50 OK
r-patched-solaris-x86 1.1 43.60 OK
r-release-linux-ix86 1.1 1.00 30.00 31.00 OK
r-release-linux-x86_64 1.1 0.86 14.94 15.80 OK
r-release-osx-x86_64-mavericks 1.1 WARN
r-release-osx-x86_64-snowleopard 1.1 OK
r-release-windows-ix86+x86_64 1.1 3.00 23.00 26.00 OK
r-oldrel-windows-ix86+x86_64 1.1 3.00 25.00 28.00 OK

Check Details

Version: 1.1
Check: Rd line widths
Result: NOTE
    Rd file 'fplot.Rd':
     \usage lines wider than 90 characters:
     fplot(gemat,type="both",metric="jaccard",addlabels=FALSE,scaled=TRUE,weighted=TRUE,pch=20,bg=1,pcex=3,pcol=4,lty=1,lcol=8,tfont=12,tcol ... [TRUNCATED]
    
    Rd file 'fplot.foodweb.Rd':
     \usage lines wider than 90 characters:
     fplot.foodweb(gemat,ranks,addlabels=FALSE,scaled=TRUE,weighted=TRUE,pch=20,bg=1,pcex=3,pcol=4,lty=1,lcol=8,tfont=12,tcol=1)
    
    Rd file 'groupplot.Rd':
     \usage lines wider than 90 characters:
     groupplot(gemat, groups, type = "both", metric = "jaccard", addlabels = FALSE, scaled = TRUE, pch = 20, bg = 1, pcex = 3, pcol = 4, lty ... [TRUNCATED]
    
    Rd file 'groupplot.foodweb.Rd':
     \usage lines wider than 90 characters:
     groupplot.foodweb(gemat, ranks, groups, addlabels = FALSE, scaled = TRUE, pch = 20, bg = 1, pcex = 3, pcol = 4, lty = 1, lcol = 8, tfon ... [TRUNCATED]
     \examples lines wider than 100 characters:
     groupplot.foodweb(gemat=mat,ranks=rlist,groups=glist,pch=pch,lcol=lcol) #other parameters are set in default
    
    These lines will be truncated in the PDF manual.
Flavors: r-devel-linux-x86_64-fedora-clang, r-devel-linux-x86_64-fedora-gcc

Version: 1.1
Check: PDF version of manual
Result: WARNING
    LaTeX errors when creating PDF version.
    This typically indicates Rd problems.
    LaTeX errors found:
    ! LaTeX Error: File `upquote.sty' not found.
    
    Type X to quit or <RETURN> to proceed,
    or enter new name. (Default extension: sty)
    
    1ef8d4d9/Rd2.tex:8: ==> Fatal error occurred, no output PDF file produced!
Flavor: r-release-osx-x86_64-mavericks