CRAN Package Check Results for Package loop

Last updated on 2015-03-31 03:48:33.

Flavor Version Tinstall Tcheck Ttotal Status Flags
r-devel-linux-x86_64-debian-clang 1.1 0.75 13.32 14.06 NOTE
r-devel-linux-x86_64-debian-gcc 1.1 0.74 13.08 13.81 NOTE
r-devel-linux-x86_64-fedora-clang 1.1 27.40 NOTE
r-devel-linux-x86_64-fedora-gcc 1.1 28.66 NOTE
r-devel-osx-x86_64-clang 1.1 32.58 OK
r-prerel-windows-ix86+x86_64 1.1 4.00 21.00 25.00 OK
r-prerel-linux-x86_64 1.1 0.78 13.41 14.19 NOTE
r-prerel-solaris-sparc 1.1 153.70 OK
r-prerel-solaris-x86 1.1 36.50 OK
r-release-linux-x86_64 1.1 0.86 14.40 15.26 NOTE
r-release-osx-x86_64-mavericks 1.1 OK
r-release-osx-x86_64-snowleopard 1.1 OK
r-release-windows-ix86+x86_64 1.1 4.00 24.00 28.00 OK
r-oldrel-windows-ix86+x86_64 1.1 4.00 26.00 30.00 OK

Check Details

Version: 1.1
Check: Rd line widths
Result: NOTE
    Rd file 'fplot.Rd':
     \usage lines wider than 90 characters:
     fplot(gemat,type="both",metric="jaccard",addlabels=FALSE,scaled=TRUE,weighted=TRUE,pch=20,bg=1,pcex=3,pcol=4,lty=1,lcol=8,tfont=12,tcol ... [TRUNCATED]
    
    Rd file 'fplot.foodweb.Rd':
     \usage lines wider than 90 characters:
     fplot.foodweb(gemat,ranks,addlabels=FALSE,scaled=TRUE,weighted=TRUE,pch=20,bg=1,pcex=3,pcol=4,lty=1,lcol=8,tfont=12,tcol=1)
    
    Rd file 'groupplot.Rd':
     \usage lines wider than 90 characters:
     groupplot(gemat, groups, type = "both", metric = "jaccard", addlabels = FALSE, scaled = TRUE, pch = 20, bg = 1, pcex = 3, pcol = 4, lty ... [TRUNCATED]
    
    Rd file 'groupplot.foodweb.Rd':
     \usage lines wider than 90 characters:
     groupplot.foodweb(gemat, ranks, groups, addlabels = FALSE, scaled = TRUE, pch = 20, bg = 1, pcex = 3, pcol = 4, lty = 1, lcol = 8, tfon ... [TRUNCATED]
     \examples lines wider than 100 characters:
     groupplot.foodweb(gemat=mat,ranks=rlist,groups=glist,pch=pch,lcol=lcol) #other parameters are set in default
    
    These lines will be truncated in the PDF manual.
Flavors: r-devel-linux-x86_64-debian-clang, r-devel-linux-x86_64-debian-gcc, r-devel-linux-x86_64-fedora-clang, r-devel-linux-x86_64-fedora-gcc, r-prerel-linux-x86_64, r-release-linux-x86_64