CRAN Package Check Results for Package loop

Last updated on 2015-08-04 23:48:17.

Flavor Version Tinstall Tcheck Ttotal Status Flags
r-devel-linux-x86_64-debian-clang 1.1 0.72 12.91 13.63 NOTE
r-devel-linux-x86_64-debian-gcc 1.1 0.75 12.87 13.62 NOTE
r-devel-linux-x86_64-fedora-clang 1.1 27.03 NOTE
r-devel-linux-x86_64-fedora-gcc 1.1 24.62 NOTE
r-devel-osx-x86_64-clang 1.1 26.04 OK
r-devel-windows-ix86+x86_64 1.1 5.00 33.00 38.00 NOTE
r-patched-linux-x86_64 1.1 1.05 12.77 13.82 NOTE
r-patched-solaris-sparc 1.1 171.10 OK
r-patched-solaris-x86 1.1 37.00 OK
r-release-linux-x86_64 1.1 0.78 13.37 14.15 NOTE
r-release-osx-x86_64-mavericks 1.1 OK
r-release-windows-ix86+x86_64 1.1 4.00 33.00 37.00 OK
r-oldrel-windows-ix86+x86_64 1.1 5.00 37.00 42.00 OK

Check Details

Version: 1.1
Check: R code for possible problems
Result: NOTE
    fplot: no visible global function definition for ‘rnorm’
    fplot: no visible global function definition for ‘plot’
    fplot: no visible global function definition for ‘segments’
    fplot: no visible global function definition for ‘points’
    fplot: no visible global function definition for ‘text’
    fplot.foodweb: no visible global function definition for ‘plot’
    fplot.foodweb: no visible global function definition for ‘segments’
    fplot.foodweb: no visible global function definition for ‘points’
    fplot.foodweb: no visible global function definition for ‘text’
    gplot: no visible global function definition for ‘runif’
    groupplot: no visible global function definition for ‘rnorm’
    groupplot: no visible global function definition for ‘plot’
    groupplot: no visible global function definition for ‘segments’
    groupplot: no visible global function definition for ‘points’
    groupplot: no visible global function definition for ‘text’
    groupplot.foodweb: no visible global function definition for ‘rnorm’
    groupplot.foodweb: no visible global function definition for ‘plot’
    groupplot.foodweb: no visible global function definition for ‘segments’
    groupplot.foodweb: no visible global function definition for ‘points’
    groupplot.foodweb: no visible global function definition for ‘text’
    Undefined global functions or variables:
     plot points rnorm runif segments text
    Consider adding
     importFrom("graphics", "plot", "points", "segments", "text")
     importFrom("stats", "rnorm", "runif")
    to your NAMESPACE.
Flavors: r-devel-linux-x86_64-debian-clang, r-devel-linux-x86_64-debian-gcc, r-devel-linux-x86_64-fedora-clang, r-devel-linux-x86_64-fedora-gcc, r-devel-windows-ix86+x86_64

Version: 1.1
Check: Rd line widths
Result: NOTE
    Rd file 'fplot.Rd':
     \usage lines wider than 90 characters:
     fplot(gemat,type="both",metric="jaccard",addlabels=FALSE,scaled=TRUE,weighted=TRUE,pch=20,bg=1,pcex=3,pcol=4,lty=1,lcol=8,tfont=12,tcol ... [TRUNCATED]
    
    Rd file 'fplot.foodweb.Rd':
     \usage lines wider than 90 characters:
     fplot.foodweb(gemat,ranks,addlabels=FALSE,scaled=TRUE,weighted=TRUE,pch=20,bg=1,pcex=3,pcol=4,lty=1,lcol=8,tfont=12,tcol=1)
    
    Rd file 'groupplot.Rd':
     \usage lines wider than 90 characters:
     groupplot(gemat, groups, type = "both", metric = "jaccard", addlabels = FALSE, scaled = TRUE, pch = 20, bg = 1, pcex = 3, pcol = 4, lty ... [TRUNCATED]
    
    Rd file 'groupplot.foodweb.Rd':
     \usage lines wider than 90 characters:
     groupplot.foodweb(gemat, ranks, groups, addlabels = FALSE, scaled = TRUE, pch = 20, bg = 1, pcex = 3, pcol = 4, lty = 1, lcol = 8, tfon ... [TRUNCATED]
     \examples lines wider than 100 characters:
     groupplot.foodweb(gemat=mat,ranks=rlist,groups=glist,pch=pch,lcol=lcol) #other parameters are set in default
    
    These lines will be truncated in the PDF manual.
Flavors: r-devel-linux-x86_64-debian-clang, r-devel-linux-x86_64-debian-gcc, r-devel-linux-x86_64-fedora-clang, r-devel-linux-x86_64-fedora-gcc, r-patched-linux-x86_64, r-release-linux-x86_64