CRAN Package Check Results for Package loop

Last updated on 2014-09-01 14:46:31.

Flavor Version Tinstall Tcheck Ttotal Status Flags
r-devel-linux-x86_64-debian-clang 1.1 1.10 13.88 14.98 OK
r-devel-linux-x86_64-debian-gcc 1.1 0.74 13.63 14.37 OK
r-devel-linux-x86_64-fedora-clang 1.1 30.38 NOTE
r-devel-linux-x86_64-fedora-gcc 1.1 27.68 NOTE
r-devel-osx-x86_64-clang 1.1 31.40 OK
r-devel-windows-ix86+x86_64 1.1 3.00 23.00 26.00 OK
r-patched-linux-x86_64 1.1 0.77 14.19 14.96 OK
r-patched-solaris-sparc 1.1 168.10 OK
r-patched-solaris-x86 1.1 44.50 OK
r-release-linux-ix86 1.1 1.17 21.24 22.41 OK
r-release-linux-x86_64 1.1 0.79 15.10 15.89 OK
r-release-osx-x86_64-mavericks 1.1 OK
r-release-osx-x86_64-snowleopard 1.1 OK
r-release-windows-ix86+x86_64 1.1 3.00 24.00 27.00 OK
r-oldrel-windows-ix86+x86_64 1.1 5.00 23.00 28.00 OK

Check Details

Version: 1.1
Check: Rd line widths
Result: NOTE
    Rd file 'fplot.Rd':
     \usage lines wider than 90 characters:
     fplot(gemat,type="both",metric="jaccard",addlabels=FALSE,scaled=TRUE,weighted=TRUE,pch=20,bg=1,pcex=3,pcol=4,lty=1,lcol=8,tfont=12,tcol ... [TRUNCATED]
    
    Rd file 'fplot.foodweb.Rd':
     \usage lines wider than 90 characters:
     fplot.foodweb(gemat,ranks,addlabels=FALSE,scaled=TRUE,weighted=TRUE,pch=20,bg=1,pcex=3,pcol=4,lty=1,lcol=8,tfont=12,tcol=1)
    
    Rd file 'groupplot.Rd':
     \usage lines wider than 90 characters:
     groupplot(gemat, groups, type = "both", metric = "jaccard", addlabels = FALSE, scaled = TRUE, pch = 20, bg = 1, pcex = 3, pcol = 4, lty ... [TRUNCATED]
    
    Rd file 'groupplot.foodweb.Rd':
     \usage lines wider than 90 characters:
     groupplot.foodweb(gemat, ranks, groups, addlabels = FALSE, scaled = TRUE, pch = 20, bg = 1, pcex = 3, pcol = 4, lty = 1, lcol = 8, tfon ... [TRUNCATED]
     \examples lines wider than 100 characters:
     groupplot.foodweb(gemat=mat,ranks=rlist,groups=glist,pch=pch,lcol=lcol) #other parameters are set in default
    
    These lines will be truncated in the PDF manual.
Flavors: r-devel-linux-x86_64-fedora-clang, r-devel-linux-x86_64-fedora-gcc