CRAN Package Check Results for Package lordif

Last updated on 2016-12-02 18:47:39.

Flavor Version Tinstall Tcheck Ttotal Status Flags
r-devel-linux-x86_64-debian-clang 0.3-3 4.36 54.42 58.79 OK
r-devel-linux-x86_64-debian-gcc 0.3-3 5.90 54.76 60.66 OK
r-devel-linux-x86_64-fedora-clang 0.3-3 131.33 OK
r-devel-linux-x86_64-fedora-gcc 0.3-3 137.53 OK
r-devel-macos-x86_64-clang 0.3-3 100.37 NOTE
r-devel-windows-ix86+x86_64 0.3-3 16.00 102.00 118.00 OK
r-patched-linux-x86_64 0.3-3 4.30 51.39 55.69 OK
r-patched-solaris-sparc 0.3-3 722.00 OK
r-patched-solaris-x86 0.3-3 159.50 OK
r-release-linux-x86_64 0.3-3 4.32 50.58 54.90 OK
r-release-osx-x86_64-mavericks 0.3-3 OK
r-release-windows-ix86+x86_64 0.3-3 20.00 131.00 151.00 OK
r-oldrel-windows-ix86+x86_64 0.3-3 20.00 99.00 119.00 OK

Check Details

Version: 0.3-3
Check: R code for possible problems
Result: NOTE
    
    This data.table install has not detected OpenMP support. It will work but slower in single threaded mode.
Flavor: r-devel-macos-x86_64-clang