CRAN Package Check Results for Package lordif

Last updated on 2014-11-23 19:47:48.

Flavor Version Tinstall Tcheck Ttotal Status Flags
r-devel-linux-x86_64-debian-clang 0.2-2 4.68 55.81 60.49 NOTE
r-devel-linux-x86_64-debian-gcc 0.2-2 4.25 55.30 59.55 NOTE
r-devel-linux-x86_64-fedora-clang 0.2-2 148.35 NOTE
r-devel-linux-x86_64-fedora-gcc 0.2-2 139.07 NOTE
r-devel-osx-x86_64-clang 0.2-2 117.25 NOTE
r-devel-windows-ix86+x86_64 0.2-2 17.00 89.00 106.00 NOTE
r-patched-linux-x86_64 0.2-2 4.61 56.90 61.50 NOTE
r-patched-solaris-sparc 0.2-2 732.60 NOTE
r-patched-solaris-x86 0.2-2 180.60 NOTE
r-release-linux-ix86 0.2-2 5.62 66.66 72.29 NOTE
r-release-linux-x86_64 0.2-2 4.69 56.72 61.42 NOTE
r-release-osx-x86_64-mavericks 0.2-2 NOTE
r-release-osx-x86_64-snowleopard 0.2-2 NOTE
r-release-windows-ix86+x86_64 0.2-2 21.00 98.00 119.00 NOTE
r-oldrel-windows-ix86+x86_64 0.2-2 17.00 91.00 108.00 NOTE

Check Details

Version: 0.2-2
Check: package dependencies
Result: NOTE
    Depends: includes the non-default packages:
     ‘MASS’ ‘msm’ ‘mvtnorm’ ‘polycor’ ‘sfsmisc’ ‘ltm’ ‘Hmisc’ ‘rms’
    Adding so many packages to the search path is excessive and importing
    selectively is preferable.
Flavors: r-devel-linux-x86_64-debian-clang, r-devel-linux-x86_64-debian-gcc, r-devel-linux-x86_64-fedora-clang, r-devel-linux-x86_64-fedora-gcc, r-devel-osx-x86_64-clang, r-devel-windows-ix86+x86_64, r-patched-linux-x86_64, r-patched-solaris-sparc, r-patched-solaris-x86, r-release-linux-ix86, r-release-linux-x86_64, r-release-osx-x86_64-mavericks, r-release-osx-x86_64-snowleopard, r-release-windows-ix86+x86_64

Version: 0.2-2
Check: dependencies in R code
Result: NOTE
    Packages in Depends field not imported from:
     ‘Hmisc’ ‘MASS’ ‘msm’ ‘mvtnorm’ ‘polycor’ ‘rms’ ‘sfsmisc’
     These packages need to be imported from (in the NAMESPACE file)
     for when this namespace is loaded but not attached.
    See the information on DESCRIPTION files in the chapter ‘Creating R
    packages’ of the ‘Writing R Extensions’ manual.
Flavors: r-devel-linux-x86_64-debian-clang, r-devel-linux-x86_64-debian-gcc, r-devel-linux-x86_64-fedora-clang, r-devel-linux-x86_64-fedora-gcc, r-devel-osx-x86_64-clang, r-devel-windows-ix86+x86_64, r-patched-linux-x86_64, r-patched-solaris-sparc, r-patched-solaris-x86, r-release-linux-ix86, r-release-linux-x86_64, r-release-osx-x86_64-mavericks, r-release-windows-ix86+x86_64, r-oldrel-windows-ix86+x86_64

Version: 0.2-2
Check: R code for possible problems
Result: NOTE
    runolr: no visible global function definition for ‘lrm’
Flavors: r-devel-linux-x86_64-debian-clang, r-devel-linux-x86_64-debian-gcc, r-devel-linux-x86_64-fedora-clang, r-devel-linux-x86_64-fedora-gcc, r-devel-osx-x86_64-clang, r-devel-windows-ix86+x86_64, r-patched-linux-x86_64, r-patched-solaris-sparc, r-patched-solaris-x86, r-release-linux-ix86, r-release-linux-x86_64, r-release-windows-ix86+x86_64

Version: 0.2-2
Check: dependencies in R code
Result: NOTE
    Packages in Depends field not imported from:
     'Hmisc' 'MASS' 'msm' 'mvtnorm' 'polycor' 'rms' 'sfsmisc'
     These packages need to be imported from for the case when
     this namespace is loaded but not attached.
    See the information on DESCRIPTION files in the chapter 'Creating R
    packages' of the 'Writing R Extensions' manual.
Flavor: r-release-osx-x86_64-snowleopard