CRAN Package Check Results for Package lordif

Last updated on 2014-04-24 17:49:46.

Flavor Version Tinstall Tcheck Ttotal Status Flags
r-devel-linux-x86_64-debian-clang 0.2-2 4.65 55.05 59.70 NOTE
r-devel-linux-x86_64-debian-gcc 0.2-2 4.60 54.75 59.35 NOTE
r-devel-linux-x86_64-fedora-clang 0.2-2 138.72 NOTE
r-devel-linux-x86_64-fedora-gcc 0.2-2 132.95 NOTE
r-devel-osx-x86_64-clang 0.2-2 108.15 NOTE
r-devel-osx-x86_64-gcc 0.2-2 ERROR
r-devel-windows-ix86+x86_64 0.2-2 13.00 79.00 92.00 NOTE
r-patched-linux-x86_64 0.2-2 4.94 53.80 58.74 NOTE
r-patched-solaris-sparc 0.2-2 698.00 NOTE
r-patched-solaris-x86 0.2-2 173.60 NOTE
r-release-linux-ix86 0.2-2 7.00 88.00 95.00 NOTE
r-release-linux-x86_64 0.2-2 4.66 53.72 58.37 NOTE
r-release-osx-x86_64-mavericks 0.2-2 WARN
r-release-osx-x86_64-snowleopard 0.2-2 NOTE
r-release-windows-ix86+x86_64 0.2-2 14.00 78.00 92.00 NOTE
r-oldrel-windows-ix86+x86_64 0.2-2 14.00 78.00 92.00 NOTE

Check Details

Version: 0.2-2
Check: package dependencies
Result: NOTE
    Depends: includes the non-default packages:
     ‘MASS’ ‘msm’ ‘mvtnorm’ ‘polycor’ ‘sfsmisc’ ‘ltm’ ‘Hmisc’ ‘rms’
    Adding so many packages to the search path is excessive and importing
    selectively is preferable.
Flavors: r-devel-linux-x86_64-debian-clang, r-devel-linux-x86_64-debian-gcc, r-devel-linux-x86_64-fedora-clang, r-devel-linux-x86_64-fedora-gcc, r-devel-osx-x86_64-clang, r-devel-windows-ix86+x86_64, r-patched-linux-x86_64, r-patched-solaris-sparc, r-patched-solaris-x86, r-release-linux-ix86, r-release-linux-x86_64, r-release-osx-x86_64-mavericks, r-release-osx-x86_64-snowleopard, r-release-windows-ix86+x86_64

Version: 0.2-2
Check: dependencies in R code
Result: NOTE
    Packages in Depends field not imported from:
     ‘Hmisc’ ‘MASS’ ‘msm’ ‘mvtnorm’ ‘polycor’ ‘rms’ ‘sfsmisc’
     These packages need to be imported from (in the NAMESPACE file)
     for when this namespace is loaded but not attached.
    See the information on DESCRIPTION files in the chapter ‘Creating R
    packages’ of the ‘Writing R Extensions’ manual.
Flavors: r-devel-linux-x86_64-debian-clang, r-devel-linux-x86_64-debian-gcc, r-devel-linux-x86_64-fedora-clang, r-devel-linux-x86_64-fedora-gcc, r-devel-osx-x86_64-clang, r-devel-windows-ix86+x86_64, r-patched-linux-x86_64, r-patched-solaris-sparc, r-patched-solaris-x86, r-release-linux-ix86, r-release-linux-x86_64, r-release-osx-x86_64-mavericks, r-release-windows-ix86+x86_64, r-oldrel-windows-ix86+x86_64

Version: 0.2-2
Check: package dependencies
Result: ERROR
    Packages required but not available: ‘Hmisc’ ‘rms’
    
    Depends: includes the non-default packages:
     ‘MASS’ ‘msm’ ‘mvtnorm’ ‘polycor’ ‘sfsmisc’ ‘ltm’ ‘Hmisc’ ‘rms’
    Adding so many packages to the search path is excessive and importing
    selectively is preferable.
    
    See the information on DESCRIPTION files in the chapter ‘Creating R
    packages’ of the ‘Writing R Extensions’ manual.
Flavor: r-devel-osx-x86_64-gcc

Version: 0.2-2
Check: PDF version of manual
Result: WARNING
    LaTeX errors when creating PDF version.
    This typically indicates Rd problems.
    LaTeX errors found:
    ! LaTeX Error: File `upquote.sty' not found.
    
    Type X to quit or <RETURN> to proceed,
    or enter new name. (Default extension: sty)
    
    ed8648/Rd2.tex:8: ==> Fatal error occurred, no output PDF file produced!
Flavor: r-release-osx-x86_64-mavericks

Version: 0.2-2
Check: dependencies in R code
Result: NOTE
    Packages in Depends field not imported from:
     'Hmisc' 'MASS' 'msm' 'mvtnorm' 'polycor' 'rms' 'sfsmisc'
     These packages need to be imported from for the case when
     this namespace is loaded but not attached.
    See the information on DESCRIPTION files in the chapter 'Creating R
    packages' of the 'Writing R Extensions' manual.
Flavor: r-release-osx-x86_64-snowleopard