CRAN Package Check Results for Package lordif

Last updated on 2015-09-05 03:47:06.

Flavor Version Tinstall Tcheck Ttotal Status Flags
r-devel-linux-x86_64-debian-clang 0.2-2 3.95 44.48 48.43 NOTE
r-devel-linux-x86_64-debian-gcc 0.2-2 4.10 44.90 48.99 NOTE
r-devel-linux-x86_64-fedora-clang 0.2-2 104.51 NOTE
r-devel-linux-x86_64-fedora-gcc 0.2-2 96.83 NOTE
r-devel-osx-x86_64-clang 0.2-2 86.81 NOTE
r-devel-windows-ix86+x86_64 0.2-2 20.00 81.00 101.00 NOTE
r-patched-linux-x86_64 0.2-2 4.16 46.24 50.40 NOTE
r-patched-solaris-sparc 0.2-2 604.50 NOTE
r-patched-solaris-x86 0.2-2 147.70 NOTE
r-release-linux-x86_64 0.2-2 4.37 46.24 50.61 NOTE
r-release-osx-x86_64-mavericks 0.2-2 NOTE
r-release-windows-ix86+x86_64 0.2-2 21.00 86.00 107.00 NOTE
r-oldrel-windows-ix86+x86_64 0.2-2 29.00 139.00 168.00 NOTE

Check Details

Version: 0.2-2
Check: package dependencies
Result: NOTE
    Depends: includes the non-default packages:
     ‘MASS’ ‘msm’ ‘mvtnorm’ ‘polycor’ ‘sfsmisc’ ‘ltm’ ‘Hmisc’ ‘rms’
    Adding so many packages to the search path is excessive and importing
    selectively is preferable.
Flavors: r-devel-linux-x86_64-debian-clang, r-devel-linux-x86_64-debian-gcc, r-devel-linux-x86_64-fedora-clang, r-devel-linux-x86_64-fedora-gcc, r-devel-osx-x86_64-clang, r-devel-windows-ix86+x86_64, r-patched-linux-x86_64, r-patched-solaris-sparc, r-patched-solaris-x86, r-release-linux-x86_64, r-release-osx-x86_64-mavericks, r-release-windows-ix86+x86_64, r-oldrel-windows-ix86+x86_64

Version: 0.2-2
Check: DESCRIPTION meta-information
Result: NOTE
    Malformed Description field: should contain one or more complete sentences.
Flavors: r-devel-linux-x86_64-debian-clang, r-devel-linux-x86_64-debian-gcc, r-devel-linux-x86_64-fedora-clang, r-devel-linux-x86_64-fedora-gcc, r-devel-osx-x86_64-clang, r-devel-windows-ix86+x86_64, r-patched-linux-x86_64, r-patched-solaris-sparc, r-patched-solaris-x86, r-release-linux-x86_64, r-release-osx-x86_64-mavericks, r-release-windows-ix86+x86_64

Version: 0.2-2
Check: dependencies in R code
Result: NOTE
    Packages in Depends field not imported from:
     ‘Hmisc’ ‘MASS’ ‘msm’ ‘mvtnorm’ ‘polycor’ ‘rms’ ‘sfsmisc’
     These packages need to be imported from (in the NAMESPACE file)
     for when this namespace is loaded but not attached.
Flavors: r-devel-linux-x86_64-debian-clang, r-devel-linux-x86_64-debian-gcc, r-devel-linux-x86_64-fedora-clang, r-devel-linux-x86_64-fedora-gcc, r-devel-osx-x86_64-clang, r-devel-windows-ix86+x86_64, r-patched-linux-x86_64, r-patched-solaris-sparc, r-patched-solaris-x86, r-release-linux-x86_64, r-release-osx-x86_64-mavericks, r-release-windows-ix86+x86_64, r-oldrel-windows-ix86+x86_64

Version: 0.2-2
Check: R code for possible problems
Result: NOTE
    calctheta: no visible global function definition for ‘dnorm’
    equate: no visible global function definition for ‘nlminb’
    montecarlo: no visible global function definition for ‘runif’
    plot.lordif: no visible global function definition for ‘dev.new’
    plot.lordif: no visible global function definition for ‘par’
    plot.lordif: no visible global function definition for ‘density’
    plot.lordif: no visible global function definition for ‘plot’
    plot.lordif: no visible global function definition for ‘lines’
    plot.lordif: no visible global function definition for ‘legend’
    plot.lordif: no visible global function definition for ‘text’
    plot.lordif: no visible global function definition for ‘layout’
    plot.lordif: no visible global function definition for ‘boxplot’
    plot.lordif: no visible global function definition for ‘abline’
    plot.lordif: no visible global function definition for ‘points’
    plot.lordif.MC: no visible global function definition for ‘dev.new’
    plot.lordif.MC: no visible global function definition for ‘par’
    plot.lordif.MC: no visible global function definition for ‘plot’
    plot.lordif.MC: no visible global function definition for ‘abline’
    plot.lordif.MC: no visible global function definition for ‘points’
    plot.lordif.MC: no visible global function definition for ‘legend’
    runolr: no visible global function definition for ‘lrm’
    runolr: no visible global function definition for ‘pchisq’
    summary.lordif.MC : qquantile: no visible global function definition
     for ‘quantile’
    Undefined global functions or variables:
     abline boxplot density dev.new dnorm layout legend lines lrm nlminb
     par pchisq plot points quantile runif text
    Consider adding
     importFrom("grDevices", "dev.new")
     importFrom("graphics", "abline", "boxplot", "layout", "legend",
     "lines", "par", "plot", "points", "text")
     importFrom("stats", "density", "dnorm", "nlminb", "pchisq", "quantile",
     "runif")
    to your NAMESPACE.
Flavors: r-devel-linux-x86_64-debian-clang, r-devel-linux-x86_64-debian-gcc, r-devel-linux-x86_64-fedora-clang, r-devel-linux-x86_64-fedora-gcc, r-devel-windows-ix86+x86_64

Version: 0.2-2
Check: R code for possible problems
Result: NOTE
    runolr: no visible global function definition for ‘lrm’
    Undefined global functions or variables:
     lrm
Flavor: r-devel-osx-x86_64-clang

Version: 0.2-2
Check: R code for possible problems
Result: NOTE
    runolr: no visible global function definition for ‘lrm’
Flavors: r-patched-linux-x86_64, r-patched-solaris-sparc, r-patched-solaris-x86, r-release-linux-x86_64, r-release-osx-x86_64-mavericks, r-release-windows-ix86+x86_64, r-oldrel-windows-ix86+x86_64