CRAN Package Check Results for Package lordif

Last updated on 2014-07-25 14:47:38.

Flavor Version Tinstall Tcheck Ttotal Status Flags
r-devel-linux-x86_64-debian-clang 0.2-2 4.39 51.36 55.75 NOTE
r-devel-linux-x86_64-debian-gcc 0.2-2 4.20 51.06 55.26 NOTE
r-devel-linux-x86_64-fedora-clang 0.2-2 136.56 NOTE
r-devel-linux-x86_64-fedora-gcc 0.2-2 132.27 NOTE
r-devel-osx-x86_64-clang 0.2-2 106.23 NOTE
r-devel-windows-ix86+x86_64 0.2-2 14.00 80.00 94.00 NOTE
r-patched-linux-x86_64 0.2-2 4.33 51.22 55.55 NOTE
r-patched-solaris-sparc 0.2-2 698.00 NOTE
r-patched-solaris-x86 0.2-2 175.00 NOTE
r-release-linux-ix86 0.2-2 5.56 64.26 69.82 NOTE
r-release-linux-x86_64 0.2-2 4.39 53.12 57.51 NOTE
r-release-osx-x86_64-mavericks 0.2-2 NOTE
r-release-osx-x86_64-snowleopard 0.2-2 NOTE
r-release-windows-ix86+x86_64 0.2-2 13.00 80.00 93.00 NOTE
r-oldrel-windows-ix86+x86_64 0.2-2 13.00 73.00 86.00 NOTE

Check Details

Version: 0.2-2
Check: package dependencies
Result: NOTE
    Depends: includes the non-default packages:
     ‘MASS’ ‘msm’ ‘mvtnorm’ ‘polycor’ ‘sfsmisc’ ‘ltm’ ‘Hmisc’ ‘rms’
    Adding so many packages to the search path is excessive and importing
    selectively is preferable.
Flavors: r-devel-linux-x86_64-debian-clang, r-devel-linux-x86_64-debian-gcc, r-devel-linux-x86_64-fedora-clang, r-devel-linux-x86_64-fedora-gcc, r-devel-osx-x86_64-clang, r-devel-windows-ix86+x86_64, r-patched-linux-x86_64, r-patched-solaris-sparc, r-patched-solaris-x86, r-release-linux-ix86, r-release-linux-x86_64, r-release-osx-x86_64-mavericks, r-release-osx-x86_64-snowleopard, r-release-windows-ix86+x86_64

Version: 0.2-2
Check: dependencies in R code
Result: NOTE
    Packages in Depends field not imported from:
     ‘Hmisc’ ‘MASS’ ‘msm’ ‘mvtnorm’ ‘polycor’ ‘rms’ ‘sfsmisc’
     These packages need to be imported from (in the NAMESPACE file)
     for when this namespace is loaded but not attached.
    See the information on DESCRIPTION files in the chapter ‘Creating R
    packages’ of the ‘Writing R Extensions’ manual.
Flavors: r-devel-linux-x86_64-debian-clang, r-devel-linux-x86_64-debian-gcc, r-devel-linux-x86_64-fedora-clang, r-devel-linux-x86_64-fedora-gcc, r-devel-osx-x86_64-clang, r-devel-windows-ix86+x86_64, r-patched-linux-x86_64, r-patched-solaris-sparc, r-patched-solaris-x86, r-release-linux-ix86, r-release-linux-x86_64, r-release-osx-x86_64-mavericks, r-release-windows-ix86+x86_64, r-oldrel-windows-ix86+x86_64

Version: 0.2-2
Check: dependencies in R code
Result: NOTE
    Packages in Depends field not imported from:
     'Hmisc' 'MASS' 'msm' 'mvtnorm' 'polycor' 'rms' 'sfsmisc'
     These packages need to be imported from for the case when
     this namespace is loaded but not attached.
    See the information on DESCRIPTION files in the chapter 'Creating R
    packages' of the 'Writing R Extensions' manual.
Flavor: r-release-osx-x86_64-snowleopard