CRAN Package Check Results for Package lordif

Last updated on 2015-05-28 15:47:32.

Flavor Version Tinstall Tcheck Ttotal Status Flags
r-devel-linux-x86_64-debian-clang 0.2-2 5.11 46.58 51.68 NOTE
r-devel-linux-x86_64-debian-gcc 0.2-2 3.92 44.44 48.36 NOTE
r-devel-linux-x86_64-fedora-clang 0.2-2 102.21 NOTE
r-devel-linux-x86_64-fedora-gcc 0.2-2 95.54 NOTE
r-devel-osx-x86_64-clang 0.2-2 87.76 NOTE
r-devel-windows-ix86+x86_64 0.2-2 15.00 74.00 89.00 NOTE
r-patched-linux-x86_64 0.2-2 3.98 44.84 48.81 NOTE
r-patched-solaris-sparc 0.2-2 611.80 NOTE
r-patched-solaris-x86 0.2-2 140.10 NOTE
r-release-linux-x86_64 0.2-2 4.22 45.34 49.56 NOTE
r-release-osx-x86_64-mavericks 0.2-2 NOTE
r-release-osx-x86_64-snowleopard 0.2-2 ERROR
r-release-windows-ix86+x86_64 0.2-2 14.00 76.00 90.00 NOTE
r-oldrel-windows-ix86+x86_64 0.2-2 23.00 127.00 150.00 NOTE

Check Details

Version: 0.2-2
Check: package dependencies
Result: NOTE
    Depends: includes the non-default packages:
     ‘MASS’ ‘msm’ ‘mvtnorm’ ‘polycor’ ‘sfsmisc’ ‘ltm’ ‘Hmisc’ ‘rms’
    Adding so many packages to the search path is excessive and importing
    selectively is preferable.
Flavors: r-devel-linux-x86_64-debian-clang, r-devel-linux-x86_64-debian-gcc, r-devel-linux-x86_64-fedora-clang, r-devel-linux-x86_64-fedora-gcc, r-devel-osx-x86_64-clang, r-devel-windows-ix86+x86_64, r-patched-linux-x86_64, r-patched-solaris-sparc, r-patched-solaris-x86, r-release-linux-x86_64, r-release-osx-x86_64-mavericks, r-release-windows-ix86+x86_64, r-oldrel-windows-ix86+x86_64

Version: 0.2-2
Check: DESCRIPTION meta-information
Result: NOTE
    Malformed Description field: should contain one or more complete sentences.
Flavors: r-devel-linux-x86_64-debian-clang, r-devel-linux-x86_64-debian-gcc, r-devel-linux-x86_64-fedora-clang, r-devel-linux-x86_64-fedora-gcc, r-devel-osx-x86_64-clang, r-devel-windows-ix86+x86_64, r-patched-linux-x86_64, r-patched-solaris-sparc, r-patched-solaris-x86, r-release-linux-x86_64, r-release-osx-x86_64-mavericks, r-release-windows-ix86+x86_64

Version: 0.2-2
Check: dependencies in R code
Result: NOTE
    Packages in Depends field not imported from:
     ‘Hmisc’ ‘MASS’ ‘msm’ ‘mvtnorm’ ‘polycor’ ‘rms’ ‘sfsmisc’
     These packages need to be imported from (in the NAMESPACE file)
     for when this namespace is loaded but not attached.
Flavors: r-devel-linux-x86_64-debian-clang, r-devel-linux-x86_64-debian-gcc, r-devel-linux-x86_64-fedora-clang, r-devel-linux-x86_64-fedora-gcc, r-devel-osx-x86_64-clang, r-devel-windows-ix86+x86_64, r-patched-linux-x86_64, r-patched-solaris-sparc, r-patched-solaris-x86, r-release-linux-x86_64, r-release-osx-x86_64-mavericks, r-release-windows-ix86+x86_64, r-oldrel-windows-ix86+x86_64

Version: 0.2-2
Check: R code for possible problems
Result: NOTE
    runolr: no visible global function definition for ‘lrm’
Flavors: r-devel-linux-x86_64-debian-clang, r-devel-linux-x86_64-debian-gcc, r-devel-linux-x86_64-fedora-clang, r-devel-linux-x86_64-fedora-gcc, r-devel-osx-x86_64-clang, r-devel-windows-ix86+x86_64, r-patched-linux-x86_64, r-patched-solaris-sparc, r-patched-solaris-x86, r-release-linux-x86_64, r-release-osx-x86_64-mavericks, r-release-windows-ix86+x86_64, r-oldrel-windows-ix86+x86_64

Version: 0.2-2
Check: package dependencies
Result: ERROR
    Packages required but not available: ‘Hmisc’ ‘rms’
    
    Depends: includes the non-default packages:
     ‘MASS’ ‘msm’ ‘mvtnorm’ ‘polycor’ ‘sfsmisc’ ‘ltm’ ‘Hmisc’ ‘rms’
    Adding so many packages to the search path is excessive and importing
    selectively is preferable.
    
    See section ‘The DESCRIPTION file’ in the ‘Writing R Extensions’
    manual.
Flavor: r-release-osx-x86_64-snowleopard