CRAN Package Check Results for Package lowmemtkmeans

Last updated on 2022-12-05 12:55:33 CET.

Flavor Version Tinstall Tcheck Ttotal Status Flags
r-devel-linux-x86_64-debian-clang 0.1.2 29.13 30.56 59.69 NOTE
r-devel-linux-x86_64-debian-gcc 0.1.2 26.72 24.01 50.73 NOTE
r-devel-linux-x86_64-fedora-clang 0.1.2 103.63 NOTE
r-devel-linux-x86_64-fedora-gcc 0.1.2 103.04 NOTE
r-devel-windows-x86_64 0.1.2 39.00 77.00 116.00 NOTE
r-patched-linux-x86_64 0.1.2 29.74 28.75 58.49 NOTE
r-release-linux-x86_64 0.1.2 32.80 29.88 62.68 NOTE
r-release-macos-arm64 0.1.2 24.00 NOTE
r-release-macos-x86_64 0.1.2 37.00 NOTE
r-release-windows-x86_64 0.1.2 35.00 76.00 111.00 NOTE
r-oldrel-macos-arm64 0.1.2 27.00 NOTE
r-oldrel-macos-x86_64 0.1.2 47.00 NOTE
r-oldrel-windows-ix86+x86_64 0.1.2 86.00 80.00 166.00 NOTE

Check Details

Version: 0.1.2
Check: LazyData
Result: NOTE
     'LazyData' is specified without a 'data' directory
Flavors: r-devel-linux-x86_64-debian-clang, r-devel-linux-x86_64-debian-gcc, r-devel-linux-x86_64-fedora-clang, r-devel-linux-x86_64-fedora-gcc, r-devel-windows-x86_64, r-patched-linux-x86_64, r-release-linux-x86_64, r-release-macos-arm64, r-release-macos-x86_64, r-release-windows-x86_64, r-oldrel-macos-arm64, r-oldrel-macos-x86_64, r-oldrel-windows-ix86+x86_64

Version: 0.1.2
Check: compiled code
Result: NOTE
    File ‘lowmemtkmeans/libs/lowmemtkmeans.so’:
     Found no calls to: ‘R_registerRoutines’, ‘R_useDynamicSymbols’
    
    It is good practice to register native routines and to disable symbol
    search.
    
    See ‘Writing portable packages’ in the ‘Writing R Extensions’ manual.
Flavors: r-devel-linux-x86_64-fedora-clang, r-devel-linux-x86_64-fedora-gcc