CRAN Package Check Results for Package lpSolve

Last updated on 2015-03-28 11:49:18.

Flavor Version Tinstall Tcheck Ttotal Status Flags
r-devel-linux-x86_64-debian-clang 5.6.10 13.48 9.57 23.05 WARN
r-devel-linux-x86_64-debian-gcc 5.6.10 18.20 10.03 28.24 WARN
r-devel-linux-x86_64-fedora-clang 5.6.10 47.50 WARN
r-devel-linux-x86_64-fedora-gcc 5.6.10 50.07 WARN
r-devel-osx-x86_64-clang 5.6.10 40.10 WARN
r-prerel-windows-ix86+x86_64 5.6.10 108.00 25.00 133.00 WARN
r-prerel-linux-x86_64 5.6.10 18.30 9.37 27.66 WARN
r-prerel-solaris-sparc 5.6.10 261.20 WARN
r-prerel-solaris-x86 5.6.10 72.70 WARN
r-release-linux-x86_64 5.6.10 18.52 10.47 28.99 WARN
r-release-osx-x86_64-mavericks 5.6.10 WARN
r-release-osx-x86_64-snowleopard 5.6.10 OK
r-release-windows-ix86+x86_64 5.6.10 136.00 25.00 161.00 WARN
r-oldrel-windows-ix86+x86_64 5.6.10 75.00 29.00 104.00 OK

Check Details

Version: 5.6.10
Check: whether package can be installed
Result: WARN
    Found the following significant warnings:
     ./lp_rlp.h:1804:9: warning: incompatible integer to pointer conversion passing 'int' to parameter of type 'const char *' [-Wint-conversion]
Flavors: r-devel-linux-x86_64-debian-clang, r-devel-linux-x86_64-fedora-clang, r-devel-osx-x86_64-clang, r-release-osx-x86_64-mavericks

Version: 5.6.10
Check: compiled code
Result: NOTE
    File ‘lpSolve/libs/lpSolve.so’:
     Found ‘rand’, possibly from ‘rand’ (C)
     Object: ‘lp_utils.o’
     Found ‘srand’, possibly from ‘srand’ (C)
     Object: ‘lp_utils.o’
    
    Compiled code should not call entry points which might terminate R nor
    write to stdout/stderr instead of to the console, nor the system RNG.
    
    See ‘Writing portable packages’ in the ‘Writing R Extensions’ manual.
Flavors: r-devel-linux-x86_64-debian-clang, r-devel-linux-x86_64-debian-gcc, r-devel-linux-x86_64-fedora-clang, r-devel-linux-x86_64-fedora-gcc, r-prerel-linux-x86_64, r-prerel-solaris-sparc, r-prerel-solaris-x86, r-release-linux-x86_64

Version: 5.6.10
Check: whether package can be installed
Result: WARN
    Found the following significant warnings:
     lp_rlp.h:1793:25: warning: passing argument 1 of ‘Rf_error’ makes pointer from integer without a cast
Flavors: r-devel-linux-x86_64-debian-gcc, r-devel-linux-x86_64-fedora-gcc, r-prerel-linux-x86_64, r-release-linux-x86_64

Version: 5.6.10
Check: compiled code
Result: NOTE
    File ‘lpSolve/libs/lpSolve.so’:
     Found ‘_rand’, possibly from ‘rand’ (C)
     Object: ‘lp_utils.o’
     Found ‘_srand’, possibly from ‘srand’ (C)
     Object: ‘lp_utils.o’
    
    Compiled code should not call entry points which might terminate R nor
    write to stdout/stderr instead of to the console, nor the system RNG.
    
    See ‘Writing portable packages’ in the ‘Writing R Extensions’ manual.
Flavors: r-devel-osx-x86_64-clang, r-release-osx-x86_64-mavericks

Version: 5.6.10
Check: whether package can be installed
Result: WARN
    Found the following significant warnings:
     lp_rlp.h:1804:2: warning: passing argument 1 of 'Rf_error' makes pointer from integer without a cast [enabled by default]
Flavors: r-prerel-windows-ix86+x86_64, r-release-windows-ix86+x86_64

Version: 5.6.10
Check: compiled code
Result: NOTE
    File 'lpSolve/libs/i386/lpSolve.dll':
     Found 'rand', possibly from 'rand' (C)
     Object: 'lp_utils.o'
     Found 'srand', possibly from 'srand' (C)
     Object: 'lp_utils.o'
    File 'lpSolve/libs/x64/lpSolve.dll':
     Found 'rand', possibly from 'rand' (C)
     Object: 'lp_utils.o'
     Found 'srand', possibly from 'srand' (C)
     Object: 'lp_utils.o'
    
    Compiled code should not call entry points which might terminate R nor
    write to stdout/stderr instead of to the console, nor the system RNG.
    
    See 'Writing portable packages' in the 'Writing R Extensions' manual.
Flavors: r-prerel-windows-ix86+x86_64, r-release-windows-ix86+x86_64

Version: 5.6.10
Check: whether package can be installed
Result: WARN
    Found the following significant warnings:
     "lp_rlp.h", line 1804: warning: improper pointer/integer combination: arg #1
Flavors: r-prerel-solaris-sparc, r-prerel-solaris-x86