CRAN Package Check Results for Package lpSolve

Last updated on 2015-01-31 20:46:50.

Flavor Version Tinstall Tcheck Ttotal Status Flags
r-devel-linux-x86_64-debian-clang 5.6.10 11.52 9.72 21.23 WARN
r-devel-linux-x86_64-debian-gcc 5.6.10 18.31 9.32 27.63 WARN
r-devel-linux-x86_64-fedora-clang 5.6.10 44.52 WARN
r-devel-linux-x86_64-fedora-gcc 5.6.10 50.38 WARN
r-devel-osx-x86_64-clang 5.6.10 39.24 WARN
r-devel-windows-ix86+x86_64 5.6.10 116.00 26.00 142.00 WARN
r-patched-linux-x86_64 5.6.10 18.61 11.45 30.06 WARN
r-patched-solaris-sparc 5.6.10 253.40 WARN
r-patched-solaris-x86 5.6.10 78.80 WARN
r-release-linux-ix86 5.6.10 22.32 16.62 38.94 NOTE
r-release-linux-x86_64 5.6.10 18.54 10.16 28.70 NOTE
r-release-osx-x86_64-mavericks 5.6.10 WARN
r-release-osx-x86_64-snowleopard 5.6.10 OK
r-release-windows-ix86+x86_64 5.6.10 94.00 28.00 122.00 NOTE
r-oldrel-windows-ix86+x86_64 5.6.10 75.00 29.00 104.00 OK

Check Details

Version: 5.6.10
Check: whether package can be installed
Result: WARN
    Found the following significant warnings:
     ./lp_rlp.h:1804:9: warning: incompatible integer to pointer conversion passing 'int' to parameter of type 'const char *' [-Wint-conversion]
Flavors: r-devel-linux-x86_64-debian-clang, r-devel-linux-x86_64-fedora-clang, r-devel-osx-x86_64-clang, r-release-osx-x86_64-mavericks

Version: 5.6.10
Check: compiled code
Result: NOTE
    File ‘lpSolve/libs/lpSolve.so’:
     Found ‘rand’, possibly from ‘rand’ (C)
     Object: ‘lp_utils.o’
     Found ‘srand’, possibly from ‘srand’ (C)
     Object: ‘lp_utils.o’
    
    Compiled code should not call entry points which might terminate R nor
    write to stdout/stderr instead of to the console, nor the system RNG.
    
    See ‘Writing portable packages’ in the ‘Writing R Extensions’ manual.
Flavors: r-devel-linux-x86_64-debian-clang, r-devel-linux-x86_64-debian-gcc, r-devel-linux-x86_64-fedora-clang, r-devel-linux-x86_64-fedora-gcc, r-patched-linux-x86_64, r-patched-solaris-sparc, r-patched-solaris-x86

Version: 5.6.10
Check: whether package can be installed
Result: WARN
    Found the following significant warnings:
     lp_rlp.h:1793:25: warning: passing argument 1 of ‘Rf_error’ makes pointer from integer without a cast
Flavors: r-devel-linux-x86_64-debian-gcc, r-patched-linux-x86_64

Version: 5.6.10
Check: whether package can be installed
Result: WARN
    Found the following significant warnings:
     lp_rlp.h:1804:2: warning: passing argument 1 of ‘Rf_error’ makes pointer from integer without a cast [enabled by default]
Flavors: r-devel-linux-x86_64-fedora-gcc, r-devel-windows-ix86+x86_64

Version: 5.6.10
Check: compiled code
Result: NOTE
    File ‘lpSolve/libs/lpSolve.so’:
     Found ‘_rand’, possibly from ‘rand’ (C)
     Object: ‘lp_utils.o’
     Found ‘_srand’, possibly from ‘srand’ (C)
     Object: ‘lp_utils.o’
    
    Compiled code should not call entry points which might terminate R nor
    write to stdout/stderr instead of to the console, nor the system RNG.
    
    See ‘Writing portable packages’ in the ‘Writing R Extensions’ manual.
Flavors: r-devel-osx-x86_64-clang, r-release-osx-x86_64-mavericks

Version: 5.6.10
Check: compiled code
Result: NOTE
    File 'lpSolve/libs/i386/lpSolve.dll':
     Found 'rand', possibly from 'rand' (C)
     Object: 'lp_utils.o'
     Found 'srand', possibly from 'srand' (C)
     Object: 'lp_utils.o'
    File 'lpSolve/libs/x64/lpSolve.dll':
     Found 'rand', possibly from 'rand' (C)
     Object: 'lp_utils.o'
     Found 'srand', possibly from 'srand' (C)
     Object: 'lp_utils.o'
    
    Compiled code should not call entry points which might terminate R nor
    write to stdout/stderr instead of to the console, nor the system RNG.
    
    See 'Writing portable packages' in the 'Writing R Extensions' manual.
Flavor: r-devel-windows-ix86+x86_64

Version: 5.6.10
Check: whether package can be installed
Result: WARN
    Found the following significant warnings:
     "lp_rlp.h", line 1804: warning: improper pointer/integer combination: arg #1
Flavors: r-patched-solaris-sparc, r-patched-solaris-x86

Version: 5.6.10
Check: compiled code
Result: NOTE
    File ‘lpSolve/libs/lpSolve.so’:
     Found ‘rand’, possibly from ‘rand’ (C)
     Object: ‘lp_utils.o’
     Found ‘srand’, possibly from ‘srand’ (C)
     Object: ‘lp_utils.o’
    
    Compiled code should not call entry points which might terminate R nor
    write to stdout/stderr instead of to the console, nor the C RNG.
    
    See ‘Writing portable packages’ in the ‘Writing R Extensions’ manual.
Flavors: r-release-linux-ix86, r-release-linux-x86_64

Version: 5.6.10
Check: compiled code
Result: NOTE
    File 'lpSolve/libs/i386/lpSolve.dll':
     Found 'rand', possibly from 'rand' (C)
     Object: 'lp_utils.o'
     Found 'srand', possibly from 'srand' (C)
     Object: 'lp_utils.o'
    File 'lpSolve/libs/x64/lpSolve.dll':
     Found 'rand', possibly from 'rand' (C)
     Object: 'lp_utils.o'
     Found 'srand', possibly from 'srand' (C)
     Object: 'lp_utils.o'
    
    Compiled code should not call entry points which might terminate R nor
    write to stdout/stderr instead of to the console, nor the C RNG.
    
    See 'Writing portable packages' in the 'Writing R Extensions' manual.
Flavor: r-release-windows-ix86+x86_64