CRAN Package Check Results for Package lpSolve

Last updated on 2015-04-27 11:48:42.

Flavor Version Tinstall Tcheck Ttotal Status Flags
r-devel-linux-x86_64-debian-clang 5.6.11 13.08 9.74 22.82 OK
r-devel-linux-x86_64-debian-gcc 5.6.11 18.38 9.50 27.88 OK
r-devel-linux-x86_64-fedora-clang 5.6.11 45.84 OK
r-devel-linux-x86_64-fedora-gcc 5.6.11 49.12 OK
r-devel-osx-x86_64-clang 5.6.11 39.41 OK
r-devel-windows-ix86+x86_64 5.6.11 99.00 24.00 123.00 OK
r-patched-linux-x86_64 5.6.11 18.43 10.01 28.44 OK
r-patched-solaris-sparc 5.6.11 224.40 OK
r-patched-solaris-x86 5.6.11 72.90 OK
r-release-linux-x86_64 5.6.11 18.40 9.85 28.24 OK
r-release-osx-x86_64-mavericks 5.6.11 OK
r-release-osx-x86_64-snowleopard 5.6.11 WARN
r-release-windows-ix86+x86_64 5.6.11 81.00 26.00 107.00 OK
r-oldrel-windows-ix86+x86_64 5.6.11 98.00 33.00 131.00 OK

Check Details

Version: 5.6.11
Check: whether package can be installed
Result: WARN
    Found the following significant warnings:
     lp_rlp.h:1804: warning: passing argument 1 of ‘lex_fatal_error’ discards qualifiers from pointer target type
Flavor: r-release-osx-x86_64-snowleopard