CRAN Package Check Results for Package lpSolve

Last updated on 2014-09-30 11:48:27.

Flavor Version Tinstall Tcheck Ttotal Status Flags
r-devel-linux-x86_64-debian-clang 5.6.10 11.64 10.63 22.27 NOTE
r-devel-linux-x86_64-debian-gcc 5.6.10 18.47 10.11 28.58 NOTE
r-devel-linux-x86_64-fedora-clang 5.6.10 43.48 NOTE
r-devel-linux-x86_64-fedora-gcc 5.6.10 51.19 NOTE
r-devel-osx-x86_64-clang 5.6.10 37.47 NOTE
r-devel-windows-ix86+x86_64 5.6.10 95.00 23.00 118.00 NOTE
r-patched-linux-x86_64 5.6.10 18.71 9.97 28.68 OK
r-patched-solaris-sparc 5.6.10 251.60 OK
r-patched-solaris-x86 5.6.10 79.60 OK
r-release-linux-ix86 5.6.10 23.64 16.05 39.69 OK
r-release-linux-x86_64 5.6.10 18.22 10.05 28.28 OK
r-release-osx-x86_64-mavericks 5.6.10 OK
r-release-osx-x86_64-snowleopard 5.6.10 OK
r-release-windows-ix86+x86_64 5.6.10 74.00 27.00 101.00 OK
r-oldrel-windows-ix86+x86_64 5.6.10 75.00 29.00 104.00 OK

Check Details

Version: 5.6.10
Check: compiled code
Result: NOTE
    File ‘lpSolve/libs/lpSolve.so’:
     Found ‘rand’, possibly from ‘rand’ (C)
     Object: ‘lp_utils.o’
     Found ‘srand’, possibly from ‘srand’ (C)
     Object: ‘lp_utils.o’
    
    Compiled code should not call entry points which might terminate R nor
    write to stdout/stderr instead of to the console, nor the C RNG.
    
    See ‘Writing portable packages’ in the ‘Writing R Extensions’ manual.
Flavors: r-devel-linux-x86_64-debian-clang, r-devel-linux-x86_64-debian-gcc, r-devel-linux-x86_64-fedora-clang, r-devel-linux-x86_64-fedora-gcc

Version: 5.6.10
Check: compiled code
Result: NOTE
    File ‘lpSolve/libs/lpSolve.so’:
     Found ‘_rand’, possibly from ‘rand’ (C)
     Object: ‘lp_utils.o’
     Found ‘_srand’, possibly from ‘srand’ (C)
     Object: ‘lp_utils.o’
    
    Compiled code should not call entry points which might terminate R nor
    write to stdout/stderr instead of to the console, nor the C RNG.
    
    See ‘Writing portable packages’ in the ‘Writing R Extensions’ manual.
Flavor: r-devel-osx-x86_64-clang

Version: 5.6.10
Check: compiled code
Result: NOTE
    File 'lpSolve/libs/i386/lpSolve.dll':
     Found 'rand', possibly from 'rand' (C)
     Object: 'lp_utils.o'
     Found 'srand', possibly from 'srand' (C)
     Object: 'lp_utils.o'
    File 'lpSolve/libs/x64/lpSolve.dll':
     Found 'rand', possibly from 'rand' (C)
     Object: 'lp_utils.o'
     Found 'srand', possibly from 'srand' (C)
     Object: 'lp_utils.o'
    
    Compiled code should not call entry points which might terminate R nor
    write to stdout/stderr instead of to the console, nor the C RNG.
    
    See 'Writing portable packages' in the 'Writing R Extensions' manual.
Flavor: r-devel-windows-ix86+x86_64