CRAN Package Check Results for Package lpSolve

Last updated on 2015-05-23 08:47:05.

Flavor Version Tinstall Tcheck Ttotal Status Flags
r-devel-linux-x86_64-debian-clang 5.6.11 12.93 9.84 22.77 OK
r-devel-linux-x86_64-debian-gcc 5.6.11 18.30 9.44 27.74 OK
r-devel-linux-x86_64-fedora-clang 5.6.11 45.69 OK
r-devel-linux-x86_64-fedora-gcc 5.6.11 48.47 OK
r-devel-osx-x86_64-clang 5.6.11 39.34 OK
r-devel-windows-ix86+x86_64 5.6.11 138.00 23.00 161.00 OK
r-patched-linux-x86_64 5.6.11 18.35 10.20 28.55 OK
r-patched-solaris-sparc 5.6.11 263.50 OK
r-patched-solaris-x86 5.6.11 73.50 OK
r-release-linux-x86_64 5.6.11 18.34 9.80 28.13 OK
r-release-osx-x86_64-mavericks 5.6.11 OK
r-release-osx-x86_64-snowleopard 5.6.11 WARN
r-release-windows-ix86+x86_64 5.6.11 81.00 26.00 107.00 OK
r-oldrel-windows-ix86+x86_64 5.6.11 98.00 33.00 131.00 OK

Check Details

Version: 5.6.11
Check: whether package can be installed
Result: WARN
    Found the following significant warnings:
     lp_rlp.h:1804: warning: passing argument 1 of ‘lex_fatal_error’ discards qualifiers from pointer target type
Flavor: r-release-osx-x86_64-snowleopard