CRAN Package Check Results for Package lpSolve

Last updated on 2017-05-25 10:47:12.

Flavor Version Tinstall Tcheck Ttotal Status Flags
r-devel-linux-x86_64-debian-clang 5.6.13 20.26 12.58 32.84 NOTE
r-devel-linux-x86_64-debian-gcc 5.6.13 20.41 11.96 32.36 NOTE
r-devel-linux-x86_64-fedora-clang 5.6.13 54.04 NOTE --no-stop-on-test-error
r-devel-linux-x86_64-fedora-gcc 5.6.13 50.93 NOTE --no-stop-on-test-error
r-devel-windows-ix86+x86_64 5.6.13 213.00 34.00 247.00 OK
r-patched-linux-x86_64 5.6.13 18.77 12.19 30.97 NOTE
r-patched-solaris-sparc 5.6.13 357.90 OK
r-patched-solaris-x86 5.6.13 86.70 OK
r-release-linux-x86_64 5.6.13 18.46 12.23 30.68 NOTE
r-release-windows-ix86+x86_64 5.6.13 132.00 35.00 167.00 OK
r-release-osx-x86_64 5.6.13 OK
r-oldrel-windows-ix86+x86_64 5.6.13 285.00 26.00 311.00 OK
r-oldrel-osx-x86_64 5.6.13 OK

Check Details

Version: 5.6.13
Check: compiled code
Result: NOTE
    File ‘lpSolve/libs/lpSolve.so’:
     Found no calls to: ‘R_registerRoutines’, ‘R_useDynamicSymbols’
    
    It is good practice to register native routines and to disable symbol
    search.
    
    See ‘Writing portable packages’ in the ‘Writing R Extensions’ manual.
Flavors: r-devel-linux-x86_64-debian-clang, r-devel-linux-x86_64-debian-gcc, r-patched-linux-x86_64, r-release-linux-x86_64

Version: 5.6.13
Flags: --no-stop-on-test-error
Check: compiled code
Result: NOTE
    File ‘lpSolve/libs/lpSolve.so’:
     Found no calls to: ‘R_registerRoutines’, ‘R_useDynamicSymbols’
    
    It is good practice to register native routines and to disable symbol
    search.
    
    See ‘Writing portable packages’ in the ‘Writing R Extensions’ manual.
Flavors: r-devel-linux-x86_64-fedora-clang, r-devel-linux-x86_64-fedora-gcc