CRAN Package Check Results for Package lpSolve

Last updated on 2017-03-25 17:49:37.

Flavor Version Tinstall Tcheck Ttotal Status Flags
r-devel-linux-x86_64-debian-clang 5.6.13 20.24 12.12 32.36 NOTE
r-devel-linux-x86_64-debian-gcc 5.6.13 20.37 12.45 32.82 NOTE
r-devel-linux-x86_64-fedora-clang 5.6.13 53.94 NOTE --no-stop-on-test-error
r-devel-linux-x86_64-fedora-gcc 5.6.13 50.71 NOTE --no-stop-on-test-error
r-devel-macos-x86_64-clang 5.6.13 42.68 NOTE --no-stop-on-test-error
r-devel-windows-ix86+x86_64 5.6.13 134.00 32.00 166.00 OK
r-patched-linux-x86_64 5.6.13 18.81 11.97 30.78 NOTE
r-patched-solaris-sparc 5.6.13 357.90 OK
r-patched-solaris-x86 5.6.13 90.00 OK
r-release-linux-x86_64 5.6.13 18.75 10.15 28.90 OK
r-release-osx-x86_64-mavericks 5.6.13 OK
r-release-windows-ix86+x86_64 5.6.13 285.00 26.00 311.00 OK
r-oldrel-windows-ix86+x86_64 5.6.13 342.00 30.00 372.00 OK

Check Details

Version: 5.6.13
Check: compiled code
Result: NOTE
    File ‘lpSolve/libs/lpSolve.so’:
     Found no calls to: ‘R_registerRoutines’, ‘R_useDynamicSymbols’
    
    It is good practice to register native routines and to disable symbol
    search.
    
    See ‘Writing portable packages’ in the ‘Writing R Extensions’ manual.
Flavors: r-devel-linux-x86_64-debian-clang, r-devel-linux-x86_64-debian-gcc, r-patched-linux-x86_64

Version: 5.6.13
Flags: --no-stop-on-test-error
Check: compiled code
Result: NOTE
    File ‘lpSolve/libs/lpSolve.so’:
     Found no calls to: ‘R_registerRoutines’, ‘R_useDynamicSymbols’
    
    It is good practice to register native routines and to disable symbol
    search.
    
    See ‘Writing portable packages’ in the ‘Writing R Extensions’ manual.
Flavors: r-devel-linux-x86_64-fedora-clang, r-devel-linux-x86_64-fedora-gcc, r-devel-macos-x86_64-clang