CRAN Package Check Results for Package lpSolve

Last updated on 2014-04-24 17:49:46.

Flavor Version Tinstall Tcheck Ttotal Status Flags
r-devel-linux-x86_64-debian-clang 5.6.7 10.54 11.77 22.32 NOTE
r-devel-linux-x86_64-debian-gcc 5.6.7 17.92 11.54 29.47 NOTE
r-devel-linux-x86_64-fedora-clang 5.6.7 42.42 NOTE
r-devel-linux-x86_64-fedora-gcc 5.6.7 52.22 NOTE
r-devel-osx-x86_64-clang 5.6.7 35.81 NOTE
r-devel-osx-x86_64-gcc 5.6.7 NOTE
r-devel-windows-ix86+x86_64 5.6.7 96.00 22.00 118.00 OK
r-patched-linux-x86_64 5.6.7 17.82 11.77 29.59 NOTE
r-patched-solaris-sparc 5.6.7 253.90 WARN
r-patched-solaris-x86 5.6.7 77.60 OK
r-release-linux-ix86 5.6.7 28.00 24.00 52.00 NOTE
r-release-linux-x86_64 5.6.7 17.75 11.55 29.30 NOTE
r-release-osx-x86_64-mavericks 5.6.7 NOTE
r-release-windows-ix86+x86_64 5.6.7 154.00 32.00 186.00 OK
r-oldrel-windows-ix86+x86_64 5.6.7 97.00 25.00 122.00 OK

Memtest notes: UBSAN

Check Details

Version: 5.6.7
Check: compiled code
Result: NOTE
    File ‘/home/hornik/tmp/R.check/r-devel-clang/Work/build/Packages/lpSolve/libs/lpSolve.so’:
     Found ‘stderr’, possibly from ‘stderr’ (C)
     Object: ‘lp_report.o’
     Found ‘stdout’, possibly from ‘stdout’ (C)
     Objects: ‘hbio.o’, ‘lp_MPS.o’, ‘lp_lib.o’, ‘lp_presolve.o’,
     ‘lp_report.o’, ‘lp_rlp.o’, ‘lusol.o’, ‘mmio.o’
    
    Compiled code should not call entry points which might terminate R nor
    write to stdout/stderr instead of to the console.
    
    See ‘Writing portable packages’ in the ‘Writing R Extensions’ manual.
Flavor: r-devel-linux-x86_64-debian-clang

Version: 5.6.7
Check: compiled code
Result: NOTE
    File ‘/home/hornik/tmp/R.check/r-devel-gcc/Work/build/Packages/lpSolve/libs/lpSolve.so’:
     Found ‘stdout’, possibly from ‘stdout’ (C)
     Objects: ‘hbio.o’, ‘lp_MPS.o’, ‘lp_lib.o’, ‘lp_presolve.o’,
     ‘lp_report.o’, ‘lp_rlp.o’, ‘lusol.o’, ‘mmio.o’
    
    Compiled code should not call entry points which might terminate R nor
    write to stdout/stderr instead of to the console.
    
    See ‘Writing portable packages’ in the ‘Writing R Extensions’ manual.
Flavor: r-devel-linux-x86_64-debian-gcc

Version: 5.6.7
Check: Rd line widths
Result: NOTE
    Rd file 'lp.transport.Rd':
     \usage lines wider than 90 characters:
     lp.transport (cost.mat, direction="min", row.signs, row.rhs, col.signs, col.rhs, presolve=0, compute.sens=0, integers = 1:(nc*nr) )
    
    These lines will be truncated in the PDF manual.
Flavors: r-devel-linux-x86_64-fedora-clang, r-devel-linux-x86_64-fedora-gcc

Version: 5.6.7
Check: compiled code
Result: NOTE
    File ‘/data/gannet/ripley/R/packages/tests-clang/lpSolve.Rcheck/lpSolve/libs/lpSolve.so’:
     Found ‘stderr’, possibly from ‘stderr’ (C)
     Object: ‘lp_report.o’
     Found ‘stdout’, possibly from ‘stdout’ (C)
     Objects: ‘hbio.o’, ‘lp_MPS.o’, ‘lp_lib.o’, ‘lp_presolve.o’,
     ‘lp_report.o’, ‘lp_rlp.o’, ‘lusol.o’, ‘mmio.o’
    
    Compiled code should not call entry points which might terminate R nor
    write to stdout/stderr instead of to the console.
    
    See ‘Writing portable packages’ in the ‘Writing R Extensions’ manual.
Flavor: r-devel-linux-x86_64-fedora-clang

Version: 5.6.7
Check: compiled code
Result: NOTE
    File ‘/data/gannet/ripley/R/packages/tests-devel/lpSolve.Rcheck/lpSolve/libs/lpSolve.so’:
     Found ‘stdout’, possibly from ‘stdout’ (C)
     Objects: ‘hbio.o’, ‘lp_MPS.o’, ‘lp_lib.o’, ‘lp_presolve.o’,
     ‘lp_report.o’, ‘lp_rlp.o’, ‘lusol.o’, ‘mmio.o’
    
    Compiled code should not call entry points which might terminate R nor
    write to stdout/stderr instead of to the console.
    
    See ‘Writing portable packages’ in the ‘Writing R Extensions’ manual.
Flavor: r-devel-linux-x86_64-fedora-gcc

Version: 5.6.7
Check: compiled code
Result: NOTE
    File ‘/Users/ripley/R/packages/tests-devel/lpSolve.Rcheck/lpSolve/libs/lpSolve.so’:
     Found ‘___stdoutp’, possibly from ‘stdout’ (C)
     Objects: ‘hbio.o’, ‘lp_MPS.o’, ‘lp_lib.o’, ‘lp_presolve.o’,
     ‘lp_report.o’, ‘lp_rlp.o’, ‘lusol.o’, ‘mmio.o’
    
    Compiled code should not call entry points which might terminate R nor
    write to stdout/stderr instead of to the console.
    
    See ‘Writing portable packages’ in the ‘Writing R Extensions’ manual.
Flavor: r-devel-osx-x86_64-clang

Version: 5.6.7
Check: compiled code
Result: NOTE
    File ‘/Volumes/XT3/Builds/R-dev-web/QA/Simon/packages/snowleopard-x86_64/results/3.2/lpSolve.Rcheck/lpSolve/libs/lpSolve.so’:
     Found ‘___stderrp’, possibly from ‘stderr’ (C)
     Object: ‘lp_report.o’
     Found ‘___stdoutp’, possibly from ‘stdout’ (C)
     Objects: ‘hbio.o’, ‘lp_MPS.o’, ‘lp_lib.o’, ‘lp_presolve.o’,
     ‘lp_report.o’, ‘lp_rlp.o’, ‘lusol.o’, ‘mmio.o’
    
    Compiled code should not call entry points which might terminate R nor
    write to stdout/stderr instead of to the console.
    
    See ‘Writing portable packages’ in the ‘Writing R Extensions’ manual.
Flavor: r-devel-osx-x86_64-gcc

Version: 5.6.7
Check: compiled code
Result: NOTE
    File ‘/home/hornik/tmp/R.check/r-patched-gcc/Work/build/Packages/lpSolve/libs/lpSolve.so’:
     Found ‘stdout’, possibly from ‘stdout’ (C)
     Objects: ‘hbio.o’, ‘lp_MPS.o’, ‘lp_lib.o’, ‘lp_presolve.o’,
     ‘lp_report.o’, ‘lp_rlp.o’, ‘lusol.o’, ‘mmio.o’
    
    Compiled code should not call entry points which might terminate R nor
    write to stdout/stderr instead of to the console.
    
    See ‘Writing portable packages’ in the ‘Writing R Extensions’ manual.
Flavor: r-patched-linux-x86_64

Version: 5.6.7
Check: compiled code
Result: WARNING
    File ‘/home/ripley/R/Lib32/lpSolve/libs/lpSolve.so’:
     Found ‘exit’, possibly from ‘exit’ (C)
     Object: ‘lp_rlp.o’
    
    Compiled code should not call entry points which might terminate R nor
    write to stdout/stderr instead of to the console.
    
    See ‘Writing portable packages’ in the ‘Writing R Extensions’ manual.
Flavor: r-patched-solaris-sparc

Version: 5.6.7
Check: compiled code
Result: NOTE
    File ‘/home/hornik/tmp/R.check/r-release-gcc/Work/build/Packages/lpSolve/libs/lpSolve.so’:
     Found ‘stdout’, possibly from ‘stdout’ (C)
     Objects: ‘hbio.o’, ‘lp_MPS.o’, ‘lp_lib.o’, ‘lp_presolve.o’,
     ‘lp_report.o’, ‘lp_rlp.o’, ‘lusol.o’, ‘mmio.o’
    
    Compiled code should not call entry points which might terminate R nor
    write to stdout/stderr instead of to the console.
    
    See ‘Writing portable packages’ in the ‘Writing R Extensions’ manual.
Flavors: r-release-linux-ix86, r-release-linux-x86_64

Version: 5.6.7
Check: compiled code
Result: NOTE
    File ‘/Builds/CRAN-QA-Simon/packages/mavericks-x86_64/results/3.1/lpSolve.Rcheck/lpSolve/libs/lpSolve.so’:
     Found ‘___stdoutp’, possibly from ‘stdout’ (C)
     Objects: ‘hbio.o’, ‘lp_MPS.o’, ‘lp_lib.o’, ‘lp_presolve.o’,
     ‘lp_report.o’, ‘lp_rlp.o’, ‘lusol.o’, ‘mmio.o’
    
    Compiled code should not call entry points which might terminate R nor
    write to stdout/stderr instead of to the console.
    
    See ‘Writing portable packages’ in the ‘Writing R Extensions’ manual.
Flavor: r-release-osx-x86_64-mavericks