CRAN Package Check Results for Package lpSolve

Last updated on 2014-12-19 15:48:29.

Flavor Version Tinstall Tcheck Ttotal Status Flags
r-devel-linux-x86_64-debian-clang 5.6.10 11.48 10.65 22.13 NOTE
r-devel-linux-x86_64-debian-gcc 5.6.10 18.47 10.11 28.58 NOTE
r-devel-linux-x86_64-fedora-clang 5.6.10 46.12 NOTE
r-devel-linux-x86_64-fedora-gcc 5.6.10 49.72 NOTE
r-devel-osx-x86_64-clang 5.6.10 37.51 NOTE
r-devel-windows-ix86+x86_64 5.6.10 168.00 48.00 216.00 NOTE
r-patched-linux-x86_64 5.6.10 18.19 10.50 28.69 NOTE
r-patched-solaris-sparc 5.6.10 335.30 NOTE
r-patched-solaris-x86 5.6.10 77.10 NOTE
r-release-linux-ix86 5.6.10 22.30 15.87 38.17 NOTE
r-release-linux-x86_64 5.6.10 18.53 10.52 29.05 NOTE
r-release-osx-x86_64-mavericks 5.6.10 OK
r-release-osx-x86_64-snowleopard 5.6.10 OK
r-release-windows-ix86+x86_64 5.6.10 94.00 28.00 122.00 NOTE
r-oldrel-windows-ix86+x86_64 5.6.10 75.00 29.00 104.00 OK

Check Details

Version: 5.6.10
Check: compiled code
Result: NOTE
    File ‘lpSolve/libs/lpSolve.so’:
     Found ‘rand’, possibly from ‘rand’ (C)
     Object: ‘lp_utils.o’
     Found ‘srand’, possibly from ‘srand’ (C)
     Object: ‘lp_utils.o’
    
    Compiled code should not call entry points which might terminate R nor
    write to stdout/stderr instead of to the console, nor the system RNG.
    
    See ‘Writing portable packages’ in the ‘Writing R Extensions’ manual.
Flavors: r-devel-linux-x86_64-debian-clang, r-devel-linux-x86_64-debian-gcc, r-devel-linux-x86_64-fedora-clang, r-devel-linux-x86_64-fedora-gcc, r-patched-linux-x86_64, r-patched-solaris-sparc, r-patched-solaris-x86

Version: 5.6.10
Check: compiled code
Result: NOTE
    File ‘lpSolve/libs/lpSolve.so’:
     Found ‘_rand’, possibly from ‘rand’ (C)
     Object: ‘lp_utils.o’
     Found ‘_srand’, possibly from ‘srand’ (C)
     Object: ‘lp_utils.o’
    
    Compiled code should not call entry points which might terminate R nor
    write to stdout/stderr instead of to the console, nor the system RNG.
    
    See ‘Writing portable packages’ in the ‘Writing R Extensions’ manual.
Flavor: r-devel-osx-x86_64-clang

Version: 5.6.10
Check: compiled code
Result: NOTE
    File 'lpSolve/libs/i386/lpSolve.dll':
     Found 'rand', possibly from 'rand' (C)
     Object: 'lp_utils.o'
     Found 'srand', possibly from 'srand' (C)
     Object: 'lp_utils.o'
    File 'lpSolve/libs/x64/lpSolve.dll':
     Found 'rand', possibly from 'rand' (C)
     Object: 'lp_utils.o'
     Found 'srand', possibly from 'srand' (C)
     Object: 'lp_utils.o'
    
    Compiled code should not call entry points which might terminate R nor
    write to stdout/stderr instead of to the console, nor the system RNG.
    
    See 'Writing portable packages' in the 'Writing R Extensions' manual.
Flavor: r-devel-windows-ix86+x86_64

Version: 5.6.10
Check: compiled code
Result: NOTE
    File ‘lpSolve/libs/lpSolve.so’:
     Found ‘rand’, possibly from ‘rand’ (C)
     Object: ‘lp_utils.o’
     Found ‘srand’, possibly from ‘srand’ (C)
     Object: ‘lp_utils.o’
    
    Compiled code should not call entry points which might terminate R nor
    write to stdout/stderr instead of to the console, nor the C RNG.
    
    See ‘Writing portable packages’ in the ‘Writing R Extensions’ manual.
Flavors: r-release-linux-ix86, r-release-linux-x86_64

Version: 5.6.10
Check: compiled code
Result: NOTE
    File 'lpSolve/libs/i386/lpSolve.dll':
     Found 'rand', possibly from 'rand' (C)
     Object: 'lp_utils.o'
     Found 'srand', possibly from 'srand' (C)
     Object: 'lp_utils.o'
    File 'lpSolve/libs/x64/lpSolve.dll':
     Found 'rand', possibly from 'rand' (C)
     Object: 'lp_utils.o'
     Found 'srand', possibly from 'srand' (C)
     Object: 'lp_utils.o'
    
    Compiled code should not call entry points which might terminate R nor
    write to stdout/stderr instead of to the console, nor the C RNG.
    
    See 'Writing portable packages' in the 'Writing R Extensions' manual.
Flavor: r-release-windows-ix86+x86_64