CRAN Package Check Results for Package lpSolve

Last updated on 2017-07-27 19:49:14.

Flavor Version Tinstall Tcheck Ttotal Status Flags
r-devel-linux-x86_64-debian-clang 5.6.13 20.10 18.07 38.17 NOTE
r-devel-linux-x86_64-debian-gcc 5.6.13 21.09 18.06 39.15 NOTE
r-devel-linux-x86_64-fedora-clang 5.6.13 55.37 NOTE
r-devel-linux-x86_64-fedora-gcc 5.6.13 52.36 NOTE
r-devel-windows-ix86+x86_64 5.6.13 193.00 34.00 227.00 OK
r-patched-linux-x86_64 5.6.13 20.79 17.80 38.59 NOTE
r-patched-solaris-x86 5.6.13 86.60 OK
r-release-linux-x86_64 5.6.13 20.49 18.15 38.64 NOTE
r-release-windows-ix86+x86_64 5.6.13 132.00 35.00 167.00 OK
r-release-osx-x86_64 5.6.13 OK
r-oldrel-windows-ix86+x86_64 5.6.13 285.00 26.00 311.00 OK
r-oldrel-osx-x86_64 5.6.13 OK

Check Details

Version: 5.6.13
Check: compiled code
Result: NOTE
    File ‘lpSolve/libs/lpSolve.so’:
     Found no calls to: ‘R_registerRoutines’, ‘R_useDynamicSymbols’
    
    It is good practice to register native routines and to disable symbol
    search.
    
    See ‘Writing portable packages’ in the ‘Writing R Extensions’ manual.
Flavors: r-devel-linux-x86_64-debian-clang, r-devel-linux-x86_64-debian-gcc, r-devel-linux-x86_64-fedora-clang, r-devel-linux-x86_64-fedora-gcc, r-patched-linux-x86_64, r-release-linux-x86_64