CRAN Package Check Results for Package lpSolve

Last updated on 2014-08-31 05:50:12.

Flavor Version Tinstall Tcheck Ttotal Status Flags
r-devel-linux-x86_64-debian-clang 5.6.10 10.54 9.72 20.27 NOTE
r-devel-linux-x86_64-debian-gcc 5.6.10 18.28 9.40 27.68 NOTE
r-devel-linux-x86_64-fedora-clang 5.6.10 39.03 NOTE
r-devel-linux-x86_64-fedora-gcc 5.6.10 49.33 NOTE
r-devel-osx-x86_64-clang 5.6.10 37.19 NOTE
r-devel-windows-ix86+x86_64 5.6.10 94.00 26.00 120.00 NOTE
r-patched-linux-x86_64 5.6.10 18.53 9.62 28.16 OK
r-patched-solaris-sparc 5.6.10 251.60 OK
r-patched-solaris-x86 5.6.10 78.20 OK
r-release-linux-ix86 5.6.10 23.63 15.87 39.50 OK
r-release-linux-x86_64 5.6.10 19.15 9.76 28.92 OK
r-release-osx-x86_64-mavericks 5.6.10 OK
r-release-osx-x86_64-snowleopard 5.6.10 OK
r-release-windows-ix86+x86_64 5.6.10 74.00 27.00 101.00 OK
r-oldrel-windows-ix86+x86_64 5.6.10 75.00 29.00 104.00 OK

Check Details

Version: 5.6.10
Check: compiled code
Result: NOTE
    File ‘/home/hornik/tmp/R.check/r-devel-clang/Work/build/Packages/lpSolve/libs/lpSolve.so’:
     Found ‘rand’, possibly from ‘rand’ (C)
     Object: ‘lp_utils.o’
     Found ‘srand’, possibly from ‘srand’ (C)
     Object: ‘lp_utils.o’
    
    Compiled code should not call entry points which might terminate R nor
    write to stdout/stderr instead of to the console, nor the C RNG.
    
    See ‘Writing portable packages’ in the ‘Writing R Extensions’ manual.
Flavor: r-devel-linux-x86_64-debian-clang

Version: 5.6.10
Check: compiled code
Result: NOTE
    File ‘/home/hornik/tmp/R.check/r-devel-gcc/Work/build/Packages/lpSolve/libs/lpSolve.so’:
     Found ‘rand’, possibly from ‘rand’ (C)
     Object: ‘lp_utils.o’
     Found ‘srand’, possibly from ‘srand’ (C)
     Object: ‘lp_utils.o’
    
    Compiled code should not call entry points which might terminate R nor
    write to stdout/stderr instead of to the console, nor the C RNG.
    
    See ‘Writing portable packages’ in the ‘Writing R Extensions’ manual.
Flavor: r-devel-linux-x86_64-debian-gcc

Version: 5.6.10
Check: compiled code
Result: NOTE
    File ‘/data/gannet/ripley/R/packages/tests-clang/lpSolve.Rcheck/lpSolve/libs/lpSolve.so’:
     Found ‘rand’, possibly from ‘rand’ (C)
     Object: ‘lp_utils.o’
     Found ‘srand’, possibly from ‘srand’ (C)
     Object: ‘lp_utils.o’
    
    Compiled code should not call entry points which might terminate R nor
    write to stdout/stderr instead of to the console, nor the C RNG.
    
    See ‘Writing portable packages’ in the ‘Writing R Extensions’ manual.
Flavor: r-devel-linux-x86_64-fedora-clang

Version: 5.6.10
Check: compiled code
Result: NOTE
    File ‘/data/gannet/ripley/R/packages/tests-devel/lpSolve.Rcheck/lpSolve/libs/lpSolve.so’:
     Found ‘rand’, possibly from ‘rand’ (C)
     Object: ‘lp_utils.o’
     Found ‘srand’, possibly from ‘srand’ (C)
     Object: ‘lp_utils.o’
    
    Compiled code should not call entry points which might terminate R nor
    write to stdout/stderr instead of to the console, nor the C RNG.
    
    See ‘Writing portable packages’ in the ‘Writing R Extensions’ manual.
Flavor: r-devel-linux-x86_64-fedora-gcc

Version: 5.6.10
Check: compiled code
Result: NOTE
    File ‘/Users/ripley/R/packages/tests-devel/lpSolve.Rcheck/lpSolve/libs/lpSolve.so’:
     Found ‘_rand’, possibly from ‘rand’ (C)
     Object: ‘lp_utils.o’
     Found ‘_srand’, possibly from ‘srand’ (C)
     Object: ‘lp_utils.o’
    
    Compiled code should not call entry points which might terminate R nor
    write to stdout/stderr instead of to the console, nor the C RNG.
    
    See ‘Writing portable packages’ in the ‘Writing R Extensions’ manual.
Flavor: r-devel-osx-x86_64-clang

Version: 5.6.10
Check: compiled code
Result: NOTE
    File 'd:/Rcompile/CRANpkg/lib/3.2/lpSolve/libs/i386/lpSolve.dll':
     Found 'rand', possibly from 'rand' (C)
     Object: 'lp_utils.o'
     Found 'srand', possibly from 'srand' (C)
     Object: 'lp_utils.o'
    File 'd:/Rcompile/CRANpkg/lib/3.2/lpSolve/libs/x64/lpSolve.dll':
     Found 'rand', possibly from 'rand' (C)
     Object: 'lp_utils.o'
     Found 'srand', possibly from 'srand' (C)
     Object: 'lp_utils.o'
    
    Compiled code should not call entry points which might terminate R nor
    write to stdout/stderr instead of to the console, nor the C RNG.
    
    See 'Writing portable packages' in the 'Writing R Extensions' manual.
Flavor: r-devel-windows-ix86+x86_64