CRAN Package Check Results for Package lpSolve

Last updated on 2014-10-23 09:52:49.

Flavor Version Tinstall Tcheck Ttotal Status Flags
r-devel-linux-x86_64-debian-clang 5.6.10 11.63 10.48 22.12 NOTE
r-devel-linux-x86_64-debian-gcc 5.6.10 18.42 10.11 28.52 NOTE
r-devel-linux-x86_64-fedora-clang 5.6.10 43.32 NOTE
r-devel-linux-x86_64-fedora-gcc 5.6.10 49.02 NOTE
r-devel-osx-x86_64-clang 5.6.10 38.23 NOTE
r-devel-windows-ix86+x86_64 5.6.10 92.00 25.00 117.00 NOTE
r-patched-linux-x86_64 5.6.10 18.65 10.41 29.06 NOTE
r-patched-solaris-sparc 5.6.10 264.90 NOTE
r-patched-solaris-x86 5.6.10 76.60 NOTE
r-release-linux-ix86 5.6.10 23.48 15.96 39.44 OK
r-release-linux-x86_64 5.6.10 18.48 10.12 28.60 OK
r-release-osx-x86_64-mavericks 5.6.10 OK
r-release-osx-x86_64-snowleopard 5.6.10 OK
r-release-windows-ix86+x86_64 5.6.10 74.00 27.00 101.00 OK
r-oldrel-windows-ix86+x86_64 5.6.10 75.00 29.00 104.00 OK

Check Details

Version: 5.6.10
Check: compiled code
Result: NOTE
    File ‘lpSolve/libs/lpSolve.so’:
     Found ‘rand’, possibly from ‘rand’ (C)
     Object: ‘lp_utils.o’
     Found ‘srand’, possibly from ‘srand’ (C)
     Object: ‘lp_utils.o’
    
    Compiled code should not call entry points which might terminate R nor
    write to stdout/stderr instead of to the console, nor the C RNG.
    
    See ‘Writing portable packages’ in the ‘Writing R Extensions’ manual.
Flavors: r-devel-linux-x86_64-debian-clang, r-devel-linux-x86_64-debian-gcc, r-devel-linux-x86_64-fedora-clang, r-devel-linux-x86_64-fedora-gcc, r-patched-linux-x86_64, r-patched-solaris-sparc, r-patched-solaris-x86

Version: 5.6.10
Check: compiled code
Result: NOTE
    File ‘lpSolve/libs/lpSolve.so’:
     Found ‘_rand’, possibly from ‘rand’ (C)
     Object: ‘lp_utils.o’
     Found ‘_srand’, possibly from ‘srand’ (C)
     Object: ‘lp_utils.o’
    
    Compiled code should not call entry points which might terminate R nor
    write to stdout/stderr instead of to the console, nor the C RNG.
    
    See ‘Writing portable packages’ in the ‘Writing R Extensions’ manual.
Flavor: r-devel-osx-x86_64-clang

Version: 5.6.10
Check: compiled code
Result: NOTE
    File 'lpSolve/libs/i386/lpSolve.dll':
     Found 'rand', possibly from 'rand' (C)
     Object: 'lp_utils.o'
     Found 'srand', possibly from 'srand' (C)
     Object: 'lp_utils.o'
    File 'lpSolve/libs/x64/lpSolve.dll':
     Found 'rand', possibly from 'rand' (C)
     Object: 'lp_utils.o'
     Found 'srand', possibly from 'srand' (C)
     Object: 'lp_utils.o'
    
    Compiled code should not call entry points which might terminate R nor
    write to stdout/stderr instead of to the console, nor the C RNG.
    
    See 'Writing portable packages' in the 'Writing R Extensions' manual.
Flavor: r-devel-windows-ix86+x86_64