CRAN Package Check Results for Package lpSolve

Last updated on 2018-04-21 13:46:55 CEST.

Flavor Version Tinstall Tcheck Ttotal Status Flags
r-devel-linux-x86_64-debian-clang 5.6.13 27.74 18.16 45.90 NOTE
r-devel-linux-x86_64-debian-gcc 5.6.13 20.56 14.40 34.96 NOTE
r-devel-linux-x86_64-fedora-clang 5.6.13 58.79 NOTE
r-devel-linux-x86_64-fedora-gcc 5.6.13 55.87 NOTE
r-devel-windows-ix86+x86_64 5.6.13 128.00 45.00 173.00 OK
r-devel-osx-x86_64 5.6.13 OK
r-patched-linux-x86_64 5.6.13 28.95 17.73 46.68 NOTE
r-patched-solaris-x86 5.6.13 91.80 OK
r-release-linux-x86_64 5.6.13 27.09 17.48 44.57 NOTE
r-release-windows-ix86+x86_64 5.6.13 131.00 37.00 168.00 OK
r-release-osx-x86_64 5.6.13 OK
r-oldrel-windows-ix86+x86_64 5.6.13 285.00 26.00 311.00 OK

Check Details

Version: 5.6.13
Check: compiled code
Result: NOTE
    File ‘lpSolve/libs/lpSolve.so’:
     Found no calls to: ‘R_registerRoutines’, ‘R_useDynamicSymbols’
    
    It is good practice to register native routines and to disable symbol
    search.
    
    See ‘Writing portable packages’ in the ‘Writing R Extensions’ manual.
Flavors: r-devel-linux-x86_64-debian-clang, r-devel-linux-x86_64-debian-gcc, r-devel-linux-x86_64-fedora-clang, r-devel-linux-x86_64-fedora-gcc, r-patched-linux-x86_64, r-release-linux-x86_64