CRAN Package Check Results for Package lpSolve

Last updated on 2017-02-27 18:49:04.

Flavor Version Tinstall Tcheck Ttotal Status Flags
r-devel-linux-x86_64-debian-clang 5.6.13 18.98 11.68 30.66 NOTE
r-devel-linux-x86_64-debian-gcc 5.6.13 20.52 11.84 32.36 NOTE
r-devel-linux-x86_64-fedora-clang 5.6.13 53.24 NOTE --no-stop-on-test-error
r-devel-linux-x86_64-fedora-gcc 5.6.13 51.82 NOTE --no-stop-on-test-error
r-devel-macos-x86_64-clang 5.6.13 41.86 NOTE --no-stop-on-test-error
r-devel-windows-ix86+x86_64 5.6.13 135.00 75.00 210.00 OK
r-patched-linux-x86_64 5.6.13 18.55 9.58 28.13 OK
r-patched-solaris-sparc 5.6.13 234.30 OK
r-patched-solaris-x86 5.6.13 71.10 OK
r-release-linux-x86_64 5.6.13 18.76 9.51 28.27 OK
r-release-osx-x86_64-mavericks 5.6.13 OK
r-release-windows-ix86+x86_64 5.6.13 285.00 26.00 311.00 OK
r-oldrel-windows-ix86+x86_64 5.6.13 342.00 30.00 372.00 OK

Check Details

Version: 5.6.13
Check: compiled code
Result: NOTE
    File ‘lpSolve/libs/lpSolve.so’:
     Found no calls to: ‘R_registerRoutines’, ‘R_useDynamicSymbols’
    
    It is good practice to register native routines and to disable symbol
    search.
    
    See ‘Writing portable packages’ in the ‘Writing R Extensions’ manual.
Flavors: r-devel-linux-x86_64-debian-clang, r-devel-linux-x86_64-debian-gcc

Version: 5.6.13
Flags: --no-stop-on-test-error
Check: compiled code
Result: NOTE
    File ‘lpSolve/libs/lpSolve.so’:
     Found no calls to: ‘R_registerRoutines’, ‘R_useDynamicSymbols’
    
    It is good practice to register native routines and to disable symbol
    search.
    
    See ‘Writing portable packages’ in the ‘Writing R Extensions’ manual.
Flavors: r-devel-linux-x86_64-fedora-clang, r-devel-linux-x86_64-fedora-gcc, r-devel-macos-x86_64-clang