CRAN Package Check Results for Package lpSolve

Last updated on 2018-01-20 05:49:11 CET.

Flavor Version Tinstall Tcheck Ttotal Status Flags
r-devel-linux-x86_64-debian-clang 5.6.13 24.68 19.15 43.83 NOTE
r-devel-linux-x86_64-debian-gcc 5.6.13 23.44 15.10 38.54 NOTE
r-devel-linux-x86_64-fedora-clang 5.6.13 58.62 NOTE
r-devel-linux-x86_64-fedora-gcc 5.6.13 55.59 NOTE
r-devel-windows-ix86+x86_64 5.6.13 134.00 53.00 187.00 OK
r-patched-linux-x86_64 5.6.13 28.80 17.43 46.23 NOTE
r-patched-solaris-x86 5.6.13 96.60 OK
r-release-linux-x86_64 5.6.13 27.29 17.37 44.66 NOTE
r-release-windows-ix86+x86_64 5.6.13 131.00 37.00 168.00 OK
r-release-osx-x86_64 5.6.13 OK
r-oldrel-windows-ix86+x86_64 5.6.13 285.00 26.00 311.00 OK
r-oldrel-osx-x86_64 5.6.13 OK

Check Details

Version: 5.6.13
Check: compiled code
Result: NOTE
    File ‘lpSolve/libs/lpSolve.so’:
     Found no calls to: ‘R_registerRoutines’, ‘R_useDynamicSymbols’
    
    It is good practice to register native routines and to disable symbol
    search.
    
    See ‘Writing portable packages’ in the ‘Writing R Extensions’ manual.
Flavors: r-devel-linux-x86_64-debian-clang, r-devel-linux-x86_64-debian-gcc, r-devel-linux-x86_64-fedora-clang, r-devel-linux-x86_64-fedora-gcc, r-patched-linux-x86_64, r-release-linux-x86_64