CRAN Package Check Results for Package lpSolve

Last updated on 2017-11-19 19:50:25.

Flavor Version Tinstall Tcheck Ttotal Status Flags
r-devel-linux-x86_64-debian-clang 5.6.13 19.30 13.29 32.59 NOTE
r-devel-linux-x86_64-debian-gcc 5.6.13 30.85 25.44 56.29 NOTE
r-devel-linux-x86_64-fedora-clang 5.6.13 54.24 NOTE
r-devel-linux-x86_64-fedora-gcc 5.6.13 54.35 NOTE
r-devel-windows-ix86+x86_64 5.6.13 211.00 34.00 245.00 OK
r-patched-linux-x86_64 5.6.13 20.67 12.82 33.49 NOTE
r-patched-solaris-x86 5.6.13 88.90 OK
r-release-linux-x86_64 5.6.13 20.35 12.50 32.85 NOTE
r-release-windows-ix86+x86_64 5.6.13 131.00 37.00 168.00 OK
r-release-osx-x86_64 5.6.13 OK
r-oldrel-windows-ix86+x86_64 5.6.13 285.00 26.00 311.00 OK
r-oldrel-osx-x86_64 5.6.13 OK

Check Details

Version: 5.6.13
Check: compiled code
Result: NOTE
    File ‘lpSolve/libs/lpSolve.so’:
     Found no calls to: ‘R_registerRoutines’, ‘R_useDynamicSymbols’
    
    It is good practice to register native routines and to disable symbol
    search.
    
    See ‘Writing portable packages’ in the ‘Writing R Extensions’ manual.
Flavors: r-devel-linux-x86_64-debian-clang, r-devel-linux-x86_64-debian-gcc, r-devel-linux-x86_64-fedora-clang, r-devel-linux-x86_64-fedora-gcc, r-patched-linux-x86_64, r-release-linux-x86_64