CRAN Package Check Results for Package lpSolve

Last updated on 2017-04-26 03:48:19.

Flavor Version Tinstall Tcheck Ttotal Status Flags
r-devel-linux-x86_64-debian-clang 5.6.13 20.67 12.19 32.86 NOTE
r-devel-linux-x86_64-debian-gcc 5.6.13 20.86 12.37 33.23 NOTE
r-devel-linux-x86_64-fedora-clang 5.6.13 54.43 NOTE --no-stop-on-test-error
r-devel-linux-x86_64-fedora-gcc 5.6.13 51.16 NOTE --no-stop-on-test-error
r-devel-windows-ix86+x86_64 5.6.13 187.00 35.00 222.00 OK
r-patched-linux-x86_64 5.6.13 18.76 12.01 30.78 NOTE
r-patched-solaris-sparc 5.6.13 357.90 OK
r-patched-solaris-x86 5.6.13 87.20 OK
r-release-linux-x86_64 5.6.13 18.59 12.01 30.60 NOTE
r-release-windows-ix86+x86_64 5.6.13 132.00 35.00 167.00 OK
r-release-osx-x86_64 5.6.13 OK
r-oldrel-windows-ix86+x86_64 5.6.13 285.00 26.00 311.00 OK
r-oldrel-osx-x86_64 5.6.13 OK

Check Details

Version: 5.6.13
Check: compiled code
Result: NOTE
    File ‘lpSolve/libs/lpSolve.so’:
     Found no calls to: ‘R_registerRoutines’, ‘R_useDynamicSymbols’
    
    It is good practice to register native routines and to disable symbol
    search.
    
    See ‘Writing portable packages’ in the ‘Writing R Extensions’ manual.
Flavors: r-devel-linux-x86_64-debian-clang, r-devel-linux-x86_64-debian-gcc, r-patched-linux-x86_64, r-release-linux-x86_64

Version: 5.6.13
Flags: --no-stop-on-test-error
Check: compiled code
Result: NOTE
    File ‘lpSolve/libs/lpSolve.so’:
     Found no calls to: ‘R_registerRoutines’, ‘R_useDynamicSymbols’
    
    It is good practice to register native routines and to disable symbol
    search.
    
    See ‘Writing portable packages’ in the ‘Writing R Extensions’ manual.
Flavors: r-devel-linux-x86_64-fedora-clang, r-devel-linux-x86_64-fedora-gcc