CRAN Package Check Results for Package lpSolve

Last updated on 2017-09-24 00:51:09.

Flavor Version Tinstall Tcheck Ttotal Status Flags
r-devel-linux-x86_64-debian-clang 5.6.13 26.06 12.51 38.57 NOTE
r-devel-linux-x86_64-debian-gcc 5.6.13 21.12 12.54 33.66 NOTE
r-devel-linux-x86_64-fedora-clang 5.6.13 54.87 NOTE
r-devel-linux-x86_64-fedora-gcc 5.6.13 53.33 NOTE
r-devel-windows-ix86+x86_64 5.6.13 222.00 36.00 258.00 OK
r-patched-linux-x86_64 5.6.13 20.60 11.96 32.56 NOTE
r-patched-solaris-x86 5.6.13 86.00 OK
r-release-linux-x86_64 5.6.13 26.74 12.52 39.25 NOTE
r-release-windows-ix86+x86_64 5.6.13 131.00 37.00 168.00 OK
r-release-osx-x86_64 5.6.13 OK
r-oldrel-windows-ix86+x86_64 5.6.13 285.00 26.00 311.00 OK
r-oldrel-osx-x86_64 5.6.13 OK

Check Details

Version: 5.6.13
Check: compiled code
Result: NOTE
    File ‘lpSolve/libs/lpSolve.so’:
     Found no calls to: ‘R_registerRoutines’, ‘R_useDynamicSymbols’
    
    It is good practice to register native routines and to disable symbol
    search.
    
    See ‘Writing portable packages’ in the ‘Writing R Extensions’ manual.
Flavors: r-devel-linux-x86_64-debian-clang, r-devel-linux-x86_64-debian-gcc, r-devel-linux-x86_64-fedora-clang, r-devel-linux-x86_64-fedora-gcc, r-patched-linux-x86_64, r-release-linux-x86_64