CRAN Package Check Results for Package lpSolveAPI

Last updated on 2015-05-22 17:46:41.

Flavor Version Tinstall Tcheck Ttotal Status Flags
r-devel-linux-x86_64-debian-clang 5.5.2.0-14 14.08 15.76 29.84 NOTE
r-devel-linux-x86_64-debian-gcc 5.5.2.0-14 18.54 14.96 33.51 NOTE
r-devel-linux-x86_64-fedora-clang 5.5.2.0-14 55.91 NOTE
r-devel-linux-x86_64-fedora-gcc 5.5.2.0-14 59.14 NOTE
r-devel-osx-x86_64-clang 5.5.2.0-14 47.70 NOTE
r-devel-windows-ix86+x86_64 5.5.2.0-14 112.00 34.00 146.00 OK
r-patched-linux-x86_64 5.5.2.0-14 18.52 14.90 33.42 NOTE
r-patched-solaris-sparc 5.5.2.0-14 325.80 OK
r-patched-solaris-x86 5.5.2.0-14 87.80 NOTE
r-release-linux-x86_64 5.5.2.0-14 18.90 14.60 33.50 NOTE
r-release-osx-x86_64-mavericks 5.5.2.0-14 OK
r-release-osx-x86_64-snowleopard 5.5.2.0-14 OK
r-release-windows-ix86+x86_64 5.5.2.0-14 71.00 37.00 108.00 OK
r-oldrel-windows-ix86+x86_64 5.5.2.0-14 112.00 36.00 148.00 OK

Memtest notes: valgrind

Check Details

Version: 5.5.2.0-14
Check: S3 generic/method consistency
Result: NOTE
    Found the following apparent S3 methods exported but not registered:
     dim<-.lpExtPtr dimnames<-.lpExtPtr
    See section ‘Registering S3 methods’ in the ‘Writing R Extensions’
    manual.
Flavors: r-devel-linux-x86_64-debian-clang, r-devel-linux-x86_64-debian-gcc, r-devel-linux-x86_64-fedora-clang, r-devel-linux-x86_64-fedora-gcc, r-devel-osx-x86_64-clang, r-patched-linux-x86_64, r-patched-solaris-x86, r-release-linux-x86_64