CRAN Package Check Results for Package lpSolveAPI

Last updated on 2015-01-30 03:49:06.

Flavor Version Tinstall Tcheck Ttotal Status Flags
r-devel-linux-x86_64-debian-clang 5.5.2.0-14 11.80 15.09 26.89 NOTE
r-devel-linux-x86_64-debian-gcc 5.5.2.0-14 19.00 14.96 33.96 NOTE
r-devel-linux-x86_64-fedora-clang 5.5.2.0-14 55.58 NOTE
r-devel-linux-x86_64-fedora-gcc 5.5.2.0-14 60.74 NOTE
r-devel-osx-x86_64-clang 5.5.2.0-14 48.07 NOTE
r-devel-windows-ix86+x86_64 5.5.2.0-14 101.00 34.00 135.00 OK
r-patched-linux-x86_64 5.5.2.0-14 19.41 15.42 34.83 OK
r-patched-solaris-sparc 5.5.2.0-14 313.60 OK
r-patched-solaris-x86 5.5.2.0-14 92.60 OK
r-release-linux-ix86 5.5.2.0-14 22.42 21.87 44.28 OK
r-release-linux-x86_64 5.5.2.0-14 19.06 15.42 34.48 OK
r-release-osx-x86_64-mavericks 5.5.2.0-14 OK
r-release-osx-x86_64-snowleopard 5.5.2.0-14 OK
r-release-windows-ix86+x86_64 5.5.2.0-14 62.00 34.00 96.00 OK
r-oldrel-windows-ix86+x86_64 5.5.2.0-14 64.00 36.00 100.00 OK

Memtest notes: valgrind

Check Details

Version: 5.5.2.0-14
Check: S3 generic/method consistency
Result: NOTE
    Found the following apparent S3 methods exported but not registered:
     dim<-.lpExtPtr dimnames<-.lpExtPtr
    See section ‘Registering S3 methods’ in the ‘Writing R Extensions’
    manual.
Flavors: r-devel-linux-x86_64-debian-clang, r-devel-linux-x86_64-debian-gcc, r-devel-linux-x86_64-fedora-clang, r-devel-linux-x86_64-fedora-gcc, r-devel-osx-x86_64-clang