CRAN Package Check Results for Package lpSolveAPI

Last updated on 2015-07-31 18:48:23.

Flavor Version Tinstall Tcheck Ttotal Status Flags
r-devel-linux-x86_64-debian-clang 5.5.2.0-14 13.15 14.66 27.80 NOTE
r-devel-linux-x86_64-debian-gcc 5.5.2.0-14 27.02 14.17 41.20 NOTE
r-devel-linux-x86_64-fedora-clang 5.5.2.0-14 53.84 NOTE
r-devel-linux-x86_64-fedora-gcc 5.5.2.0-14 57.94 NOTE
r-devel-osx-x86_64-clang 5.5.2.0-14 45.92 NOTE
r-devel-windows-ix86+x86_64 5.5.2.0-14 87.00 54.00 141.00 NOTE
r-patched-linux-x86_64 5.5.2.0-14 19.11 14.93 34.04 NOTE
r-patched-solaris-sparc 5.5.2.0-14 320.90 NOTE
r-patched-solaris-x86 5.5.2.0-14 86.50 NOTE
r-release-linux-x86_64 5.5.2.0-14 19.00 14.50 33.50 NOTE
r-release-osx-x86_64-mavericks 5.5.2.0-14 OK
r-release-windows-ix86+x86_64 5.5.2.0-14 79.00 38.00 117.00 OK
r-oldrel-windows-ix86+x86_64 5.5.2.0-14 112.00 36.00 148.00 OK

Memtest notes: valgrind

Check Details

Version: 5.5.2.0-14
Check: S3 generic/method consistency
Result: NOTE
    Found the following apparent S3 methods exported but not registered:
     dim<-.lpExtPtr dimnames<-.lpExtPtr
    See section ‘Registering S3 methods’ in the ‘Writing R Extensions’
    manual.
Flavors: r-devel-linux-x86_64-debian-clang, r-devel-linux-x86_64-debian-gcc, r-devel-linux-x86_64-fedora-clang, r-devel-linux-x86_64-fedora-gcc, r-devel-osx-x86_64-clang, r-patched-linux-x86_64, r-patched-solaris-sparc, r-patched-solaris-x86, r-release-linux-x86_64

Version: 5.5.2.0-14
Check: R code for possible problems
Result: NOTE
    plot.lpExtPtr: no visible global function definition for ‘chull’
    plot.lpExtPtr: no visible global function definition for ‘par’
    plot.lpExtPtr: no visible global function definition for ‘plot’
    plot.lpExtPtr: no visible global function definition for ‘polygon’
    plot.lpExtPtr: no visible global function definition for ‘arrows’
    plot.lpExtPtr: no visible global function definition for ‘segments’
    plot.lpExtPtr: no visible global function definition for ‘text’
    Undefined global functions or variables:
     arrows chull par plot polygon segments text
    Consider adding
     importFrom("grDevices", "chull")
     importFrom("graphics", "arrows", "par", "plot", "polygon", "segments",
     "text")
    to your NAMESPACE.
Flavors: r-devel-linux-x86_64-debian-clang, r-devel-linux-x86_64-debian-gcc, r-devel-linux-x86_64-fedora-clang, r-devel-linux-x86_64-fedora-gcc, r-devel-windows-ix86+x86_64