CRAN Package Check Results for Package lpSolveAPI

Last updated on 2018-04-24 04:48:58 CEST.

Flavor Version Tinstall Tcheck Ttotal Status Flags
r-devel-linux-x86_64-debian-clang 5.5.2.0-17 28.42 22.75 51.17 NOTE
r-devel-linux-x86_64-debian-gcc 5.5.2.0-17 21.89 20.66 42.55 NOTE
r-devel-linux-x86_64-fedora-clang 5.5.2.0-17 69.46 NOTE
r-devel-linux-x86_64-fedora-gcc 5.5.2.0-17 64.48 NOTE
r-devel-windows-ix86+x86_64 5.5.2.0-17 165.00 51.00 216.00 OK
r-devel-osx-x86_64 5.5.2.0-17 OK
r-patched-linux-x86_64 5.5.2.0-17 29.70 25.94 55.64 NOTE
r-patched-solaris-x86 5.5.2.0-17 105.70 OK
r-release-linux-x86_64 5.5.2.0-17 29.61 26.02 55.63 NOTE
r-release-windows-ix86+x86_64 5.5.2.0-17 114.00 48.00 162.00 OK
r-release-osx-x86_64 5.5.2.0-17 OK
r-oldrel-windows-ix86+x86_64 5.5.2.0-17 276.00 39.00 315.00 OK

Additional issues

valgrind

Check Details

Version: 5.5.2.0-17
Check: compiled code
Result: NOTE
    File ‘lpSolveAPI/libs/lpSolveAPI.so’:
     Found no call to: ‘R_useDynamicSymbols’
    
    It is good practice to register native routines and to disable symbol
    search.
    
    See ‘Writing portable packages’ in the ‘Writing R Extensions’ manual.
Flavors: r-devel-linux-x86_64-debian-clang, r-devel-linux-x86_64-debian-gcc, r-devel-linux-x86_64-fedora-clang, r-devel-linux-x86_64-fedora-gcc, r-patched-linux-x86_64, r-release-linux-x86_64