CRAN Package Check Results for Package lpSolveAPI

Last updated on 2018-06-24 10:49:22 CEST.

Flavor Version Tinstall Tcheck Ttotal Status Flags
r-devel-linux-x86_64-debian-clang 5.5.2.0-17 27.95 27.22 55.17 NOTE
r-devel-linux-x86_64-debian-gcc 5.5.2.0-17 21.84 21.36 43.20 NOTE
r-devel-linux-x86_64-fedora-clang 5.5.2.0-17 71.06 NOTE
r-devel-linux-x86_64-fedora-gcc 5.5.2.0-17 68.12 NOTE
r-devel-windows-ix86+x86_64 5.5.2.0-17 163.00 55.00 218.00 OK
r-patched-linux-x86_64 5.5.2.0-17 27.57 26.28 53.85 NOTE
r-patched-solaris-x86 5.5.2.0-17 104.10 OK
r-release-linux-x86_64 5.5.2.0-17 28.87 25.87 54.74 NOTE
r-release-windows-ix86+x86_64 5.5.2.0-17 165.00 51.00 216.00 OK
r-release-osx-x86_64 5.5.2.0-17 OK
r-oldrel-windows-ix86+x86_64 5.5.2.0-17 114.00 48.00 162.00 OK
r-oldrel-osx-x86_64 5.5.2.0-17 OK

Additional issues

valgrind

Check Details

Version: 5.5.2.0-17
Check: compiled code
Result: NOTE
    File ‘lpSolveAPI/libs/lpSolveAPI.so’:
     Found no call to: ‘R_useDynamicSymbols’
    
    It is good practice to register native routines and to disable symbol
    search.
    
    See ‘Writing portable packages’ in the ‘Writing R Extensions’ manual.
Flavors: r-devel-linux-x86_64-debian-clang, r-devel-linux-x86_64-debian-gcc, r-devel-linux-x86_64-fedora-clang, r-devel-linux-x86_64-fedora-gcc, r-patched-linux-x86_64, r-release-linux-x86_64