CRAN Package Check Results for Package lpSolveAPI

Last updated on 2017-03-26 11:53:48.

Flavor Version Tinstall Tcheck Ttotal Status Flags
r-devel-linux-x86_64-debian-clang 5.5.2.0-17 20.52 17.79 38.31 NOTE
r-devel-linux-x86_64-debian-gcc 5.5.2.0-17 20.70 18.07 38.77 NOTE
r-devel-linux-x86_64-fedora-clang 5.5.2.0-17 62.73 NOTE --no-stop-on-test-error
r-devel-linux-x86_64-fedora-gcc 5.5.2.0-17 59.07 NOTE --no-stop-on-test-error
r-devel-macos-x86_64-clang 5.5.2.0-17 49.94 NOTE --no-stop-on-test-error
r-devel-windows-ix86+x86_64 5.5.2.0-17 115.00 48.00 163.00 OK
r-patched-linux-x86_64 5.5.2.0-17 18.86 17.12 35.97 NOTE
r-patched-solaris-sparc 5.5.2.0-17 415.70 OK
r-patched-solaris-x86 5.5.2.0-17 102.40 OK
r-release-linux-x86_64 5.5.2.0-17 18.66 15.29 33.95 OK
r-release-osx-x86_64-mavericks 5.5.2.0-17 OK
r-release-windows-ix86+x86_64 5.5.2.0-17 276.00 39.00 315.00 OK
r-oldrel-windows-ix86+x86_64 5.5.2.0-17 304.00 42.00 346.00 OK

Memtest notes: valgrind

Check Details

Version: 5.5.2.0-17
Check: compiled code
Result: NOTE
    File ‘lpSolveAPI/libs/lpSolveAPI.so’:
     Found no call to: ‘R_useDynamicSymbols’
    
    It is good practice to register native routines and to disable symbol
    search.
    
    See ‘Writing portable packages’ in the ‘Writing R Extensions’ manual.
Flavors: r-devel-linux-x86_64-debian-clang, r-devel-linux-x86_64-debian-gcc, r-patched-linux-x86_64

Version: 5.5.2.0-17
Flags: --no-stop-on-test-error
Check: compiled code
Result: NOTE
    File ‘lpSolveAPI/libs/lpSolveAPI.so’:
     Found no call to: ‘R_useDynamicSymbols’
    
    It is good practice to register native routines and to disable symbol
    search.
    
    See ‘Writing portable packages’ in the ‘Writing R Extensions’ manual.
Flavors: r-devel-linux-x86_64-fedora-clang, r-devel-linux-x86_64-fedora-gcc, r-devel-macos-x86_64-clang