CRAN Package Check Results for Package lpSolveAPI

Last updated on 2015-04-27 15:46:36.

Flavor Version Tinstall Tcheck Ttotal Status Flags
r-devel-linux-x86_64-debian-clang 5.5.2.0-14 13.17 15.46 28.62 NOTE
r-devel-linux-x86_64-debian-gcc 5.5.2.0-14 18.97 14.69 33.66 NOTE
r-devel-linux-x86_64-fedora-clang 5.5.2.0-14 56.64 NOTE
r-devel-linux-x86_64-fedora-gcc 5.5.2.0-14 58.80 NOTE
r-devel-osx-x86_64-clang 5.5.2.0-14 47.37 NOTE
r-devel-windows-ix86+x86_64 5.5.2.0-14 83.00 35.00 118.00 OK
r-patched-linux-x86_64 5.5.2.0-14 18.71 15.58 34.28 NOTE
r-patched-solaris-sparc 5.5.2.0-14 325.80 OK
r-patched-solaris-x86 5.5.2.0-14 87.40 NOTE
r-release-linux-x86_64 5.5.2.0-14 18.44 14.62 33.06 NOTE
r-release-osx-x86_64-mavericks 5.5.2.0-14 OK
r-release-osx-x86_64-snowleopard 5.5.2.0-14 OK
r-release-windows-ix86+x86_64 5.5.2.0-14 71.00 37.00 108.00 OK
r-oldrel-windows-ix86+x86_64 5.5.2.0-14 112.00 36.00 148.00 OK

Memtest notes: valgrind

Check Details

Version: 5.5.2.0-14
Check: S3 generic/method consistency
Result: NOTE
    Found the following apparent S3 methods exported but not registered:
     dim<-.lpExtPtr dimnames<-.lpExtPtr
    See section ‘Registering S3 methods’ in the ‘Writing R Extensions’
    manual.
Flavors: r-devel-linux-x86_64-debian-clang, r-devel-linux-x86_64-debian-gcc, r-devel-linux-x86_64-fedora-clang, r-devel-linux-x86_64-fedora-gcc, r-devel-osx-x86_64-clang, r-patched-solaris-x86, r-release-linux-x86_64