CRAN Package Check Results for Package lpSolveAPI

Last updated on 2017-04-23 09:48:31.

Flavor Version Tinstall Tcheck Ttotal Status Flags
r-devel-linux-x86_64-debian-clang 5.5.2.0-17 20.70 17.29 37.99 NOTE
r-devel-linux-x86_64-debian-gcc 5.5.2.0-17 20.32 18.02 38.34 NOTE
r-devel-linux-x86_64-fedora-clang 5.5.2.0-17 63.39 NOTE --no-stop-on-test-error
r-devel-linux-x86_64-fedora-gcc 5.5.2.0-17 60.26 NOTE --no-stop-on-test-error
r-devel-windows-ix86+x86_64 5.5.2.0-17 117.00 45.00 162.00 OK
r-patched-linux-x86_64 5.5.2.0-17 18.91 16.85 35.76 NOTE
r-patched-solaris-sparc 5.5.2.0-17 415.70 OK
r-patched-solaris-x86 5.5.2.0-17 99.40 OK
r-release-linux-x86_64 5.5.2.0-17 18.57 17.40 35.97 NOTE
r-release-windows-ix86+x86_64 5.5.2.0-17 117.00 45.00 162.00 OK
r-release-osx-x86_64 5.5.2.0-17 OK
r-oldrel-windows-ix86+x86_64 5.5.2.0-17 276.00 39.00 315.00 OK
r-oldrel-osx-x86_64 5.5.2.0-17 OK

Memtest notes: valgrind

Check Details

Version: 5.5.2.0-17
Check: compiled code
Result: NOTE
    File ‘lpSolveAPI/libs/lpSolveAPI.so’:
     Found no call to: ‘R_useDynamicSymbols’
    
    It is good practice to register native routines and to disable symbol
    search.
    
    See ‘Writing portable packages’ in the ‘Writing R Extensions’ manual.
Flavors: r-devel-linux-x86_64-debian-clang, r-devel-linux-x86_64-debian-gcc, r-patched-linux-x86_64, r-release-linux-x86_64

Version: 5.5.2.0-17
Flags: --no-stop-on-test-error
Check: compiled code
Result: NOTE
    File ‘lpSolveAPI/libs/lpSolveAPI.so’:
     Found no call to: ‘R_useDynamicSymbols’
    
    It is good practice to register native routines and to disable symbol
    search.
    
    See ‘Writing portable packages’ in the ‘Writing R Extensions’ manual.
Flavors: r-devel-linux-x86_64-fedora-clang, r-devel-linux-x86_64-fedora-gcc