CRAN Package Check Results for Package lpSolveAPI

Last updated on 2015-03-03 11:49:22.

Flavor Version Tinstall Tcheck Ttotal Status Flags
r-devel-linux-x86_64-debian-clang 5.5.2.0-14 11.88 15.03 26.91 NOTE
r-devel-linux-x86_64-debian-gcc 5.5.2.0-14 18.34 14.64 32.98 NOTE
r-devel-linux-x86_64-fedora-clang 5.5.2.0-14 56.07 NOTE
r-devel-linux-x86_64-fedora-gcc 5.5.2.0-14 57.88 NOTE
r-devel-osx-x86_64-clang 5.5.2.0-14 45.56 NOTE
r-devel-windows-ix86+x86_64 5.5.2.0-14 115.00 34.00 149.00 OK
r-patched-linux-x86_64 5.5.2.0-14 18.65 15.73 34.38 OK
r-patched-solaris-sparc 5.5.2.0-14 322.60 OK
r-patched-solaris-x86 5.5.2.0-14 92.30 OK
r-release-linux-ix86 5.5.2.0-14 22.45 22.98 45.43 OK
r-release-linux-x86_64 5.5.2.0-14 18.70 15.77 34.47 OK
r-release-osx-x86_64-mavericks 5.5.2.0-14 OK
r-release-osx-x86_64-snowleopard 5.5.2.0-14 OK
r-release-windows-ix86+x86_64 5.5.2.0-14 62.00 34.00 96.00 OK
r-oldrel-windows-ix86+x86_64 5.5.2.0-14 64.00 36.00 100.00 OK

Memtest notes: valgrind

Check Details

Version: 5.5.2.0-14
Check: S3 generic/method consistency
Result: NOTE
    Found the following apparent S3 methods exported but not registered:
     dim<-.lpExtPtr dimnames<-.lpExtPtr
    See section ‘Registering S3 methods’ in the ‘Writing R Extensions’
    manual.
Flavors: r-devel-linux-x86_64-debian-clang, r-devel-linux-x86_64-debian-gcc, r-devel-linux-x86_64-fedora-clang, r-devel-linux-x86_64-fedora-gcc, r-devel-osx-x86_64-clang