CRAN Package Check Results for Package lpSolveAPI

Last updated on 2014-09-22 03:48:20.

Flavor Version Tinstall Tcheck Ttotal Status Flags
r-devel-linux-x86_64-debian-clang 5.5.2.0-11 11.88 12.99 24.87 ERROR
r-devel-linux-x86_64-debian-gcc 5.5.2.0-11 18.70 15.18 33.87 OK
r-devel-linux-x86_64-fedora-clang 5.5.2.0-11 49.38 ERROR
r-devel-linux-x86_64-fedora-gcc 5.5.2.0-11 59.88 OK
r-devel-osx-x86_64-clang 5.5.2.0-11 51.03 OK
r-devel-windows-ix86+x86_64 5.5.2.0-11 77.00 32.00 109.00 OK
r-patched-linux-x86_64 5.5.2.0-11 18.95 16.82 35.77 OK
r-patched-solaris-sparc 5.5.2.0-11 317.70 OK
r-patched-solaris-x86 5.5.2.0-11 93.20 OK
r-release-linux-ix86 5.5.2.0-11 23.92 23.12 47.04 OK
r-release-linux-x86_64 5.5.2.0-11 18.71 16.25 34.96 OK
r-release-osx-x86_64-mavericks 5.5.2.0-11 OK
r-release-osx-x86_64-snowleopard 5.5.2.0-11 OK
r-release-windows-ix86+x86_64 5.5.2.0-11 106.00 34.00 140.00 OK
r-oldrel-windows-ix86+x86_64 5.5.2.0-11 59.00 34.00 93.00 OK

Check Details

Version: 5.5.2.0-11
Check: tests
Result: ERROR
    Running the tests in ‘tests/lpSolveAPI.R’ failed.
    Last 13 lines of output:
     > vars <- c(0, 0, 30, 0, 0)
     > opt <- -90
     >
     > solve(lp)
     [1] 0
     > solve(mps)
     [1] 0
     > solve(R)
     [1] 0
     >
     > stopifnot(all.equal(get.variables(lp), vars))
     Error: all.equal(get.variables(lp), vars) is not TRUE
     Execution halted
Flavors: r-devel-linux-x86_64-debian-clang, r-devel-linux-x86_64-fedora-clang