CRAN Package Check Results for Package lpSolveAPI

Last updated on 2017-02-20 13:50:58.

Flavor Version Tinstall Tcheck Ttotal Status Flags
r-devel-linux-x86_64-debian-clang 5.5.2.0-17 19.43 16.71 36.14 NOTE
r-devel-linux-x86_64-debian-gcc 5.5.2.0-17 20.32 17.39 37.70 NOTE
r-devel-linux-x86_64-fedora-clang 5.5.2.0-17 62.07 NOTE --no-stop-on-test-error
r-devel-linux-x86_64-fedora-gcc 5.5.2.0-17 61.37 NOTE --no-stop-on-test-error
r-devel-macos-x86_64-clang 5.5.2.0-17 49.55 NOTE --no-stop-on-test-error
r-devel-windows-ix86+x86_64 5.5.2.0-17 120.00 61.00 181.00 OK
r-patched-linux-x86_64 5.5.2.0-17 18.71 14.74 33.45 OK
r-patched-solaris-sparc 5.5.2.0-17 304.10 OK
r-patched-solaris-x86 5.5.2.0-17 88.00 OK
r-release-linux-x86_64 5.5.2.0-17 19.17 14.70 33.87 OK
r-release-osx-x86_64-mavericks 5.5.2.0-17 OK
r-release-windows-ix86+x86_64 5.5.2.0-17 276.00 39.00 315.00 OK
r-oldrel-windows-ix86+x86_64 5.5.2.0-17 304.00 42.00 346.00 OK

Memtest notes: valgrind

Check Details

Version: 5.5.2.0-17
Check: compiled code
Result: NOTE
    File ‘lpSolveAPI/libs/lpSolveAPI.so’:
     Found no call to: ‘R_useDynamicSymbols’
    
    It is good practice to register native routines and to disable symbol
    search.
    
    See ‘Writing portable packages’ in the ‘Writing R Extensions’ manual.
Flavors: r-devel-linux-x86_64-debian-clang, r-devel-linux-x86_64-debian-gcc

Version: 5.5.2.0-17
Flags: --no-stop-on-test-error
Check: compiled code
Result: NOTE
    File ‘lpSolveAPI/libs/lpSolveAPI.so’:
     Found no call to: ‘R_useDynamicSymbols’
    
    It is good practice to register native routines and to disable symbol
    search.
    
    See ‘Writing portable packages’ in the ‘Writing R Extensions’ manual.
Flavors: r-devel-linux-x86_64-fedora-clang, r-devel-linux-x86_64-fedora-gcc, r-devel-macos-x86_64-clang