CRAN Package Check Results for Package lpSolveAPI

Last updated on 2015-06-29 23:46:57.

Flavor Version Tinstall Tcheck Ttotal Status Flags
r-devel-linux-x86_64-debian-clang 5.5.2.0-14 13.05 14.26 27.31 NOTE
r-devel-linux-x86_64-debian-gcc 5.5.2.0-14 19.06 14.16 33.23 NOTE
r-devel-linux-x86_64-fedora-clang 5.5.2.0-14 53.88 NOTE
r-devel-linux-x86_64-fedora-gcc 5.5.2.0-14 58.17 NOTE
r-devel-osx-x86_64-clang 5.5.2.0-14 46.53 NOTE
r-devel-windows-ix86+x86_64 5.5.2.0-14 129.00 48.00 177.00 OK
r-patched-linux-x86_64 5.5.2.0-14 19.64 14.64 34.28 NOTE
r-patched-solaris-sparc 5.5.2.0-14 329.20 NOTE
r-patched-solaris-x86 5.5.2.0-14 87.70 NOTE
r-release-linux-x86_64 5.5.2.0-14 21.29 14.74 36.03 NOTE
r-release-osx-x86_64-mavericks 5.5.2.0-14 OK
r-release-windows-ix86+x86_64 5.5.2.0-14 71.00 37.00 108.00 OK
r-oldrel-windows-ix86+x86_64 5.5.2.0-14 112.00 36.00 148.00 OK

Memtest notes: valgrind

Check Details

Version: 5.5.2.0-14
Check: S3 generic/method consistency
Result: NOTE
    Found the following apparent S3 methods exported but not registered:
     dim<-.lpExtPtr dimnames<-.lpExtPtr
    See section ‘Registering S3 methods’ in the ‘Writing R Extensions’
    manual.
Flavors: r-devel-linux-x86_64-debian-clang, r-devel-linux-x86_64-debian-gcc, r-devel-linux-x86_64-fedora-clang, r-devel-linux-x86_64-fedora-gcc, r-devel-osx-x86_64-clang, r-patched-linux-x86_64, r-patched-solaris-sparc, r-patched-solaris-x86, r-release-linux-x86_64

Version: 5.5.2.0-14
Check: R code for possible problems
Result: NOTE
    plot.lpExtPtr: no visible global function definition for ‘chull’
    plot.lpExtPtr: no visible global function definition for ‘par’
    plot.lpExtPtr: no visible global function definition for ‘plot’
    plot.lpExtPtr: no visible global function definition for ‘polygon’
    plot.lpExtPtr: no visible global function definition for ‘arrows’
    plot.lpExtPtr: no visible global function definition for ‘segments’
    plot.lpExtPtr: no visible global function definition for ‘text’
Flavors: r-devel-linux-x86_64-debian-clang, r-devel-linux-x86_64-debian-gcc