CRAN Package Check Results for Package lpSolveAPI

Last updated on 2014-10-22 23:48:54.

Flavor Version Tinstall Tcheck Ttotal Status Flags
r-devel-linux-x86_64-debian-clang 5.5.2.0-11 12.16 13.20 25.36 ERROR
r-devel-linux-x86_64-debian-gcc 5.5.2.0-11 18.90 15.29 34.19 OK
r-devel-linux-x86_64-fedora-clang 5.5.2.0-11 51.11 ERROR
r-devel-linux-x86_64-fedora-gcc 5.5.2.0-11 60.80 OK
r-devel-osx-x86_64-clang 5.5.2.0-11 47.57 OK
r-devel-windows-ix86+x86_64 5.5.2.0-11 79.00 35.00 114.00 OK
r-patched-linux-x86_64 5.5.2.0-11 18.96 16.13 35.10 OK
r-patched-solaris-sparc 5.5.2.0-11 317.70 OK
r-patched-solaris-x86 5.5.2.0-11 91.80 OK
r-release-linux-ix86 5.5.2.0-11 24.22 23.80 48.02 OK
r-release-linux-x86_64 5.5.2.0-11 19.21 16.18 35.40 OK
r-release-osx-x86_64-mavericks 5.5.2.0-11 OK
r-release-osx-x86_64-snowleopard 5.5.2.0-11 OK
r-release-windows-ix86+x86_64 5.5.2.0-11 106.00 34.00 140.00 OK
r-oldrel-windows-ix86+x86_64 5.5.2.0-11 59.00 34.00 93.00 OK

Check Details

Version: 5.5.2.0-11
Check: tests
Result: ERROR
    Running the tests in ‘tests/lpSolveAPI.R’ failed.
    Last 13 lines of output:
     > vars <- c(0, 0, 30, 0, 0)
     > opt <- -90
     >
     > solve(lp)
     [1] 0
     > solve(mps)
     [1] 0
     > solve(R)
     [1] 0
     >
     > stopifnot(all.equal(get.variables(lp), vars))
     Error: all.equal(get.variables(lp), vars) is not TRUE
     Execution halted
Flavors: r-devel-linux-x86_64-debian-clang, r-devel-linux-x86_64-fedora-clang