CRAN Package Check Results for Package lpSolveAPI

Last updated on 2017-01-16 17:49:18.

Flavor Version Tinstall Tcheck Ttotal Status Flags
r-devel-linux-x86_64-debian-clang 5.5.2.0-17 19.24 16.67 35.91 OK
r-devel-linux-x86_64-debian-gcc 5.5.2.0-17 20.12 16.51 36.62 OK
r-devel-linux-x86_64-fedora-clang 5.5.2.0-17 61.62 OK --no-stop-on-test-error
r-devel-linux-x86_64-fedora-gcc 5.5.2.0-17 60.58 NOTE --no-stop-on-test-error
r-devel-macos-x86_64-clang 5.5.2.0-17 49.05 OK --no-stop-on-test-error
r-devel-windows-ix86+x86_64 5.5.2.0-17 330.00 41.00 371.00 OK
r-patched-linux-x86_64 5.5.2.0-17 18.88 14.43 33.31 OK
r-patched-solaris-sparc 5.5.2.0-17 304.10 OK
r-patched-solaris-x86 5.5.2.0-17 81.40 OK
r-release-linux-x86_64 5.5.2.0-17 18.41 14.99 33.40 OK
r-release-osx-x86_64-mavericks 5.5.2.0-17 OK
r-release-windows-ix86+x86_64 5.5.2.0-17 276.00 39.00 315.00 OK
r-oldrel-windows-ix86+x86_64 5.5.2.0-17 304.00 42.00 346.00 OK

Memtest notes: valgrind

Check Details

Version: 5.5.2.0-17
Flags: --no-stop-on-test-error
Check: compiled code
Result: NOTE
    File ‘lpSolveAPI/libs/lpSolveAPI.so’:
     Found no call to: ‘R_useDynamicSymbols’
    
    It is good practice to use registered native symbols and disable symbol
    search.
    
    See ‘Writing portable packages’ in the ‘Writing R Extensions’ manual.
Flavor: r-devel-linux-x86_64-fedora-gcc