CRAN Package Check Results for Package lpSolveAPI

Last updated on 2017-07-24 01:50:29.

Flavor Version Tinstall Tcheck Ttotal Status Flags
r-devel-linux-x86_64-debian-clang 5.5.2.0-17 20.14 27.56 47.70 NOTE
r-devel-linux-x86_64-debian-gcc 5.5.2.0-17 24.14 27.26 51.40 NOTE
r-devel-linux-x86_64-fedora-clang 5.5.2.0-17 65.09 NOTE
r-devel-linux-x86_64-fedora-gcc 5.5.2.0-17 61.19 NOTE
r-devel-windows-ix86+x86_64 5.5.2.0-17 115.00 47.00 162.00 OK
r-patched-linux-x86_64 5.5.2.0-17 20.19 27.82 48.01 NOTE
r-patched-solaris-x86 5.5.2.0-17 99.60 OK
r-release-linux-x86_64 5.5.2.0-17 20.34 26.80 47.14 NOTE
r-release-windows-ix86+x86_64 5.5.2.0-17 122.00 50.00 172.00 OK
r-release-osx-x86_64 5.5.2.0-17 OK
r-oldrel-windows-ix86+x86_64 5.5.2.0-17 276.00 39.00 315.00 OK
r-oldrel-osx-x86_64 5.5.2.0-17 OK

Additional issues

valgrind

Check Details

Version: 5.5.2.0-17
Check: compiled code
Result: NOTE
    File ‘lpSolveAPI/libs/lpSolveAPI.so’:
     Found no call to: ‘R_useDynamicSymbols’
    
    It is good practice to register native routines and to disable symbol
    search.
    
    See ‘Writing portable packages’ in the ‘Writing R Extensions’ manual.
Flavors: r-devel-linux-x86_64-debian-clang, r-devel-linux-x86_64-debian-gcc, r-devel-linux-x86_64-fedora-clang, r-devel-linux-x86_64-fedora-gcc, r-patched-linux-x86_64, r-release-linux-x86_64