CRAN Package Check Results for Package lpSolveAPI

Last updated on 2017-11-22 22:57:26 CET.

Flavor Version Tinstall Tcheck Ttotal Status Flags
r-devel-linux-x86_64-debian-clang 5.5.2.0-17 19.20 17.21 36.41 NOTE
r-devel-linux-x86_64-debian-gcc 5.5.2.0-17 30.81 40.49 71.29 NOTE
r-devel-linux-x86_64-fedora-clang 5.5.2.0-17 63.30 NOTE
r-devel-linux-x86_64-fedora-gcc 5.5.2.0-17 65.22 NOTE
r-devel-windows-ix86+x86_64 5.5.2.0-17 182.00 48.00 230.00 OK
r-patched-linux-x86_64 5.5.2.0-17 20.85 17.39 38.24 NOTE
r-patched-solaris-x86 5.5.2.0-17 113.80 OK
r-release-linux-x86_64 5.5.2.0-17 20.39 17.64 38.03 NOTE
r-release-windows-ix86+x86_64 5.5.2.0-17 114.00 48.00 162.00 OK
r-release-osx-x86_64 5.5.2.0-17 OK
r-oldrel-windows-ix86+x86_64 5.5.2.0-17 276.00 39.00 315.00 OK
r-oldrel-osx-x86_64 5.5.2.0-17 OK

Additional issues

valgrind

Check Details

Version: 5.5.2.0-17
Check: compiled code
Result: NOTE
    File ‘lpSolveAPI/libs/lpSolveAPI.so’:
     Found no call to: ‘R_useDynamicSymbols’
    
    It is good practice to register native routines and to disable symbol
    search.
    
    See ‘Writing portable packages’ in the ‘Writing R Extensions’ manual.
Flavors: r-devel-linux-x86_64-debian-clang, r-devel-linux-x86_64-debian-gcc, r-devel-linux-x86_64-fedora-clang, r-devel-linux-x86_64-fedora-gcc, r-patched-linux-x86_64, r-release-linux-x86_64