CRAN Package Check Results for Package lpSolveAPI

Last updated on 2017-05-29 23:53:03.

Flavor Version Tinstall Tcheck Ttotal Status Flags
r-devel-linux-x86_64-debian-clang 5.5.2.0-17 20.43 18.44 38.87 NOTE
r-devel-linux-x86_64-debian-gcc 5.5.2.0-17 21.94 18.53 40.47 NOTE
r-devel-linux-x86_64-fedora-clang 5.5.2.0-17 61.15 NOTE
r-devel-linux-x86_64-fedora-gcc 5.5.2.0-17 59.56 NOTE
r-devel-windows-ix86+x86_64 5.5.2.0-17 116.00 60.00 176.00 OK
r-patched-linux-x86_64 5.5.2.0-17 22.94 17.61 40.55 NOTE
r-patched-solaris-sparc 5.5.2.0-17 415.70 OK
r-patched-solaris-x86 5.5.2.0-17 100.40 OK
r-release-linux-x86_64 5.5.2.0-17 19.13 18.34 37.47 NOTE
r-release-windows-ix86+x86_64 5.5.2.0-17 122.00 50.00 172.00 OK
r-release-osx-x86_64 5.5.2.0-17 OK
r-oldrel-windows-ix86+x86_64 5.5.2.0-17 276.00 39.00 315.00 OK
r-oldrel-osx-x86_64 5.5.2.0-17 OK

Additional issues

valgrind

Check Details

Version: 5.5.2.0-17
Check: compiled code
Result: NOTE
    File ‘lpSolveAPI/libs/lpSolveAPI.so’:
     Found no call to: ‘R_useDynamicSymbols’
    
    It is good practice to register native routines and to disable symbol
    search.
    
    See ‘Writing portable packages’ in the ‘Writing R Extensions’ manual.
Flavors: r-devel-linux-x86_64-debian-clang, r-devel-linux-x86_64-debian-gcc, r-devel-linux-x86_64-fedora-clang, r-devel-linux-x86_64-fedora-gcc, r-patched-linux-x86_64, r-release-linux-x86_64