CRAN Package Check Results for Package lpc

Last updated on 2015-01-25 09:51:31.

Flavor Version Tinstall Tcheck Ttotal Status Flags
r-devel-linux-x86_64-debian-clang 1.0.2 0.60 15.90 16.50 OK
r-devel-linux-x86_64-debian-gcc 1.0.2 0.60 15.96 16.55 OK
r-devel-linux-x86_64-fedora-clang 1.0.2 33.81 NOTE
r-devel-linux-x86_64-fedora-gcc 1.0.2 32.63 NOTE
r-devel-osx-x86_64-clang 1.0.2 32.52 NOTE
r-devel-windows-ix86+x86_64 1.0.2 3.00 25.00 28.00 OK
r-patched-linux-x86_64 1.0.2 0.76 16.44 17.20 OK
r-patched-solaris-sparc 1.0.2 199.10 OK
r-patched-solaris-x86 1.0.2 48.30 OK
r-release-linux-ix86 1.0.2 0.92 24.17 25.08 OK
r-release-linux-x86_64 1.0.2 0.62 16.27 16.89 OK
r-release-osx-x86_64-mavericks 1.0.2 OK
r-release-osx-x86_64-snowleopard 1.0.2 OK
r-release-windows-ix86+x86_64 1.0.2 2.00 28.00 30.00 OK
r-oldrel-windows-ix86+x86_64 1.0.2 2.00 28.00 30.00 OK

Check Details

Version: 1.0.2
Check: S3 generic/method consistency
Result: NOTE
    Found the following apparent S3 methods exported but not registered:
     print.lpcfdrobj print.lpcobj print.tfdrobj
    See section ‘Registering S3 methods’ in the ‘Writing R Extensions’
    manual.
Flavors: r-devel-linux-x86_64-fedora-clang, r-devel-linux-x86_64-fedora-gcc, r-devel-osx-x86_64-clang