CRAN Package Check Results for Package lpc

Last updated on 2016-06-28 14:48:29.

Flavor Version Tinstall Tcheck Ttotal Status Flags
r-devel-linux-x86_64-debian-gcc 1.0.2 0.66 14.83 15.49 NOTE
r-devel-linux-x86_64-fedora-clang 1.0.2 27.10 NOTE
r-devel-linux-x86_64-fedora-gcc 1.0.2 25.05 NOTE
r-devel-osx-x86_64-clang 1.0.2 22.14 NOTE
r-devel-windows-ix86+x86_64 1.0.2 3.00 33.00 36.00 NOTE
r-patched-linux-x86_64 1.0.2 0.79 15.80 16.59 NOTE
r-patched-solaris-sparc 1.0.2 188.60 NOTE
r-patched-solaris-x86 1.0.2 40.10 NOTE
r-release-linux-x86_64 1.0.2 0.56 15.46 16.02 NOTE
r-release-osx-x86_64-mavericks 1.0.2 NOTE
r-release-windows-ix86+x86_64 1.0.2 3.00 41.00 44.00 NOTE
r-oldrel-windows-ix86+x86_64 1.0.2 3.00 24.00 27.00 OK

Check Details

Version: 1.0.2
Check: S3 generic/method consistency
Result: NOTE
    Found the following apparent S3 methods exported but not registered:
     print.lpcfdrobj print.lpcobj print.tfdrobj
    See section ‘Registering S3 methods’ in the ‘Writing R Extensions’
    manual.
Flavors: r-devel-linux-x86_64-debian-gcc, r-devel-linux-x86_64-fedora-clang, r-devel-linux-x86_64-fedora-gcc, r-devel-osx-x86_64-clang, r-patched-linux-x86_64, r-patched-solaris-sparc, r-patched-solaris-x86, r-release-linux-x86_64

Version: 1.0.2
Check: R code for possible problems
Result: NOTE
    EstimateTFDR: no visible global function definition for ‘quantile’
    GetSoftThresh: no visible global function definition for ‘lm’
    LPC: no visible global function definition for ‘lm’
    PlotFDRs: no visible global function definition for ‘quantile’
    PlotFDRs: no visible global function definition for ‘plot’
    PlotFDRs: no visible global function definition for ‘points’
    PlotFDRs: no visible global function definition for ‘legend’
    PredictiveAdvantage: no visible global function definition for ‘par’
    PredictiveAdvantage: no visible global function definition for ‘plot’
    PredictiveAdvantage: no visible global function definition for ‘points’
    PredictiveAdvantage: no visible global function definition for ‘legend’
    Undefined global functions or variables:
     legend lm par plot points quantile
    Consider adding
     importFrom("graphics", "legend", "par", "plot", "points")
     importFrom("stats", "lm", "quantile")
    to your NAMESPACE file.
Flavors: r-devel-linux-x86_64-debian-gcc, r-devel-linux-x86_64-fedora-clang, r-devel-linux-x86_64-fedora-gcc, r-devel-osx-x86_64-clang, r-devel-windows-ix86+x86_64, r-patched-linux-x86_64, r-patched-solaris-sparc, r-patched-solaris-x86, r-release-linux-x86_64, r-release-osx-x86_64-mavericks, r-release-windows-ix86+x86_64