CRAN Package Check Results for Package lpc

Last updated on 2015-07-31 20:47:02.

Flavor Version Tinstall Tcheck Ttotal Status Flags
r-devel-linux-x86_64-debian-clang 1.0.2 0.55 14.98 15.52 NOTE
r-devel-linux-x86_64-debian-gcc 1.0.2 0.74 14.84 15.58 NOTE
r-devel-linux-x86_64-fedora-clang 1.0.2 29.25 NOTE
r-devel-linux-x86_64-fedora-gcc 1.0.2 27.74 NOTE
r-devel-osx-x86_64-clang 1.0.2 26.60 NOTE
r-devel-windows-ix86+x86_64 1.0.2 3.00 36.00 39.00 NOTE
r-patched-linux-x86_64 1.0.2 0.58 15.22 15.80 NOTE
r-patched-solaris-sparc 1.0.2 200.40 NOTE
r-patched-solaris-x86 1.0.2 42.50 NOTE
r-release-linux-x86_64 1.0.2 0.59 15.53 16.12 NOTE
r-release-osx-x86_64-mavericks 1.0.2 OK
r-release-windows-ix86+x86_64 1.0.2 2.00 27.00 29.00 OK
r-oldrel-windows-ix86+x86_64 1.0.2 4.00 27.00 31.00 OK

Check Details

Version: 1.0.2
Check: S3 generic/method consistency
Result: NOTE
    Found the following apparent S3 methods exported but not registered:
     print.lpcfdrobj print.lpcobj print.tfdrobj
    See section ‘Registering S3 methods’ in the ‘Writing R Extensions’
    manual.
Flavors: r-devel-linux-x86_64-debian-clang, r-devel-linux-x86_64-debian-gcc, r-devel-linux-x86_64-fedora-clang, r-devel-linux-x86_64-fedora-gcc, r-devel-osx-x86_64-clang, r-patched-linux-x86_64, r-patched-solaris-sparc, r-patched-solaris-x86, r-release-linux-x86_64

Version: 1.0.2
Check: R code for possible problems
Result: NOTE
    EstimateTFDR: no visible global function definition for ‘quantile’
    GetSoftThresh: no visible global function definition for ‘lm’
    LPC: no visible global function definition for ‘lm’
    PlotFDRs: no visible global function definition for ‘quantile’
    PlotFDRs: no visible global function definition for ‘plot’
    PlotFDRs: no visible global function definition for ‘points’
    PlotFDRs: no visible global function definition for ‘legend’
    PredictiveAdvantage: no visible global function definition for ‘par’
    PredictiveAdvantage: no visible global function definition for ‘plot’
    PredictiveAdvantage: no visible global function definition for ‘points’
    PredictiveAdvantage: no visible global function definition for ‘legend’
    Undefined global functions or variables:
     legend lm par plot points quantile
    Consider adding
     importFrom("graphics", "legend", "par", "plot", "points")
     importFrom("stats", "lm", "quantile")
    to your NAMESPACE.
Flavors: r-devel-linux-x86_64-debian-clang, r-devel-linux-x86_64-debian-gcc, r-devel-linux-x86_64-fedora-clang, r-devel-linux-x86_64-fedora-gcc, r-devel-windows-ix86+x86_64