CRAN Package Check Results for Package lpc

Last updated on 2015-03-29 05:49:22.

Flavor Version Tinstall Tcheck Ttotal Status Flags
r-devel-linux-x86_64-debian-clang 1.0.2 0.58 15.33 15.91 NOTE
r-devel-linux-x86_64-debian-gcc 1.0.2 0.65 15.80 16.45 NOTE
r-devel-linux-x86_64-fedora-clang 1.0.2 30.27 NOTE
r-devel-linux-x86_64-fedora-gcc 1.0.2 30.52 NOTE
r-devel-osx-x86_64-clang 1.0.2 33.04 NOTE
r-prerel-windows-ix86+x86_64 1.0.2 3.00 25.00 28.00 OK
r-prerel-linux-x86_64 1.0.2 0.57 15.08 15.64 NOTE
r-prerel-solaris-sparc 1.0.2 202.30 OK
r-prerel-solaris-x86 1.0.2 41.60 OK
r-release-linux-x86_64 1.0.2 0.61 16.14 16.74 OK
r-release-osx-x86_64-mavericks 1.0.2 OK
r-release-osx-x86_64-snowleopard 1.0.2 OK
r-release-windows-ix86+x86_64 1.0.2 4.00 27.00 31.00 OK
r-oldrel-windows-ix86+x86_64 1.0.2 2.00 28.00 30.00 OK

Check Details

Version: 1.0.2
Check: S3 generic/method consistency
Result: NOTE
    Found the following apparent S3 methods exported but not registered:
     print.lpcfdrobj print.lpcobj print.tfdrobj
    See section ‘Registering S3 methods’ in the ‘Writing R Extensions’
    manual.
Flavors: r-devel-linux-x86_64-debian-clang, r-devel-linux-x86_64-debian-gcc, r-devel-linux-x86_64-fedora-clang, r-devel-linux-x86_64-fedora-gcc, r-devel-osx-x86_64-clang, r-prerel-linux-x86_64