CRAN Package Check Results for Package lpc

Last updated on 2017-08-17 00:56:24.

Flavor Version Tinstall Tcheck Ttotal Status Flags
r-devel-linux-x86_64-debian-clang 1.0.2 0.64 18.32 18.96 NOTE
r-devel-linux-x86_64-debian-gcc 1.0.2 0.63 17.33 17.97 NOTE
r-devel-linux-x86_64-fedora-clang 1.0.2 30.70 NOTE
r-devel-linux-x86_64-fedora-gcc 1.0.2 26.98 NOTE
r-devel-windows-ix86+x86_64 1.0.2 3.00 33.00 36.00 NOTE
r-patched-linux-x86_64 1.0.2 0.62 17.26 17.89 NOTE
r-patched-solaris-x86 1.0.2 45.80 NOTE
r-release-linux-x86_64 1.0.2 0.64 16.52 17.16 NOTE
r-release-windows-ix86+x86_64 1.0.2 3.00 36.00 39.00 NOTE
r-release-osx-x86_64 1.0.2 NOTE
r-oldrel-windows-ix86+x86_64 1.0.2 2.00 33.00 35.00 NOTE
r-oldrel-osx-x86_64 1.0.2 NOTE

Check Details

Version: 1.0.2
Check: S3 generic/method consistency
Result: NOTE
    Found the following apparent S3 methods exported but not registered:
     print.lpcfdrobj print.lpcobj print.tfdrobj
    See section ‘Registering S3 methods’ in the ‘Writing R Extensions’
    manual.
Flavors: r-devel-linux-x86_64-debian-clang, r-devel-linux-x86_64-debian-gcc, r-devel-linux-x86_64-fedora-clang, r-devel-linux-x86_64-fedora-gcc, r-patched-linux-x86_64, r-patched-solaris-x86, r-release-linux-x86_64

Version: 1.0.2
Check: R code for possible problems
Result: NOTE
    EstimateTFDR: no visible global function definition for ‘quantile’
    GetSoftThresh: no visible global function definition for ‘lm’
    LPC: no visible global function definition for ‘lm’
    PlotFDRs: no visible global function definition for ‘quantile’
    PlotFDRs: no visible global function definition for ‘plot’
    PlotFDRs: no visible global function definition for ‘points’
    PlotFDRs: no visible global function definition for ‘legend’
    PredictiveAdvantage: no visible global function definition for ‘par’
    PredictiveAdvantage: no visible global function definition for ‘plot’
    PredictiveAdvantage: no visible global function definition for ‘points’
    PredictiveAdvantage: no visible global function definition for ‘legend’
    Undefined global functions or variables:
     legend lm par plot points quantile
    Consider adding
     importFrom("graphics", "legend", "par", "plot", "points")
     importFrom("stats", "lm", "quantile")
    to your NAMESPACE file.
Flavors: r-devel-linux-x86_64-debian-clang, r-devel-linux-x86_64-debian-gcc, r-devel-linux-x86_64-fedora-clang, r-devel-linux-x86_64-fedora-gcc, r-devel-windows-ix86+x86_64, r-patched-linux-x86_64, r-patched-solaris-x86, r-release-linux-x86_64, r-release-windows-ix86+x86_64, r-release-osx-x86_64, r-oldrel-windows-ix86+x86_64, r-oldrel-osx-x86_64