CRAN Package Check Results for Package lpc

Last updated on 2015-05-28 17:47:51.

Flavor Version Tinstall Tcheck Ttotal Status Flags
r-devel-linux-x86_64-debian-clang 1.0.2 0.72 15.52 16.24 NOTE
r-devel-linux-x86_64-debian-gcc 1.0.2 0.64 15.64 16.28 NOTE
r-devel-linux-x86_64-fedora-clang 1.0.2 32.02 NOTE
r-devel-linux-x86_64-fedora-gcc 1.0.2 28.03 NOTE
r-devel-osx-x86_64-clang 1.0.2 29.64 NOTE
r-devel-windows-ix86+x86_64 1.0.2 2.00 24.00 26.00 OK
r-patched-linux-x86_64 1.0.2 0.57 15.43 16.00 NOTE
r-patched-solaris-sparc 1.0.2 201.00 NOTE
r-patched-solaris-x86 1.0.2 42.50 NOTE
r-release-linux-x86_64 1.0.2 0.74 15.48 16.22 NOTE
r-release-osx-x86_64-mavericks 1.0.2 OK
r-release-osx-x86_64-snowleopard 1.0.2 OK
r-release-windows-ix86+x86_64 1.0.2 2.00 28.00 30.00 OK
r-oldrel-windows-ix86+x86_64 1.0.2 4.00 27.00 31.00 OK

Check Details

Version: 1.0.2
Check: S3 generic/method consistency
Result: NOTE
    Found the following apparent S3 methods exported but not registered:
     print.lpcfdrobj print.lpcobj print.tfdrobj
    See section ‘Registering S3 methods’ in the ‘Writing R Extensions’
    manual.
Flavors: r-devel-linux-x86_64-debian-clang, r-devel-linux-x86_64-debian-gcc, r-devel-linux-x86_64-fedora-clang, r-devel-linux-x86_64-fedora-gcc, r-devel-osx-x86_64-clang, r-patched-linux-x86_64, r-patched-solaris-sparc, r-patched-solaris-x86, r-release-linux-x86_64