CRAN Package Check Results for Package lpirfs

Last updated on 2020-01-21 17:49:19 CET.

Flavor Version Tinstall Tcheck Ttotal Status Flags
r-devel-linux-x86_64-debian-clang 0.1.7 129.64 177.76 307.40 OK
r-devel-linux-x86_64-debian-gcc 0.1.7 85.01 126.91 211.92 OK
r-devel-linux-x86_64-fedora-clang 0.1.7 384.21 NOTE
r-devel-linux-x86_64-fedora-gcc 0.1.7 360.45 OK
r-devel-windows-ix86+x86_64 0.1.7 307.00 611.00 918.00 OK
r-devel-windows-ix86+x86_64-gcc8 0.1.7 344.00 437.00 781.00 OK
r-patched-linux-x86_64 0.1.7 93.27 149.02 242.29 OK
r-patched-solaris-x86 0.1.7 556.80 OK
r-release-linux-x86_64 0.1.7 100.83 148.36 249.19 OK
r-release-windows-ix86+x86_64 0.1.7 226.00 542.00 768.00 OK
r-release-osx-x86_64 0.1.7 OK
r-oldrel-windows-ix86+x86_64 0.1.7 216.00 367.00 583.00 OK
r-oldrel-osx-x86_64 0.1.7 OK

Check Details

Version: 0.1.7
Check: installed package size
Result: NOTE
     installed size is 5.7Mb
     sub-directories of 1Mb or more:
     libs 4.1Mb
Flavor: r-devel-linux-x86_64-fedora-clang