CRAN Package Check Results for Package lpirfs

Last updated on 2019-11-18 03:47:46 CET.

Flavor Version Tinstall Tcheck Ttotal Status Flags
r-devel-linux-x86_64-debian-clang 0.1.6 115.39 167.80 283.19 OK
r-devel-linux-x86_64-debian-gcc 0.1.6 89.76 129.06 218.82 OK
r-devel-linux-x86_64-fedora-clang 0.1.6 357.42 NOTE
r-devel-linux-x86_64-fedora-gcc 0.1.6 331.97 NOTE
r-devel-windows-ix86+x86_64 0.1.6 318.00 466.00 784.00 OK
r-patched-linux-x86_64 0.1.6 97.12 154.50 251.62 OK
r-patched-solaris-x86 0.1.6 96.00 ERROR
r-release-linux-x86_64 0.1.6 100.18 155.45 255.63 OK
r-release-windows-ix86+x86_64 0.1.6 220.00 644.00 864.00 OK
r-release-osx-x86_64 0.1.6 NOTE
r-oldrel-windows-ix86+x86_64 0.1.6 222.00 394.00 616.00 OK
r-oldrel-osx-x86_64 0.1.6 NOTE

Check Details

Version: 0.1.6
Check: installed package size
Result: NOTE
     installed size is 5.7Mb
     sub-directories of 1Mb or more:
     libs 4.1Mb
Flavor: r-devel-linux-x86_64-fedora-clang

Version: 0.1.6
Check: dependencies in R code
Result: NOTE
    Namespace in Imports field not imported from: ‘ggpubr’
     All declared Imports should be used.
Flavors: r-devel-linux-x86_64-fedora-clang, r-devel-linux-x86_64-fedora-gcc, r-release-osx-x86_64, r-oldrel-osx-x86_64

Version: 0.1.6
Check: whether package can be installed
Result: ERROR
    Installation failed.
Flavor: r-patched-solaris-x86