CRAN Package Check Results for Package lpirfs

Last updated on 2020-08-09 16:47:59 CEST.

Flavor Version Tinstall Tcheck Ttotal Status Flags
r-devel-linux-x86_64-debian-clang 0.1.9 142.62 200.16 342.78 OK
r-devel-linux-x86_64-debian-gcc 0.1.9 103.82 144.28 248.10 OK
r-devel-linux-x86_64-fedora-clang 0.1.9 428.09 NOTE
r-devel-linux-x86_64-fedora-gcc 0.1.9 402.51 OK
r-devel-windows-ix86+x86_64 0.1.9 298.00 722.00 1020.00 OK
r-patched-linux-x86_64 0.1.9 84.74 188.93 273.67 OK
r-patched-solaris-x86 0.1.9 678.20 OK
r-release-linux-x86_64 0.1.9 91.46 188.55 280.01 OK
r-release-macos-x86_64 0.1.9 OK
r-release-windows-ix86+x86_64 0.1.9 139.00 9.00 148.00 ERROR
r-oldrel-macos-x86_64 0.1.9 OK
r-oldrel-windows-ix86+x86_64 0.1.9 225.00 475.00 700.00 OK

Check Details

Version: 0.1.9
Check: installed package size
Result: NOTE
     installed size is 6.6Mb
     sub-directories of 1Mb or more:
     libs 5.1Mb
Flavor: r-devel-linux-x86_64-fedora-clang

Version: 0.1.9
Check: whether package can be installed
Result: ERROR
    Installation failed.
Flavor: r-release-windows-ix86+x86_64